{"id":1459,"date":"2020-05-28T09:57:10","date_gmt":"2020-05-28T09:57:10","guid":{"rendered":"https:\/\/shop.merolution.de\/index.php\/product\/leihgebuehr-biercase-mit-spuele-03-tage\/"},"modified":"2020-05-28T09:57:10","modified_gmt":"2020-05-28T09:57:10","slug":"leihgebuehr-biercase-mit-spuele-03-tage","status":"publish","type":"product","link":"https:\/\/shop.merolution.de\/index.php\/product\/leihgebuehr-biercase-mit-spuele-03-tage\/","title":{"rendered":"Leihgeb\u00fchr BierCase mit Sp\u00fcle &#8211; 03 Tage"},"content":{"rendered":"<p>Geb\u00fchr f\u00fcr 03 Tage &#8211; rollbarer Bierausschank mit Unterthekendurchlaufk\u00fchler, einleitigem Zapfhahn, Edelstahlsp\u00fclbecken, Sp\u00fclb\u00fcrste, Abwasserschlauch (ca. 2 Meter) und ausklappbarem Tresen. Frischwasseranschluss: GEKA-Kupplung (Frischwasserschlauch nicht im Lieferumfang enthalten) &#8211; Sowohl bei Lieferung und R\u00fcckholung als auch bei Selbstabholung und Selbstr\u00fcckgabe von Leihm\u00f6beln wird eine Extra Geb\u00fchr f\u00e4llig. Diese Geb\u00fchr erm\u00f6glicht gleichzeitig den Erwerb von Getr\u00e4nken auf Kommission (also mit R\u00fcckgaberecht) Siehe Rubrik Dienstleistungen: &#8222;Kommissionsgeb\u00fchr mit Leihm\u00f6beln&#8220;. (Abb. \u00e4hnlich) Farbe wei\u00df<\/p>\n","protected":false},"excerpt":{"rendered":"<p>Geb\u00fchr f\u00fcr 03 Tage &#8211; rollbarer Bierausschank mit Unterthekendurchlaufk\u00fchler, einleitigem Zapfhahn, Edelstahlsp\u00fclbecken, Sp\u00fclb\u00fcrste, Abwasserschlauch (ca. 2 Meter) und ausklappbarem Tresen. Frischwasseranschluss: GEKA-Kupplung (Frischwasserschlauch nicht im Lieferumfang enthalten) &#8211; Sowohl bei Lieferung und R\u00fcckholung als auch bei Selbstabholung und Selbstr\u00fcckgabe von Leihm\u00f6beln wird eine Extra Geb\u00fchr f\u00e4llig. Diese Geb\u00fchr erm\u00f6glicht gleichzeitig den Erwerb von Getr\u00e4nken auf Kommission (also mit R\u00fcckgaberecht) Siehe Rubrik Dienstleistungen: &#8222;Kommissionsgeb\u00fchr mit Leihm\u00f6beln&#8220;. (Abb. \u00e4hnlich) Farbe wei\u00df<\/p>\n","protected":false},"featured_media":1460,"comment_status":"open","ping_status":"closed","template":"","meta":[],"product_cat":[48],"product_tag":[],"yoast_head":"<!-- This site is optimized with the Yoast SEO plugin v19.14 - https:\/\/yoast.com\/wordpress\/plugins\/seo\/ -->\n<title>Leihgeb\u00fchr BierCase mit Sp\u00fcle - 03 Tage - Getr\u00e4nke Schl\u00fcter Onlineshop<\/title>\n<meta name=\"robots\" content=\"noindex, follow, max-snippet:-1, max-image-preview:large, max-video-preview:-1\" \/>\n<meta property=\"og:locale\" content=\"de_DE\" \/>\n<meta property=\"og:type\" content=\"article\" \/>\n<meta property=\"og:title\" content=\"Leihgeb\u00fchr BierCase mit Sp\u00fcle - 03 Tage - Getr\u00e4nke Schl\u00fcter Onlineshop\" \/>\n<meta property=\"og:description\" content=\"Geb\u00fchr f\u00fcr 03 Tage - rollbarer Bierausschank mit Unterthekendurchlaufk\u00fchler, einleitigem Zapfhahn, Edelstahlsp\u00fclbecken, Sp\u00fclb\u00fcrste, Abwasserschlauch (ca. 2 Meter) und ausklappbarem Tresen. Frischwasseranschluss: GEKA-Kupplung (Frischwasserschlauch nicht im Lieferumfang enthalten) - Sowohl bei Lieferung und R\u00fcckholung als auch bei Selbstabholung und Selbstr\u00fcckgabe von Leihm\u00f6beln wird eine Extra Geb\u00fchr f\u00e4llig. Diese Geb\u00fchr erm\u00f6glicht gleichzeitig den Erwerb von Getr\u00e4nken auf Kommission (also mit R\u00fcckgaberecht) Siehe Rubrik Dienstleistungen: &quot;Kommissionsgeb\u00fchr mit Leihm\u00f6beln&quot;. (Abb. \u00e4hnlich) Farbe wei\u00df\" \/>\n<meta property=\"og:url\" content=\"https:\/\/shop.merolution.de\/index.php\/product\/leihgebuehr-biercase-mit-spuele-03-tage\/\" \/>\n<meta property=\"og:site_name\" content=\"Getr\u00e4nke Schl\u00fcter Onlineshop\" \/>\n<meta property=\"og:image\" content=\"https:\/\/shop.merolution.de\/wp-content\/uploads\/2020\/05\/biercase.jpg\" \/>\n\t<meta property=\"og:image:width\" content=\"150\" \/>\n\t<meta property=\"og:image:height\" content=\"150\" \/>\n\t<meta property=\"og:image:type\" content=\"image\/jpeg\" \/>\n<meta name=\"twitter:card\" content=\"summary_large_image\" \/>\n<script type=\"application\/ld+json\" class=\"yoast-schema-graph\">{\"@context\":\"https:\/\/schema.org\",\"@graph\":[{\"@type\":\"WebPage\",\"@id\":\"https:\/\/shop.merolution.de\/index.php\/product\/leihgebuehr-biercase-mit-spuele-03-tage\/\",\"url\":\"https:\/\/shop.merolution.de\/index.php\/product\/leihgebuehr-biercase-mit-spuele-03-tage\/\",\"name\":\"Leihgeb\u00fchr BierCase mit Sp\u00fcle - 03 Tage - Getr\u00e4nke Schl\u00fcter Onlineshop\",\"isPartOf\":{\"@id\":\"https:\/\/shop.merolution.de\/#website\"},\"datePublished\":\"2020-05-28T09:57:10+00:00\",\"dateModified\":\"2020-05-28T09:57:10+00:00\",\"breadcrumb\":{\"@id\":\"https:\/\/shop.merolution.de\/index.php\/product\/leihgebuehr-biercase-mit-spuele-03-tage\/#breadcrumb\"},\"inLanguage\":\"de\",\"potentialAction\":[{\"@type\":\"ReadAction\",\"target\":[\"https:\/\/shop.merolution.de\/index.php\/product\/leihgebuehr-biercase-mit-spuele-03-tage\/\"]}]},{\"@type\":\"BreadcrumbList\",\"@id\":\"https:\/\/shop.merolution.de\/index.php\/product\/leihgebuehr-biercase-mit-spuele-03-tage\/#breadcrumb\",\"itemListElement\":[{\"@type\":\"ListItem\",\"position\":1,\"name\":\"Home\",\"item\":\"https:\/\/shop.merolution.de\/\"},{\"@type\":\"ListItem\",\"position\":2,\"name\":\"Shop\",\"item\":\"https:\/\/shop.merolution.de\/\"},{\"@type\":\"ListItem\",\"position\":3,\"name\":\"Leihgeb\u00fchr BierCase mit Sp\u00fcle &#8211; 03 Tage\"}]},{\"@type\":\"WebSite\",\"@id\":\"https:\/\/shop.merolution.de\/#website\",\"url\":\"https:\/\/shop.merolution.de\/\",\"name\":\"Getr\u00e4nke Schl\u00fcter Onlineshop\",\"description\":\"Ihr Getr\u00e4nke-Partner in Hannover\",\"potentialAction\":[{\"@type\":\"SearchAction\",\"target\":{\"@type\":\"EntryPoint\",\"urlTemplate\":\"https:\/\/shop.merolution.de\/?s={search_term_string}\"},\"query-input\":\"required name=search_term_string\"}],\"inLanguage\":\"de\"}]}<\/script>\n<!-- \/ Yoast SEO plugin. -->","yoast_head_json":{"title":"Leihgeb\u00fchr BierCase mit Sp\u00fcle - 03 Tage - Getr\u00e4nke Schl\u00fcter Onlineshop","robots":{"index":"noindex","follow":"follow","max-snippet":"max-snippet:-1","max-image-preview":"max-image-preview:large","max-video-preview":"max-video-preview:-1"},"og_locale":"de_DE","og_type":"article","og_title":"Leihgeb\u00fchr BierCase mit Sp\u00fcle - 03 Tage - Getr\u00e4nke Schl\u00fcter Onlineshop","og_description":"Geb\u00fchr f\u00fcr 03 Tage - rollbarer Bierausschank mit Unterthekendurchlaufk\u00fchler, einleitigem Zapfhahn, Edelstahlsp\u00fclbecken, Sp\u00fclb\u00fcrste, Abwasserschlauch (ca. 2 Meter) und ausklappbarem Tresen. Frischwasseranschluss: GEKA-Kupplung (Frischwasserschlauch nicht im Lieferumfang enthalten) - Sowohl bei Lieferung und R\u00fcckholung als auch bei Selbstabholung und Selbstr\u00fcckgabe von Leihm\u00f6beln wird eine Extra Geb\u00fchr f\u00e4llig. Diese Geb\u00fchr erm\u00f6glicht gleichzeitig den Erwerb von Getr\u00e4nken auf Kommission (also mit R\u00fcckgaberecht) Siehe Rubrik Dienstleistungen: \"Kommissionsgeb\u00fchr mit Leihm\u00f6beln\". (Abb. \u00e4hnlich) Farbe wei\u00df","og_url":"https:\/\/shop.merolution.de\/index.php\/product\/leihgebuehr-biercase-mit-spuele-03-tage\/","og_site_name":"Getr\u00e4nke Schl\u00fcter Onlineshop","og_image":[{"width":150,"height":150,"url":"https:\/\/shop.merolution.de\/wp-content\/uploads\/2020\/05\/biercase.jpg","type":"image\/jpeg"}],"twitter_card":"summary_large_image","schema":{"@context":"https:\/\/schema.org","@graph":[{"@type":"WebPage","@id":"https:\/\/shop.merolution.de\/index.php\/product\/leihgebuehr-biercase-mit-spuele-03-tage\/","url":"https:\/\/shop.merolution.de\/index.php\/product\/leihgebuehr-biercase-mit-spuele-03-tage\/","name":"Leihgeb\u00fchr BierCase mit Sp\u00fcle - 03 Tage - Getr\u00e4nke Schl\u00fcter Onlineshop","isPartOf":{"@id":"https:\/\/shop.merolution.de\/#website"},"datePublished":"2020-05-28T09:57:10+00:00","dateModified":"2020-05-28T09:57:10+00:00","breadcrumb":{"@id":"https:\/\/shop.merolution.de\/index.php\/product\/leihgebuehr-biercase-mit-spuele-03-tage\/#breadcrumb"},"inLanguage":"de","potentialAction":[{"@type":"ReadAction","target":["https:\/\/shop.merolution.de\/index.php\/product\/leihgebuehr-biercase-mit-spuele-03-tage\/"]}]},{"@type":"BreadcrumbList","@id":"https:\/\/shop.merolution.de\/index.php\/product\/leihgebuehr-biercase-mit-spuele-03-tage\/#breadcrumb","itemListElement":[{"@type":"ListItem","position":1,"name":"Home","item":"https:\/\/shop.merolution.de\/"},{"@type":"ListItem","position":2,"name":"Shop","item":"https:\/\/shop.merolution.de\/"},{"@type":"ListItem","position":3,"name":"Leihgeb\u00fchr BierCase mit Sp\u00fcle &#8211; 03 Tage"}]},{"@type":"WebSite","@id":"https:\/\/shop.merolution.de\/#website","url":"https:\/\/shop.merolution.de\/","name":"Getr\u00e4nke Schl\u00fcter Onlineshop","description":"Ihr Getr\u00e4nke-Partner in Hannover","potentialAction":[{"@type":"SearchAction","target":{"@type":"EntryPoint","urlTemplate":"https:\/\/shop.merolution.de\/?s={search_term_string}"},"query-input":"required name=search_term_string"}],"inLanguage":"de"}]}},"_links":{"self":[{"href":"https:\/\/shop.merolution.de\/index.php\/wp-json\/wp\/v2\/product\/1459"}],"collection":[{"href":"https:\/\/shop.merolution.de\/index.php\/wp-json\/wp\/v2\/product"}],"about":[{"href":"https:\/\/shop.merolution.de\/index.php\/wp-json\/wp\/v2\/types\/product"}],"replies":[{"embeddable":true,"href":"https:\/\/shop.merolution.de\/index.php\/wp-json\/wp\/v2\/comments?post=1459"}],"wp:featuredmedia":[{"embeddable":true,"href":"https:\/\/shop.merolution.de\/index.php\/wp-json\/wp\/v2\/media\/1460"}],"wp:attachment":[{"href":"https:\/\/shop.merolution.de\/index.php\/wp-json\/wp\/v2\/media?parent=1459"}],"wp:term":[{"taxonomy":"product_cat","embeddable":true,"href":"https:\/\/shop.merolution.de\/index.php\/wp-json\/wp\/v2\/product_cat?post=1459"},{"taxonomy":"product_tag","embeddable":true,"href":"https:\/\/shop.merolution.de\/index.php\/wp-json\/wp\/v2\/product_tag?post=1459"}],"curies":[{"name":"wp","href":"https:\/\/api.w.org\/{rel}","templated":true}]}}