{"id":1646,"date":"2020-05-28T09:57:36","date_gmt":"2020-05-28T09:57:36","guid":{"rendered":"https:\/\/shop.merolution.de\/index.php\/product\/vita-100-cola-original-pet\/"},"modified":"2020-05-28T09:57:36","modified_gmt":"2020-05-28T09:57:36","slug":"vita-100-cola-original-pet","status":"publish","type":"product","link":"https:\/\/shop.merolution.de\/index.php\/product\/vita-100-cola-original-pet\/","title":{"rendered":"Vita 1,00 Cola Original PET"},"content":{"rendered":"<p>12\/1,00 PET MehrwegVita Cola Original. Mit dem Citrus-Kick.Erfolgreich und einzigartig:VITA COLA hebt sich ganz bewusst im Geschmackvon allen anderen Cola-Getr\u00e4nken ab. Mit ihrem typischenCitrus-Kick schmeckt sie nicht so s\u00fc\u00df und ist damitwild-erfrischend und richtig lecker.Koffeinhaltiges Erfrischungsgetr\u00e4nkmit Vitamin C.Inhalt: Nat\u00fcrliches Mineralwasser, Zucker, Kohlens\u00e4ure, S\u00e4uerungsmitttel (E270, Citronens\u00e4ure, Phosphors\u00e4ure), Farbstoff E150d, nat\u00fcrliches Aroma, Vitamin C, Aroma: Koffein.<\/p>\n","protected":false},"excerpt":{"rendered":"<p>12\/1,00 PET Mehrweg Vita Cola Original. Mit dem Citrus-Kick.Erfolgreich und einzigartig:VITA COLA hebt sich ganz bewusst im Geschmackvon allen anderen Cola-Getr\u00e4nken ab. Mit ihrem typischenCitrus-Kick schmeckt sie nicht so s\u00fc\u00df und ist damitwild-erfrischend und richtig lecker.Koffeinhaltiges Erfrischungsgetr\u00e4nkmit Vitamin C.<\/p>\n","protected":false},"featured_media":1647,"comment_status":"open","ping_status":"closed","template":"","meta":[],"product_cat":[49],"product_tag":[],"yoast_head":"<!-- This site is optimized with the Yoast SEO plugin v19.14 - https:\/\/yoast.com\/wordpress\/plugins\/seo\/ -->\n<title>Vita 1,00 Cola Original PET - Getr\u00e4nke Schl\u00fcter Onlineshop<\/title>\n<meta name=\"robots\" content=\"noindex, follow, max-snippet:-1, max-image-preview:large, max-video-preview:-1\" \/>\n<meta property=\"og:locale\" content=\"de_DE\" \/>\n<meta property=\"og:type\" content=\"article\" \/>\n<meta property=\"og:title\" content=\"Vita 1,00 Cola Original PET - Getr\u00e4nke Schl\u00fcter Onlineshop\" \/>\n<meta property=\"og:description\" content=\"12\/1,00 PET Mehrweg Vita Cola Original. Mit dem Citrus-Kick.Erfolgreich und einzigartig:VITA COLA hebt sich ganz bewusst im Geschmackvon allen anderen Cola-Getr\u00e4nken ab. Mit ihrem typischenCitrus-Kick schmeckt sie nicht so s\u00fc\u00df und ist damitwild-erfrischend und richtig lecker.Koffeinhaltiges Erfrischungsgetr\u00e4nkmit Vitamin C.\" \/>\n<meta property=\"og:url\" content=\"https:\/\/shop.merolution.de\/index.php\/product\/vita-100-cola-original-pet\/\" \/>\n<meta property=\"og:site_name\" content=\"Getr\u00e4nke Schl\u00fcter Onlineshop\" \/>\n<meta property=\"og:image\" content=\"https:\/\/shop.merolution.de\/wp-content\/uploads\/2020\/05\/1426aPic1S1369626884_zz_Vita-Cola-LOgo-Mini__A__3577.gif\" \/>\n\t<meta property=\"og:image:width\" content=\"100\" \/>\n\t<meta property=\"og:image:height\" content=\"100\" \/>\n\t<meta property=\"og:image:type\" content=\"image\/gif\" \/>\n<meta name=\"twitter:card\" content=\"summary_large_image\" \/>\n<script type=\"application\/ld+json\" class=\"yoast-schema-graph\">{\"@context\":\"https:\/\/schema.org\",\"@graph\":[{\"@type\":\"WebPage\",\"@id\":\"https:\/\/shop.merolution.de\/index.php\/product\/vita-100-cola-original-pet\/\",\"url\":\"https:\/\/shop.merolution.de\/index.php\/product\/vita-100-cola-original-pet\/\",\"name\":\"Vita 1,00 Cola Original PET - Getr\u00e4nke Schl\u00fcter Onlineshop\",\"isPartOf\":{\"@id\":\"https:\/\/shop.merolution.de\/#website\"},\"datePublished\":\"2020-05-28T09:57:36+00:00\",\"dateModified\":\"2020-05-28T09:57:36+00:00\",\"breadcrumb\":{\"@id\":\"https:\/\/shop.merolution.de\/index.php\/product\/vita-100-cola-original-pet\/#breadcrumb\"},\"inLanguage\":\"de\",\"potentialAction\":[{\"@type\":\"ReadAction\",\"target\":[\"https:\/\/shop.merolution.de\/index.php\/product\/vita-100-cola-original-pet\/\"]}]},{\"@type\":\"BreadcrumbList\",\"@id\":\"https:\/\/shop.merolution.de\/index.php\/product\/vita-100-cola-original-pet\/#breadcrumb\",\"itemListElement\":[{\"@type\":\"ListItem\",\"position\":1,\"name\":\"Home\",\"item\":\"https:\/\/shop.merolution.de\/\"},{\"@type\":\"ListItem\",\"position\":2,\"name\":\"Shop\",\"item\":\"https:\/\/shop.merolution.de\/\"},{\"@type\":\"ListItem\",\"position\":3,\"name\":\"Vita 1,00 Cola Original PET\"}]},{\"@type\":\"WebSite\",\"@id\":\"https:\/\/shop.merolution.de\/#website\",\"url\":\"https:\/\/shop.merolution.de\/\",\"name\":\"Getr\u00e4nke Schl\u00fcter Onlineshop\",\"description\":\"Ihr Getr\u00e4nke-Partner in Hannover\",\"potentialAction\":[{\"@type\":\"SearchAction\",\"target\":{\"@type\":\"EntryPoint\",\"urlTemplate\":\"https:\/\/shop.merolution.de\/?s={search_term_string}\"},\"query-input\":\"required name=search_term_string\"}],\"inLanguage\":\"de\"}]}<\/script>\n<!-- \/ Yoast SEO plugin. -->","yoast_head_json":{"title":"Vita 1,00 Cola Original PET - Getr\u00e4nke Schl\u00fcter Onlineshop","robots":{"index":"noindex","follow":"follow","max-snippet":"max-snippet:-1","max-image-preview":"max-image-preview:large","max-video-preview":"max-video-preview:-1"},"og_locale":"de_DE","og_type":"article","og_title":"Vita 1,00 Cola Original PET - Getr\u00e4nke Schl\u00fcter Onlineshop","og_description":"12\/1,00 PET Mehrweg Vita Cola Original. Mit dem Citrus-Kick.Erfolgreich und einzigartig:VITA COLA hebt sich ganz bewusst im Geschmackvon allen anderen Cola-Getr\u00e4nken ab. Mit ihrem typischenCitrus-Kick schmeckt sie nicht so s\u00fc\u00df und ist damitwild-erfrischend und richtig lecker.Koffeinhaltiges Erfrischungsgetr\u00e4nkmit Vitamin C.","og_url":"https:\/\/shop.merolution.de\/index.php\/product\/vita-100-cola-original-pet\/","og_site_name":"Getr\u00e4nke Schl\u00fcter Onlineshop","og_image":[{"width":100,"height":100,"url":"https:\/\/shop.merolution.de\/wp-content\/uploads\/2020\/05\/1426aPic1S1369626884_zz_Vita-Cola-LOgo-Mini__A__3577.gif","type":"image\/gif"}],"twitter_card":"summary_large_image","schema":{"@context":"https:\/\/schema.org","@graph":[{"@type":"WebPage","@id":"https:\/\/shop.merolution.de\/index.php\/product\/vita-100-cola-original-pet\/","url":"https:\/\/shop.merolution.de\/index.php\/product\/vita-100-cola-original-pet\/","name":"Vita 1,00 Cola Original PET - Getr\u00e4nke Schl\u00fcter Onlineshop","isPartOf":{"@id":"https:\/\/shop.merolution.de\/#website"},"datePublished":"2020-05-28T09:57:36+00:00","dateModified":"2020-05-28T09:57:36+00:00","breadcrumb":{"@id":"https:\/\/shop.merolution.de\/index.php\/product\/vita-100-cola-original-pet\/#breadcrumb"},"inLanguage":"de","potentialAction":[{"@type":"ReadAction","target":["https:\/\/shop.merolution.de\/index.php\/product\/vita-100-cola-original-pet\/"]}]},{"@type":"BreadcrumbList","@id":"https:\/\/shop.merolution.de\/index.php\/product\/vita-100-cola-original-pet\/#breadcrumb","itemListElement":[{"@type":"ListItem","position":1,"name":"Home","item":"https:\/\/shop.merolution.de\/"},{"@type":"ListItem","position":2,"name":"Shop","item":"https:\/\/shop.merolution.de\/"},{"@type":"ListItem","position":3,"name":"Vita 1,00 Cola Original PET"}]},{"@type":"WebSite","@id":"https:\/\/shop.merolution.de\/#website","url":"https:\/\/shop.merolution.de\/","name":"Getr\u00e4nke Schl\u00fcter Onlineshop","description":"Ihr Getr\u00e4nke-Partner in Hannover","potentialAction":[{"@type":"SearchAction","target":{"@type":"EntryPoint","urlTemplate":"https:\/\/shop.merolution.de\/?s={search_term_string}"},"query-input":"required name=search_term_string"}],"inLanguage":"de"}]}},"_links":{"self":[{"href":"https:\/\/shop.merolution.de\/index.php\/wp-json\/wp\/v2\/product\/1646"}],"collection":[{"href":"https:\/\/shop.merolution.de\/index.php\/wp-json\/wp\/v2\/product"}],"about":[{"href":"https:\/\/shop.merolution.de\/index.php\/wp-json\/wp\/v2\/types\/product"}],"replies":[{"embeddable":true,"href":"https:\/\/shop.merolution.de\/index.php\/wp-json\/wp\/v2\/comments?post=1646"}],"wp:featuredmedia":[{"embeddable":true,"href":"https:\/\/shop.merolution.de\/index.php\/wp-json\/wp\/v2\/media\/1647"}],"wp:attachment":[{"href":"https:\/\/shop.merolution.de\/index.php\/wp-json\/wp\/v2\/media?parent=1646"}],"wp:term":[{"taxonomy":"product_cat","embeddable":true,"href":"https:\/\/shop.merolution.de\/index.php\/wp-json\/wp\/v2\/product_cat?post=1646"},{"taxonomy":"product_tag","embeddable":true,"href":"https:\/\/shop.merolution.de\/index.php\/wp-json\/wp\/v2\/product_tag?post=1646"}],"curies":[{"name":"wp","href":"https:\/\/api.w.org\/{rel}","templated":true}]}}