{"id":1969,"date":"2020-05-28T09:58:22","date_gmt":"2020-05-28T09:58:22","guid":{"rendered":"https:\/\/shop.merolution.de\/index.php\/product\/contrex-mineralwasser-pet-06-150\/"},"modified":"2020-05-28T09:58:22","modified_gmt":"2020-05-28T09:58:22","slug":"contrex-mineralwasser-pet-06-150","status":"publish","type":"product","link":"https:\/\/shop.merolution.de\/index.php\/product\/contrex-mineralwasser-pet-06-150\/","title":{"rendered":"Contrex Mineralwasser PET &#8211; 06\/1,50"},"content":{"rendered":"<p>06\/1,50 Kiste &#8211; franz\u00f6sisches Mineralwasser Ohne Kohlens\u00e4ure &#8211; das stille nat\u00fcrliche Mineralwasser aus dem Herzen der Vogesen, hat einen hohen Gehalt an Mineralstoffen. 1,5l Contrex decken ca. 87% des t\u00e4glichen Calcium- und ca. 29% des Magnesiumbedarfs. Zudem ist CONTREX natriumarm und kann Sie so bei einer kochsalzarmen Ern\u00e4hrung unterst\u00fctzen &#8211; Kiste Pfand \u0080 3,00 &#8211; Historie: Der Kurort Contrex\u00e9ville liegt direkt in einem 4.000 Hektar gro\u00dfen Naturschutzgebiet aus W\u00e4ldern und Rasen, Tal und See im Herzen der franz. Vogesen. Hier entspringt die Quelle des stillen, nat\u00fcrlichen Mineralwassers CONTREX. Von den 5 Quellen des Ortes ist die \u0084Source Pavillon\u0093 die bedeutenste: Sie ist die einzige, deren Wasser in Flaschen abgef\u00fcllt wird. Pro Tag werden \u00fcber 1.000 Kontrollen durchgef\u00fchrt, um die einmaligen Eigenschaften von CONTREX garantieren zu k\u00f6nnen.Daher wird Contrex\u00e9ville auch \u0084Capitale thermale de la minceur\u0093 (etwa: Hauptstadt des Schlankseins) genannt: Vor ca. zwanzig Jahren begann man sich auf Schlankheitskuren zu spezialisieren. Ern\u00e4hrungsberater, medizinisches Fachpersonal und Sportanimateure k\u00fcmmern sich um das Wohl der G\u00e4ste.<\/p>\n","protected":false},"excerpt":{"rendered":"<p>06\/1,50 Kiste &#8211; franz\u00f6sisches Mineralwasser Ohne Kohlens\u00e4ure &#8211; das stille nat\u00fcrliche Mineralwasser aus dem Herzen der Vogesen, hat einen hohen Gehalt an Mineralstoffen. 1,5l Contrex decken ca. 87% des t\u00e4glichen Calcium- und ca. 29% des Magnesiumbedarfs. Zudem ist CONTREX natriumarm und kann Sie so bei einer kochsalzarmen Ern\u00e4hrung unterst\u00fctzen &#8211; Kiste Pfand \u0080 3,00<\/p>\n","protected":false},"featured_media":1970,"comment_status":"open","ping_status":"closed","template":"","meta":[],"product_cat":[56],"product_tag":[],"yoast_head":"<!-- This site is optimized with the Yoast SEO plugin v19.14 - https:\/\/yoast.com\/wordpress\/plugins\/seo\/ -->\n<title>Contrex Mineralwasser PET - 06\/1,50 - Getr\u00e4nke Schl\u00fcter Onlineshop<\/title>\n<meta name=\"robots\" content=\"noindex, follow, max-snippet:-1, max-image-preview:large, max-video-preview:-1\" \/>\n<meta property=\"og:locale\" content=\"de_DE\" \/>\n<meta property=\"og:type\" content=\"article\" \/>\n<meta property=\"og:title\" content=\"Contrex Mineralwasser PET - 06\/1,50 - Getr\u00e4nke Schl\u00fcter Onlineshop\" \/>\n<meta property=\"og:description\" content=\"06\/1,50 Kiste - franz\u00f6sisches Mineralwasser Ohne Kohlens\u00e4ure - das stille nat\u00fcrliche Mineralwasser aus dem Herzen der Vogesen, hat einen hohen Gehalt an Mineralstoffen. 1,5l Contrex decken ca. 87% des t\u00e4glichen Calcium- und ca. 29% des Magnesiumbedarfs. Zudem ist CONTREX natriumarm und kann Sie so bei einer kochsalzarmen Ern\u00e4hrung unterst\u00fctzen - Kiste Pfand \u0080 3,00\" \/>\n<meta property=\"og:url\" content=\"https:\/\/shop.merolution.de\/index.php\/product\/contrex-mineralwasser-pet-06-150\/\" \/>\n<meta property=\"og:site_name\" content=\"Getr\u00e4nke Schl\u00fcter Onlineshop\" \/>\n<meta property=\"og:image\" content=\"https:\/\/shop.merolution.de\/wp-content\/uploads\/2020\/05\/bottle-4.png\" \/>\n\t<meta property=\"og:image:width\" content=\"135\" \/>\n\t<meta property=\"og:image:height\" content=\"249\" \/>\n\t<meta property=\"og:image:type\" content=\"image\/png\" \/>\n<meta name=\"twitter:card\" content=\"summary_large_image\" \/>\n<meta name=\"twitter:label1\" content=\"Gesch\u00e4tzte Lesezeit\" \/>\n\t<meta name=\"twitter:data1\" content=\"1\u00a0Minute\" \/>\n<script type=\"application\/ld+json\" class=\"yoast-schema-graph\">{\"@context\":\"https:\/\/schema.org\",\"@graph\":[{\"@type\":\"WebPage\",\"@id\":\"https:\/\/shop.merolution.de\/index.php\/product\/contrex-mineralwasser-pet-06-150\/\",\"url\":\"https:\/\/shop.merolution.de\/index.php\/product\/contrex-mineralwasser-pet-06-150\/\",\"name\":\"Contrex Mineralwasser PET - 06\/1,50 - Getr\u00e4nke Schl\u00fcter Onlineshop\",\"isPartOf\":{\"@id\":\"https:\/\/shop.merolution.de\/#website\"},\"datePublished\":\"2020-05-28T09:58:22+00:00\",\"dateModified\":\"2020-05-28T09:58:22+00:00\",\"breadcrumb\":{\"@id\":\"https:\/\/shop.merolution.de\/index.php\/product\/contrex-mineralwasser-pet-06-150\/#breadcrumb\"},\"inLanguage\":\"de\",\"potentialAction\":[{\"@type\":\"ReadAction\",\"target\":[\"https:\/\/shop.merolution.de\/index.php\/product\/contrex-mineralwasser-pet-06-150\/\"]}]},{\"@type\":\"BreadcrumbList\",\"@id\":\"https:\/\/shop.merolution.de\/index.php\/product\/contrex-mineralwasser-pet-06-150\/#breadcrumb\",\"itemListElement\":[{\"@type\":\"ListItem\",\"position\":1,\"name\":\"Home\",\"item\":\"https:\/\/shop.merolution.de\/\"},{\"@type\":\"ListItem\",\"position\":2,\"name\":\"Shop\",\"item\":\"https:\/\/shop.merolution.de\/\"},{\"@type\":\"ListItem\",\"position\":3,\"name\":\"Contrex Mineralwasser PET &#8211; 06\/1,50\"}]},{\"@type\":\"WebSite\",\"@id\":\"https:\/\/shop.merolution.de\/#website\",\"url\":\"https:\/\/shop.merolution.de\/\",\"name\":\"Getr\u00e4nke Schl\u00fcter Onlineshop\",\"description\":\"Ihr Getr\u00e4nke-Partner in Hannover\",\"potentialAction\":[{\"@type\":\"SearchAction\",\"target\":{\"@type\":\"EntryPoint\",\"urlTemplate\":\"https:\/\/shop.merolution.de\/?s={search_term_string}\"},\"query-input\":\"required name=search_term_string\"}],\"inLanguage\":\"de\"}]}<\/script>\n<!-- \/ Yoast SEO plugin. -->","yoast_head_json":{"title":"Contrex Mineralwasser PET - 06\/1,50 - Getr\u00e4nke Schl\u00fcter Onlineshop","robots":{"index":"noindex","follow":"follow","max-snippet":"max-snippet:-1","max-image-preview":"max-image-preview:large","max-video-preview":"max-video-preview:-1"},"og_locale":"de_DE","og_type":"article","og_title":"Contrex Mineralwasser PET - 06\/1,50 - Getr\u00e4nke Schl\u00fcter Onlineshop","og_description":"06\/1,50 Kiste - franz\u00f6sisches Mineralwasser Ohne Kohlens\u00e4ure - das stille nat\u00fcrliche Mineralwasser aus dem Herzen der Vogesen, hat einen hohen Gehalt an Mineralstoffen. 1,5l Contrex decken ca. 87% des t\u00e4glichen Calcium- und ca. 29% des Magnesiumbedarfs. Zudem ist CONTREX natriumarm und kann Sie so bei einer kochsalzarmen Ern\u00e4hrung unterst\u00fctzen - Kiste Pfand \u0080 3,00","og_url":"https:\/\/shop.merolution.de\/index.php\/product\/contrex-mineralwasser-pet-06-150\/","og_site_name":"Getr\u00e4nke Schl\u00fcter Onlineshop","og_image":[{"width":135,"height":249,"url":"https:\/\/shop.merolution.de\/wp-content\/uploads\/2020\/05\/bottle-4.png","type":"image\/png"}],"twitter_card":"summary_large_image","twitter_misc":{"Gesch\u00e4tzte Lesezeit":"1\u00a0Minute"},"schema":{"@context":"https:\/\/schema.org","@graph":[{"@type":"WebPage","@id":"https:\/\/shop.merolution.de\/index.php\/product\/contrex-mineralwasser-pet-06-150\/","url":"https:\/\/shop.merolution.de\/index.php\/product\/contrex-mineralwasser-pet-06-150\/","name":"Contrex Mineralwasser PET - 06\/1,50 - Getr\u00e4nke Schl\u00fcter Onlineshop","isPartOf":{"@id":"https:\/\/shop.merolution.de\/#website"},"datePublished":"2020-05-28T09:58:22+00:00","dateModified":"2020-05-28T09:58:22+00:00","breadcrumb":{"@id":"https:\/\/shop.merolution.de\/index.php\/product\/contrex-mineralwasser-pet-06-150\/#breadcrumb"},"inLanguage":"de","potentialAction":[{"@type":"ReadAction","target":["https:\/\/shop.merolution.de\/index.php\/product\/contrex-mineralwasser-pet-06-150\/"]}]},{"@type":"BreadcrumbList","@id":"https:\/\/shop.merolution.de\/index.php\/product\/contrex-mineralwasser-pet-06-150\/#breadcrumb","itemListElement":[{"@type":"ListItem","position":1,"name":"Home","item":"https:\/\/shop.merolution.de\/"},{"@type":"ListItem","position":2,"name":"Shop","item":"https:\/\/shop.merolution.de\/"},{"@type":"ListItem","position":3,"name":"Contrex Mineralwasser PET &#8211; 06\/1,50"}]},{"@type":"WebSite","@id":"https:\/\/shop.merolution.de\/#website","url":"https:\/\/shop.merolution.de\/","name":"Getr\u00e4nke Schl\u00fcter Onlineshop","description":"Ihr Getr\u00e4nke-Partner in Hannover","potentialAction":[{"@type":"SearchAction","target":{"@type":"EntryPoint","urlTemplate":"https:\/\/shop.merolution.de\/?s={search_term_string}"},"query-input":"required name=search_term_string"}],"inLanguage":"de"}]}},"_links":{"self":[{"href":"https:\/\/shop.merolution.de\/index.php\/wp-json\/wp\/v2\/product\/1969"}],"collection":[{"href":"https:\/\/shop.merolution.de\/index.php\/wp-json\/wp\/v2\/product"}],"about":[{"href":"https:\/\/shop.merolution.de\/index.php\/wp-json\/wp\/v2\/types\/product"}],"replies":[{"embeddable":true,"href":"https:\/\/shop.merolution.de\/index.php\/wp-json\/wp\/v2\/comments?post=1969"}],"wp:featuredmedia":[{"embeddable":true,"href":"https:\/\/shop.merolution.de\/index.php\/wp-json\/wp\/v2\/media\/1970"}],"wp:attachment":[{"href":"https:\/\/shop.merolution.de\/index.php\/wp-json\/wp\/v2\/media?parent=1969"}],"wp:term":[{"taxonomy":"product_cat","embeddable":true,"href":"https:\/\/shop.merolution.de\/index.php\/wp-json\/wp\/v2\/product_cat?post=1969"},{"taxonomy":"product_tag","embeddable":true,"href":"https:\/\/shop.merolution.de\/index.php\/wp-json\/wp\/v2\/product_tag?post=1969"}],"curies":[{"name":"wp","href":"https:\/\/api.w.org\/{rel}","templated":true}]}}