{"id":2135,"date":"2020-05-28T09:58:45","date_gmt":"2020-05-28T09:58:45","guid":{"rendered":"https:\/\/shop.merolution.de\/index.php\/product\/schweppes-020-dry-tonic-water-24-020\/"},"modified":"2020-05-28T09:58:45","modified_gmt":"2020-05-28T09:58:45","slug":"schweppes-020-dry-tonic-water-24-020","status":"publish","type":"product","link":"https:\/\/shop.merolution.de\/index.php\/product\/schweppes-020-dry-tonic-water-24-020\/","title":{"rendered":"Schweppes 0,20 dry Tonic Water ** &#8211; 24\/0,20"},"content":{"rendered":"<p>24*0,20 Schweppes dry Tonicwater- Diese Komposition, verfeinert mit Kohlens\u00e4ure und nat\u00fcrlichen Aromen von Zitrone, Orange und Grapefruit, haben wir zusammen mit Barkeepern entwickelt, um neben unserem Indian Tonic Water f\u00fcr noch mehr Vielfalt an der Bar zu sorgen. Ob pur oder in Longdrinks wie dem Klassiker Gin &#038; Tonic ein einzigartig prickelnder Genuss. Mit seinem betont bitteren Charakter und den angenehmen Fruchtnoten harmoniert Schweppes Dry Tonic Water besonders mit modernen, floralen Gins. Schweppes Dry Tonic Water ist exklusiv in der Gastronomie erh\u00e4ltlichZutaten: Wasser, Zucker, Kohlens\u00e4ure, S\u00e4uerungsmittel Citronens\u00e4ure, nat\u00fcrliches Aroma (Zitrone, Orange, Grapefruit), Aroma Chinin. Glas Mehrweg &#8211; \u0080 5,10 Pfand<\/p>\n","protected":false},"excerpt":{"rendered":"<p>24&#215;0,20 Schweppes Dry Tonic Water erlangt seinen besonders erfrischend bitteren Geschmack durch mehr Chinin und weniger S\u00fc\u00dfe im Vergleich zum klassischen Indian Tonic Water. . Glas Mehrweg &#8211; \u0080 5,10 Pfand<\/p>\n","protected":false},"featured_media":2136,"comment_status":"open","ping_status":"closed","template":"","meta":[],"product_cat":[59],"product_tag":[],"yoast_head":"<!-- This site is optimized with the Yoast SEO plugin v19.14 - https:\/\/yoast.com\/wordpress\/plugins\/seo\/ -->\n<title>Schweppes 0,20 dry Tonic Water ** - 24\/0,20 - Getr\u00e4nke Schl\u00fcter Onlineshop<\/title>\n<meta name=\"robots\" content=\"noindex, follow, max-snippet:-1, max-image-preview:large, max-video-preview:-1\" \/>\n<meta property=\"og:locale\" content=\"de_DE\" \/>\n<meta property=\"og:type\" content=\"article\" \/>\n<meta property=\"og:title\" content=\"Schweppes 0,20 dry Tonic Water ** - 24\/0,20 - Getr\u00e4nke Schl\u00fcter Onlineshop\" \/>\n<meta property=\"og:description\" content=\"24x0,20 Schweppes Dry Tonic Water erlangt seinen besonders erfrischend bitteren Geschmack durch mehr Chinin und weniger S\u00fc\u00dfe im Vergleich zum klassischen Indian Tonic Water. . Glas Mehrweg - \u0080 5,10 Pfand\" \/>\n<meta property=\"og:url\" content=\"https:\/\/shop.merolution.de\/index.php\/product\/schweppes-020-dry-tonic-water-24-020\/\" \/>\n<meta property=\"og:site_name\" content=\"Getr\u00e4nke Schl\u00fcter Onlineshop\" \/>\n<meta property=\"og:image\" content=\"https:\/\/shop.merolution.de\/wp-content\/uploads\/2020\/05\/image56fd84e1164c2-md6prev-aid-4574s.jpg\" \/>\n\t<meta property=\"og:image:width\" content=\"150\" \/>\n\t<meta property=\"og:image:height\" content=\"122\" \/>\n\t<meta property=\"og:image:type\" content=\"image\/jpeg\" \/>\n<meta name=\"twitter:card\" content=\"summary_large_image\" \/>\n<meta name=\"twitter:label1\" content=\"Gesch\u00e4tzte Lesezeit\" \/>\n\t<meta name=\"twitter:data1\" content=\"1\u00a0Minute\" \/>\n<script type=\"application\/ld+json\" class=\"yoast-schema-graph\">{\"@context\":\"https:\/\/schema.org\",\"@graph\":[{\"@type\":\"WebPage\",\"@id\":\"https:\/\/shop.merolution.de\/index.php\/product\/schweppes-020-dry-tonic-water-24-020\/\",\"url\":\"https:\/\/shop.merolution.de\/index.php\/product\/schweppes-020-dry-tonic-water-24-020\/\",\"name\":\"Schweppes 0,20 dry Tonic Water ** - 24\/0,20 - Getr\u00e4nke Schl\u00fcter Onlineshop\",\"isPartOf\":{\"@id\":\"https:\/\/shop.merolution.de\/#website\"},\"datePublished\":\"2020-05-28T09:58:45+00:00\",\"dateModified\":\"2020-05-28T09:58:45+00:00\",\"breadcrumb\":{\"@id\":\"https:\/\/shop.merolution.de\/index.php\/product\/schweppes-020-dry-tonic-water-24-020\/#breadcrumb\"},\"inLanguage\":\"de\",\"potentialAction\":[{\"@type\":\"ReadAction\",\"target\":[\"https:\/\/shop.merolution.de\/index.php\/product\/schweppes-020-dry-tonic-water-24-020\/\"]}]},{\"@type\":\"BreadcrumbList\",\"@id\":\"https:\/\/shop.merolution.de\/index.php\/product\/schweppes-020-dry-tonic-water-24-020\/#breadcrumb\",\"itemListElement\":[{\"@type\":\"ListItem\",\"position\":1,\"name\":\"Home\",\"item\":\"https:\/\/shop.merolution.de\/\"},{\"@type\":\"ListItem\",\"position\":2,\"name\":\"Shop\",\"item\":\"https:\/\/shop.merolution.de\/\"},{\"@type\":\"ListItem\",\"position\":3,\"name\":\"Schweppes 0,20 dry Tonic Water ** &#8211; 24\/0,20\"}]},{\"@type\":\"WebSite\",\"@id\":\"https:\/\/shop.merolution.de\/#website\",\"url\":\"https:\/\/shop.merolution.de\/\",\"name\":\"Getr\u00e4nke Schl\u00fcter Onlineshop\",\"description\":\"Ihr Getr\u00e4nke-Partner in Hannover\",\"potentialAction\":[{\"@type\":\"SearchAction\",\"target\":{\"@type\":\"EntryPoint\",\"urlTemplate\":\"https:\/\/shop.merolution.de\/?s={search_term_string}\"},\"query-input\":\"required name=search_term_string\"}],\"inLanguage\":\"de\"}]}<\/script>\n<!-- \/ Yoast SEO plugin. -->","yoast_head_json":{"title":"Schweppes 0,20 dry Tonic Water ** - 24\/0,20 - Getr\u00e4nke Schl\u00fcter Onlineshop","robots":{"index":"noindex","follow":"follow","max-snippet":"max-snippet:-1","max-image-preview":"max-image-preview:large","max-video-preview":"max-video-preview:-1"},"og_locale":"de_DE","og_type":"article","og_title":"Schweppes 0,20 dry Tonic Water ** - 24\/0,20 - Getr\u00e4nke Schl\u00fcter Onlineshop","og_description":"24x0,20 Schweppes Dry Tonic Water erlangt seinen besonders erfrischend bitteren Geschmack durch mehr Chinin und weniger S\u00fc\u00dfe im Vergleich zum klassischen Indian Tonic Water. . Glas Mehrweg - \u0080 5,10 Pfand","og_url":"https:\/\/shop.merolution.de\/index.php\/product\/schweppes-020-dry-tonic-water-24-020\/","og_site_name":"Getr\u00e4nke Schl\u00fcter Onlineshop","og_image":[{"width":150,"height":122,"url":"https:\/\/shop.merolution.de\/wp-content\/uploads\/2020\/05\/image56fd84e1164c2-md6prev-aid-4574s.jpg","type":"image\/jpeg"}],"twitter_card":"summary_large_image","twitter_misc":{"Gesch\u00e4tzte Lesezeit":"1\u00a0Minute"},"schema":{"@context":"https:\/\/schema.org","@graph":[{"@type":"WebPage","@id":"https:\/\/shop.merolution.de\/index.php\/product\/schweppes-020-dry-tonic-water-24-020\/","url":"https:\/\/shop.merolution.de\/index.php\/product\/schweppes-020-dry-tonic-water-24-020\/","name":"Schweppes 0,20 dry Tonic Water ** - 24\/0,20 - Getr\u00e4nke Schl\u00fcter Onlineshop","isPartOf":{"@id":"https:\/\/shop.merolution.de\/#website"},"datePublished":"2020-05-28T09:58:45+00:00","dateModified":"2020-05-28T09:58:45+00:00","breadcrumb":{"@id":"https:\/\/shop.merolution.de\/index.php\/product\/schweppes-020-dry-tonic-water-24-020\/#breadcrumb"},"inLanguage":"de","potentialAction":[{"@type":"ReadAction","target":["https:\/\/shop.merolution.de\/index.php\/product\/schweppes-020-dry-tonic-water-24-020\/"]}]},{"@type":"BreadcrumbList","@id":"https:\/\/shop.merolution.de\/index.php\/product\/schweppes-020-dry-tonic-water-24-020\/#breadcrumb","itemListElement":[{"@type":"ListItem","position":1,"name":"Home","item":"https:\/\/shop.merolution.de\/"},{"@type":"ListItem","position":2,"name":"Shop","item":"https:\/\/shop.merolution.de\/"},{"@type":"ListItem","position":3,"name":"Schweppes 0,20 dry Tonic Water ** &#8211; 24\/0,20"}]},{"@type":"WebSite","@id":"https:\/\/shop.merolution.de\/#website","url":"https:\/\/shop.merolution.de\/","name":"Getr\u00e4nke Schl\u00fcter Onlineshop","description":"Ihr Getr\u00e4nke-Partner in Hannover","potentialAction":[{"@type":"SearchAction","target":{"@type":"EntryPoint","urlTemplate":"https:\/\/shop.merolution.de\/?s={search_term_string}"},"query-input":"required name=search_term_string"}],"inLanguage":"de"}]}},"_links":{"self":[{"href":"https:\/\/shop.merolution.de\/index.php\/wp-json\/wp\/v2\/product\/2135"}],"collection":[{"href":"https:\/\/shop.merolution.de\/index.php\/wp-json\/wp\/v2\/product"}],"about":[{"href":"https:\/\/shop.merolution.de\/index.php\/wp-json\/wp\/v2\/types\/product"}],"replies":[{"embeddable":true,"href":"https:\/\/shop.merolution.de\/index.php\/wp-json\/wp\/v2\/comments?post=2135"}],"wp:featuredmedia":[{"embeddable":true,"href":"https:\/\/shop.merolution.de\/index.php\/wp-json\/wp\/v2\/media\/2136"}],"wp:attachment":[{"href":"https:\/\/shop.merolution.de\/index.php\/wp-json\/wp\/v2\/media?parent=2135"}],"wp:term":[{"taxonomy":"product_cat","embeddable":true,"href":"https:\/\/shop.merolution.de\/index.php\/wp-json\/wp\/v2\/product_cat?post=2135"},{"taxonomy":"product_tag","embeddable":true,"href":"https:\/\/shop.merolution.de\/index.php\/wp-json\/wp\/v2\/product_tag?post=2135"}],"curies":[{"name":"wp","href":"https:\/\/api.w.org\/{rel}","templated":true}]}}