{"id":2139,"date":"2020-05-28T09:58:46","date_gmt":"2020-05-28T09:58:46","guid":{"rendered":"https:\/\/shop.merolution.de\/index.php\/product\/st-leonards-mondquelle-aqua-luna-06-100\/"},"modified":"2020-05-28T09:58:46","modified_gmt":"2020-05-28T09:58:46","slug":"st-leonards-mondquelle-aqua-luna-06-100","status":"publish","type":"product","link":"https:\/\/shop.merolution.de\/index.php\/product\/st-leonards-mondquelle-aqua-luna-06-100\/","title":{"rendered":"St. Leonards Mondquelle (Aqua Luna) &#8211; 06\/1,00"},"content":{"rendered":"<p>06*1,00 Mondquelle &#8211; Quellwasser, 1 Liter, ohne Kohlens\u00e4ure, t\u00e4glich abgef\u00fcllt am Quellort Bad Leonhardspfunzen, Stephanskirchen &#8211; Originaltext des Herstellers: Unter dem Einfluss des Mondes: Als eine der ersten neuen artesischen Quellen wurde die Mondquelle im Jahr 1999 im Quellgebiet St. Leonhardspfunzen erschlossen. Durch erste biophysikalische Untersuchungen wurde der besonders ausgepr\u00e4gte Bezug dieses Wassers auf die Mondphasen festgestellt. Deshalb wurde die Quelle auch nach diesem Planeten benannt &#8211; Die Blume des Lebens: Wussten Sie schon, dass das Symbol auf der R\u00fcckseite unserer Sonne-, Mond- und Lichtw\u00e4sser eines der \u00e4ltesten kultur\u00fcbergreifenden Symbole der Menschheit ist? Es steht f\u00fcr das Leben selbst.* Rechtlich und schulmedizinisch nicht anerkannt.<\/p>\n","protected":false},"excerpt":{"rendered":"<p>06&#215;1,00 Mondquelle &#8211; Quellwasser, 1 Liter, ohne Kohlens\u00e4ure, t\u00e4glich abgef\u00fcllt am Quellort Bad Leonhardspfunzen, Stephanskirchen &#8211; Glas Mehrweg &#8211; Schraubverschluss &#8211; Pfand: \u0080 2,40<\/p>\n","protected":false},"featured_media":2140,"comment_status":"open","ping_status":"closed","template":"","meta":[],"product_cat":[60],"product_tag":[],"yoast_head":"<!-- This site is optimized with the Yoast SEO plugin v19.14 - https:\/\/yoast.com\/wordpress\/plugins\/seo\/ -->\n<title>St. Leonards Mondquelle (Aqua Luna) - 06\/1,00 - Getr\u00e4nke Schl\u00fcter Onlineshop<\/title>\n<meta name=\"robots\" content=\"noindex, follow, max-snippet:-1, max-image-preview:large, max-video-preview:-1\" \/>\n<meta property=\"og:locale\" content=\"de_DE\" \/>\n<meta property=\"og:type\" content=\"article\" \/>\n<meta property=\"og:title\" content=\"St. Leonards Mondquelle (Aqua Luna) - 06\/1,00 - Getr\u00e4nke Schl\u00fcter Onlineshop\" \/>\n<meta property=\"og:description\" content=\"06x1,00 Mondquelle - Quellwasser, 1 Liter, ohne Kohlens\u00e4ure, t\u00e4glich abgef\u00fcllt am Quellort Bad Leonhardspfunzen, Stephanskirchen - Glas Mehrweg - Schraubverschluss - Pfand: \u0080 2,40\" \/>\n<meta property=\"og:url\" content=\"https:\/\/shop.merolution.de\/index.php\/product\/st-leonards-mondquelle-aqua-luna-06-100\/\" \/>\n<meta property=\"og:site_name\" content=\"Getr\u00e4nke Schl\u00fcter Onlineshop\" \/>\n<meta property=\"og:image\" content=\"https:\/\/shop.merolution.de\/wp-content\/uploads\/2020\/05\/1471aPic1S2058413021_zz_SYS03DBPic-6.jpg\" \/>\n\t<meta property=\"og:image:width\" content=\"40\" \/>\n\t<meta property=\"og:image:height\" content=\"100\" \/>\n\t<meta property=\"og:image:type\" content=\"image\/jpeg\" \/>\n<meta name=\"twitter:card\" content=\"summary_large_image\" \/>\n<meta name=\"twitter:label1\" content=\"Gesch\u00e4tzte Lesezeit\" \/>\n\t<meta name=\"twitter:data1\" content=\"1\u00a0Minute\" \/>\n<script type=\"application\/ld+json\" class=\"yoast-schema-graph\">{\"@context\":\"https:\/\/schema.org\",\"@graph\":[{\"@type\":\"WebPage\",\"@id\":\"https:\/\/shop.merolution.de\/index.php\/product\/st-leonards-mondquelle-aqua-luna-06-100\/\",\"url\":\"https:\/\/shop.merolution.de\/index.php\/product\/st-leonards-mondquelle-aqua-luna-06-100\/\",\"name\":\"St. Leonards Mondquelle (Aqua Luna) - 06\/1,00 - Getr\u00e4nke Schl\u00fcter Onlineshop\",\"isPartOf\":{\"@id\":\"https:\/\/shop.merolution.de\/#website\"},\"datePublished\":\"2020-05-28T09:58:46+00:00\",\"dateModified\":\"2020-05-28T09:58:46+00:00\",\"breadcrumb\":{\"@id\":\"https:\/\/shop.merolution.de\/index.php\/product\/st-leonards-mondquelle-aqua-luna-06-100\/#breadcrumb\"},\"inLanguage\":\"de\",\"potentialAction\":[{\"@type\":\"ReadAction\",\"target\":[\"https:\/\/shop.merolution.de\/index.php\/product\/st-leonards-mondquelle-aqua-luna-06-100\/\"]}]},{\"@type\":\"BreadcrumbList\",\"@id\":\"https:\/\/shop.merolution.de\/index.php\/product\/st-leonards-mondquelle-aqua-luna-06-100\/#breadcrumb\",\"itemListElement\":[{\"@type\":\"ListItem\",\"position\":1,\"name\":\"Home\",\"item\":\"https:\/\/shop.merolution.de\/\"},{\"@type\":\"ListItem\",\"position\":2,\"name\":\"Shop\",\"item\":\"https:\/\/shop.merolution.de\/\"},{\"@type\":\"ListItem\",\"position\":3,\"name\":\"St. Leonards Mondquelle (Aqua Luna) &#8211; 06\/1,00\"}]},{\"@type\":\"WebSite\",\"@id\":\"https:\/\/shop.merolution.de\/#website\",\"url\":\"https:\/\/shop.merolution.de\/\",\"name\":\"Getr\u00e4nke Schl\u00fcter Onlineshop\",\"description\":\"Ihr Getr\u00e4nke-Partner in Hannover\",\"potentialAction\":[{\"@type\":\"SearchAction\",\"target\":{\"@type\":\"EntryPoint\",\"urlTemplate\":\"https:\/\/shop.merolution.de\/?s={search_term_string}\"},\"query-input\":\"required name=search_term_string\"}],\"inLanguage\":\"de\"}]}<\/script>\n<!-- \/ Yoast SEO plugin. -->","yoast_head_json":{"title":"St. Leonards Mondquelle (Aqua Luna) - 06\/1,00 - Getr\u00e4nke Schl\u00fcter Onlineshop","robots":{"index":"noindex","follow":"follow","max-snippet":"max-snippet:-1","max-image-preview":"max-image-preview:large","max-video-preview":"max-video-preview:-1"},"og_locale":"de_DE","og_type":"article","og_title":"St. Leonards Mondquelle (Aqua Luna) - 06\/1,00 - Getr\u00e4nke Schl\u00fcter Onlineshop","og_description":"06x1,00 Mondquelle - Quellwasser, 1 Liter, ohne Kohlens\u00e4ure, t\u00e4glich abgef\u00fcllt am Quellort Bad Leonhardspfunzen, Stephanskirchen - Glas Mehrweg - Schraubverschluss - Pfand: \u0080 2,40","og_url":"https:\/\/shop.merolution.de\/index.php\/product\/st-leonards-mondquelle-aqua-luna-06-100\/","og_site_name":"Getr\u00e4nke Schl\u00fcter Onlineshop","og_image":[{"width":40,"height":100,"url":"https:\/\/shop.merolution.de\/wp-content\/uploads\/2020\/05\/1471aPic1S2058413021_zz_SYS03DBPic-6.jpg","type":"image\/jpeg"}],"twitter_card":"summary_large_image","twitter_misc":{"Gesch\u00e4tzte Lesezeit":"1\u00a0Minute"},"schema":{"@context":"https:\/\/schema.org","@graph":[{"@type":"WebPage","@id":"https:\/\/shop.merolution.de\/index.php\/product\/st-leonards-mondquelle-aqua-luna-06-100\/","url":"https:\/\/shop.merolution.de\/index.php\/product\/st-leonards-mondquelle-aqua-luna-06-100\/","name":"St. Leonards Mondquelle (Aqua Luna) - 06\/1,00 - Getr\u00e4nke Schl\u00fcter Onlineshop","isPartOf":{"@id":"https:\/\/shop.merolution.de\/#website"},"datePublished":"2020-05-28T09:58:46+00:00","dateModified":"2020-05-28T09:58:46+00:00","breadcrumb":{"@id":"https:\/\/shop.merolution.de\/index.php\/product\/st-leonards-mondquelle-aqua-luna-06-100\/#breadcrumb"},"inLanguage":"de","potentialAction":[{"@type":"ReadAction","target":["https:\/\/shop.merolution.de\/index.php\/product\/st-leonards-mondquelle-aqua-luna-06-100\/"]}]},{"@type":"BreadcrumbList","@id":"https:\/\/shop.merolution.de\/index.php\/product\/st-leonards-mondquelle-aqua-luna-06-100\/#breadcrumb","itemListElement":[{"@type":"ListItem","position":1,"name":"Home","item":"https:\/\/shop.merolution.de\/"},{"@type":"ListItem","position":2,"name":"Shop","item":"https:\/\/shop.merolution.de\/"},{"@type":"ListItem","position":3,"name":"St. Leonards Mondquelle (Aqua Luna) &#8211; 06\/1,00"}]},{"@type":"WebSite","@id":"https:\/\/shop.merolution.de\/#website","url":"https:\/\/shop.merolution.de\/","name":"Getr\u00e4nke Schl\u00fcter Onlineshop","description":"Ihr Getr\u00e4nke-Partner in Hannover","potentialAction":[{"@type":"SearchAction","target":{"@type":"EntryPoint","urlTemplate":"https:\/\/shop.merolution.de\/?s={search_term_string}"},"query-input":"required name=search_term_string"}],"inLanguage":"de"}]}},"_links":{"self":[{"href":"https:\/\/shop.merolution.de\/index.php\/wp-json\/wp\/v2\/product\/2139"}],"collection":[{"href":"https:\/\/shop.merolution.de\/index.php\/wp-json\/wp\/v2\/product"}],"about":[{"href":"https:\/\/shop.merolution.de\/index.php\/wp-json\/wp\/v2\/types\/product"}],"replies":[{"embeddable":true,"href":"https:\/\/shop.merolution.de\/index.php\/wp-json\/wp\/v2\/comments?post=2139"}],"wp:featuredmedia":[{"embeddable":true,"href":"https:\/\/shop.merolution.de\/index.php\/wp-json\/wp\/v2\/media\/2140"}],"wp:attachment":[{"href":"https:\/\/shop.merolution.de\/index.php\/wp-json\/wp\/v2\/media?parent=2139"}],"wp:term":[{"taxonomy":"product_cat","embeddable":true,"href":"https:\/\/shop.merolution.de\/index.php\/wp-json\/wp\/v2\/product_cat?post=2139"},{"taxonomy":"product_tag","embeddable":true,"href":"https:\/\/shop.merolution.de\/index.php\/wp-json\/wp\/v2\/product_tag?post=2139"}],"curies":[{"name":"wp","href":"https:\/\/api.w.org\/{rel}","templated":true}]}}