{"id":2178,"date":"2020-05-28T09:58:51","date_gmt":"2020-05-28T09:58:51","guid":{"rendered":"https:\/\/shop.merolution.de\/index.php\/product\/adelholzener-mineralwasser-naturell-still-06-150-pet\/"},"modified":"2020-05-28T09:58:51","modified_gmt":"2020-05-28T09:58:51","slug":"adelholzener-mineralwasser-naturell-still-06-150-pet","status":"publish","type":"product","link":"https:\/\/shop.merolution.de\/index.php\/product\/adelholzener-mineralwasser-naturell-still-06-150-pet\/","title":{"rendered":"Adelholzener Mineralwasser Naturell (still) &#8211; 06\/1,50 PET"},"content":{"rendered":"<p>06\/1,50 &#8211; Mineralwasser ohne Kohlens\u00e4ure<\/p>\n","protected":false},"excerpt":{"rendered":"<p>06\/1,50 &#8211; Mineralwasser ohne Kohlens\u00e4ure von Adelholzener aus Bayern- PET Mehrweg &#8211; Pfand: \u0080 3,00<\/p>\n","protected":false},"featured_media":2179,"comment_status":"open","ping_status":"closed","template":"","meta":[],"product_cat":[60],"product_tag":[],"yoast_head":"<!-- This site is optimized with the Yoast SEO plugin v19.14 - https:\/\/yoast.com\/wordpress\/plugins\/seo\/ -->\n<title>Adelholzener Mineralwasser Naturell (still) - 06\/1,50 PET - Getr\u00e4nke Schl\u00fcter Onlineshop<\/title>\n<meta name=\"robots\" content=\"noindex, follow, max-snippet:-1, max-image-preview:large, max-video-preview:-1\" \/>\n<meta property=\"og:locale\" content=\"de_DE\" \/>\n<meta property=\"og:type\" content=\"article\" \/>\n<meta property=\"og:title\" content=\"Adelholzener Mineralwasser Naturell (still) - 06\/1,50 PET - Getr\u00e4nke Schl\u00fcter Onlineshop\" \/>\n<meta property=\"og:description\" content=\"06\/1,50 - Mineralwasser ohne Kohlens\u00e4ure von Adelholzener aus Bayern- PET Mehrweg - Pfand: \u0080 3,00\" \/>\n<meta property=\"og:url\" content=\"https:\/\/shop.merolution.de\/index.php\/product\/adelholzener-mineralwasser-naturell-still-06-150-pet\/\" \/>\n<meta property=\"og:site_name\" content=\"Getr\u00e4nke Schl\u00fcter Onlineshop\" \/>\n<meta property=\"og:image\" content=\"https:\/\/shop.merolution.de\/wp-content\/uploads\/2020\/05\/200-miwa-naturell-6x150ltr-klein.jpg\" \/>\n\t<meta property=\"og:image:width\" content=\"150\" \/>\n\t<meta property=\"og:image:height\" content=\"183\" \/>\n\t<meta property=\"og:image:type\" content=\"image\/jpeg\" \/>\n<meta name=\"twitter:card\" content=\"summary_large_image\" \/>\n<script type=\"application\/ld+json\" class=\"yoast-schema-graph\">{\"@context\":\"https:\/\/schema.org\",\"@graph\":[{\"@type\":\"WebPage\",\"@id\":\"https:\/\/shop.merolution.de\/index.php\/product\/adelholzener-mineralwasser-naturell-still-06-150-pet\/\",\"url\":\"https:\/\/shop.merolution.de\/index.php\/product\/adelholzener-mineralwasser-naturell-still-06-150-pet\/\",\"name\":\"Adelholzener Mineralwasser Naturell (still) - 06\/1,50 PET - Getr\u00e4nke Schl\u00fcter Onlineshop\",\"isPartOf\":{\"@id\":\"https:\/\/shop.merolution.de\/#website\"},\"datePublished\":\"2020-05-28T09:58:51+00:00\",\"dateModified\":\"2020-05-28T09:58:51+00:00\",\"breadcrumb\":{\"@id\":\"https:\/\/shop.merolution.de\/index.php\/product\/adelholzener-mineralwasser-naturell-still-06-150-pet\/#breadcrumb\"},\"inLanguage\":\"de\",\"potentialAction\":[{\"@type\":\"ReadAction\",\"target\":[\"https:\/\/shop.merolution.de\/index.php\/product\/adelholzener-mineralwasser-naturell-still-06-150-pet\/\"]}]},{\"@type\":\"BreadcrumbList\",\"@id\":\"https:\/\/shop.merolution.de\/index.php\/product\/adelholzener-mineralwasser-naturell-still-06-150-pet\/#breadcrumb\",\"itemListElement\":[{\"@type\":\"ListItem\",\"position\":1,\"name\":\"Home\",\"item\":\"https:\/\/shop.merolution.de\/\"},{\"@type\":\"ListItem\",\"position\":2,\"name\":\"Shop\",\"item\":\"https:\/\/shop.merolution.de\/\"},{\"@type\":\"ListItem\",\"position\":3,\"name\":\"Adelholzener Mineralwasser Naturell (still) &#8211; 06\/1,50 PET\"}]},{\"@type\":\"WebSite\",\"@id\":\"https:\/\/shop.merolution.de\/#website\",\"url\":\"https:\/\/shop.merolution.de\/\",\"name\":\"Getr\u00e4nke Schl\u00fcter Onlineshop\",\"description\":\"Ihr Getr\u00e4nke-Partner in Hannover\",\"potentialAction\":[{\"@type\":\"SearchAction\",\"target\":{\"@type\":\"EntryPoint\",\"urlTemplate\":\"https:\/\/shop.merolution.de\/?s={search_term_string}\"},\"query-input\":\"required name=search_term_string\"}],\"inLanguage\":\"de\"}]}<\/script>\n<!-- \/ Yoast SEO plugin. -->","yoast_head_json":{"title":"Adelholzener Mineralwasser Naturell (still) - 06\/1,50 PET - Getr\u00e4nke Schl\u00fcter Onlineshop","robots":{"index":"noindex","follow":"follow","max-snippet":"max-snippet:-1","max-image-preview":"max-image-preview:large","max-video-preview":"max-video-preview:-1"},"og_locale":"de_DE","og_type":"article","og_title":"Adelholzener Mineralwasser Naturell (still) - 06\/1,50 PET - Getr\u00e4nke Schl\u00fcter Onlineshop","og_description":"06\/1,50 - Mineralwasser ohne Kohlens\u00e4ure von Adelholzener aus Bayern- PET Mehrweg - Pfand: \u0080 3,00","og_url":"https:\/\/shop.merolution.de\/index.php\/product\/adelholzener-mineralwasser-naturell-still-06-150-pet\/","og_site_name":"Getr\u00e4nke Schl\u00fcter Onlineshop","og_image":[{"width":150,"height":183,"url":"https:\/\/shop.merolution.de\/wp-content\/uploads\/2020\/05\/200-miwa-naturell-6x150ltr-klein.jpg","type":"image\/jpeg"}],"twitter_card":"summary_large_image","schema":{"@context":"https:\/\/schema.org","@graph":[{"@type":"WebPage","@id":"https:\/\/shop.merolution.de\/index.php\/product\/adelholzener-mineralwasser-naturell-still-06-150-pet\/","url":"https:\/\/shop.merolution.de\/index.php\/product\/adelholzener-mineralwasser-naturell-still-06-150-pet\/","name":"Adelholzener Mineralwasser Naturell (still) - 06\/1,50 PET - Getr\u00e4nke Schl\u00fcter Onlineshop","isPartOf":{"@id":"https:\/\/shop.merolution.de\/#website"},"datePublished":"2020-05-28T09:58:51+00:00","dateModified":"2020-05-28T09:58:51+00:00","breadcrumb":{"@id":"https:\/\/shop.merolution.de\/index.php\/product\/adelholzener-mineralwasser-naturell-still-06-150-pet\/#breadcrumb"},"inLanguage":"de","potentialAction":[{"@type":"ReadAction","target":["https:\/\/shop.merolution.de\/index.php\/product\/adelholzener-mineralwasser-naturell-still-06-150-pet\/"]}]},{"@type":"BreadcrumbList","@id":"https:\/\/shop.merolution.de\/index.php\/product\/adelholzener-mineralwasser-naturell-still-06-150-pet\/#breadcrumb","itemListElement":[{"@type":"ListItem","position":1,"name":"Home","item":"https:\/\/shop.merolution.de\/"},{"@type":"ListItem","position":2,"name":"Shop","item":"https:\/\/shop.merolution.de\/"},{"@type":"ListItem","position":3,"name":"Adelholzener Mineralwasser Naturell (still) &#8211; 06\/1,50 PET"}]},{"@type":"WebSite","@id":"https:\/\/shop.merolution.de\/#website","url":"https:\/\/shop.merolution.de\/","name":"Getr\u00e4nke Schl\u00fcter Onlineshop","description":"Ihr Getr\u00e4nke-Partner in Hannover","potentialAction":[{"@type":"SearchAction","target":{"@type":"EntryPoint","urlTemplate":"https:\/\/shop.merolution.de\/?s={search_term_string}"},"query-input":"required name=search_term_string"}],"inLanguage":"de"}]}},"_links":{"self":[{"href":"https:\/\/shop.merolution.de\/index.php\/wp-json\/wp\/v2\/product\/2178"}],"collection":[{"href":"https:\/\/shop.merolution.de\/index.php\/wp-json\/wp\/v2\/product"}],"about":[{"href":"https:\/\/shop.merolution.de\/index.php\/wp-json\/wp\/v2\/types\/product"}],"replies":[{"embeddable":true,"href":"https:\/\/shop.merolution.de\/index.php\/wp-json\/wp\/v2\/comments?post=2178"}],"wp:featuredmedia":[{"embeddable":true,"href":"https:\/\/shop.merolution.de\/index.php\/wp-json\/wp\/v2\/media\/2179"}],"wp:attachment":[{"href":"https:\/\/shop.merolution.de\/index.php\/wp-json\/wp\/v2\/media?parent=2178"}],"wp:term":[{"taxonomy":"product_cat","embeddable":true,"href":"https:\/\/shop.merolution.de\/index.php\/wp-json\/wp\/v2\/product_cat?post=2178"},{"taxonomy":"product_tag","embeddable":true,"href":"https:\/\/shop.merolution.de\/index.php\/wp-json\/wp\/v2\/product_tag?post=2178"}],"curies":[{"name":"wp","href":"https:\/\/api.w.org\/{rel}","templated":true}]}}