{"id":2338,"date":"2020-05-28T09:59:13","date_gmt":"2020-05-28T09:59:13","guid":{"rendered":"https:\/\/shop.merolution.de\/index.php\/product\/granini-100-zitronensaft-06-100\/"},"modified":"2020-05-28T09:59:13","modified_gmt":"2020-05-28T09:59:13","slug":"granini-100-zitronensaft-06-100","status":"publish","type":"product","link":"https:\/\/shop.merolution.de\/index.php\/product\/granini-100-zitronensaft-06-100\/","title":{"rendered":"Granini 1,00 Zitronensaft ** &#8211; 06\/1,00"},"content":{"rendered":"<p>06\/1,00 &#8211; Bar Classics Zitrone &#8211; Zutaten: Zitronensaft aus ZitronensaftkonzentratFruchtsaftgehalt: 100%VeganOhne Zuckerzusatz*Ohne Farb- und Konservierungsstoffe*Ohne gentechnisch ver\u00e4nderte Zutaten<\/p>\n","protected":false},"excerpt":{"rendered":"<p>06\/1,00 &#8211; Granini Zitrone 100% l\u00e4\u00dft sich wie der Saft von frischgepressten Zitronen verwenden. Er eignet sich hervorragend zur Herstellung von Cocktails aber auch zum Backen und Kochen. Probieren sie auch die weiteren Cocktail Basics von granini: Lemon Squash, Lime juice Cordial &#8211; Glas Mehrweg &#8211; Pfand: \u0080 2,40<\/p>\n","protected":false},"featured_media":2339,"comment_status":"open","ping_status":"closed","template":"","meta":[],"product_cat":[63],"product_tag":[],"yoast_head":"<!-- This site is optimized with the Yoast SEO plugin v19.14 - https:\/\/yoast.com\/wordpress\/plugins\/seo\/ -->\n<title>Granini 1,00 Zitronensaft ** - 06\/1,00 - Getr\u00e4nke Schl\u00fcter Onlineshop<\/title>\n<meta name=\"robots\" content=\"noindex, follow, max-snippet:-1, max-image-preview:large, max-video-preview:-1\" \/>\n<meta property=\"og:locale\" content=\"de_DE\" \/>\n<meta property=\"og:type\" content=\"article\" \/>\n<meta property=\"og:title\" content=\"Granini 1,00 Zitronensaft ** - 06\/1,00 - Getr\u00e4nke Schl\u00fcter Onlineshop\" \/>\n<meta property=\"og:description\" content=\"06\/1,00 - Granini Zitrone 100% l\u00e4\u00dft sich wie der Saft von frischgepressten Zitronen verwenden. Er eignet sich hervorragend zur Herstellung von Cocktails aber auch zum Backen und Kochen. Probieren sie auch die weiteren Cocktail Basics von granini: Lemon Squash, Lime juice Cordial - Glas Mehrweg - Pfand: \u0080 2,40\" \/>\n<meta property=\"og:url\" content=\"https:\/\/shop.merolution.de\/index.php\/product\/granini-100-zitronensaft-06-100\/\" \/>\n<meta property=\"og:site_name\" content=\"Getr\u00e4nke Schl\u00fcter Onlineshop\" \/>\n<meta property=\"og:image\" content=\"https:\/\/shop.merolution.de\/wp-content\/uploads\/2020\/05\/graniniahk-cbzitrone-1l-usmkorr-70b26f62-aid-2845s.jpg\" \/>\n\t<meta property=\"og:image:width\" content=\"150\" \/>\n\t<meta property=\"og:image:height\" content=\"403\" \/>\n\t<meta property=\"og:image:type\" content=\"image\/jpeg\" \/>\n<meta name=\"twitter:card\" content=\"summary_large_image\" \/>\n<script type=\"application\/ld+json\" class=\"yoast-schema-graph\">{\"@context\":\"https:\/\/schema.org\",\"@graph\":[{\"@type\":\"WebPage\",\"@id\":\"https:\/\/shop.merolution.de\/index.php\/product\/granini-100-zitronensaft-06-100\/\",\"url\":\"https:\/\/shop.merolution.de\/index.php\/product\/granini-100-zitronensaft-06-100\/\",\"name\":\"Granini 1,00 Zitronensaft ** - 06\/1,00 - Getr\u00e4nke Schl\u00fcter Onlineshop\",\"isPartOf\":{\"@id\":\"https:\/\/shop.merolution.de\/#website\"},\"datePublished\":\"2020-05-28T09:59:13+00:00\",\"dateModified\":\"2020-05-28T09:59:13+00:00\",\"breadcrumb\":{\"@id\":\"https:\/\/shop.merolution.de\/index.php\/product\/granini-100-zitronensaft-06-100\/#breadcrumb\"},\"inLanguage\":\"de\",\"potentialAction\":[{\"@type\":\"ReadAction\",\"target\":[\"https:\/\/shop.merolution.de\/index.php\/product\/granini-100-zitronensaft-06-100\/\"]}]},{\"@type\":\"BreadcrumbList\",\"@id\":\"https:\/\/shop.merolution.de\/index.php\/product\/granini-100-zitronensaft-06-100\/#breadcrumb\",\"itemListElement\":[{\"@type\":\"ListItem\",\"position\":1,\"name\":\"Home\",\"item\":\"https:\/\/shop.merolution.de\/\"},{\"@type\":\"ListItem\",\"position\":2,\"name\":\"Shop\",\"item\":\"https:\/\/shop.merolution.de\/\"},{\"@type\":\"ListItem\",\"position\":3,\"name\":\"Granini 1,00 Zitronensaft ** &#8211; 06\/1,00\"}]},{\"@type\":\"WebSite\",\"@id\":\"https:\/\/shop.merolution.de\/#website\",\"url\":\"https:\/\/shop.merolution.de\/\",\"name\":\"Getr\u00e4nke Schl\u00fcter Onlineshop\",\"description\":\"Ihr Getr\u00e4nke-Partner in Hannover\",\"potentialAction\":[{\"@type\":\"SearchAction\",\"target\":{\"@type\":\"EntryPoint\",\"urlTemplate\":\"https:\/\/shop.merolution.de\/?s={search_term_string}\"},\"query-input\":\"required name=search_term_string\"}],\"inLanguage\":\"de\"}]}<\/script>\n<!-- \/ Yoast SEO plugin. -->","yoast_head_json":{"title":"Granini 1,00 Zitronensaft ** - 06\/1,00 - Getr\u00e4nke Schl\u00fcter Onlineshop","robots":{"index":"noindex","follow":"follow","max-snippet":"max-snippet:-1","max-image-preview":"max-image-preview:large","max-video-preview":"max-video-preview:-1"},"og_locale":"de_DE","og_type":"article","og_title":"Granini 1,00 Zitronensaft ** - 06\/1,00 - Getr\u00e4nke Schl\u00fcter Onlineshop","og_description":"06\/1,00 - Granini Zitrone 100% l\u00e4\u00dft sich wie der Saft von frischgepressten Zitronen verwenden. Er eignet sich hervorragend zur Herstellung von Cocktails aber auch zum Backen und Kochen. Probieren sie auch die weiteren Cocktail Basics von granini: Lemon Squash, Lime juice Cordial - Glas Mehrweg - Pfand: \u0080 2,40","og_url":"https:\/\/shop.merolution.de\/index.php\/product\/granini-100-zitronensaft-06-100\/","og_site_name":"Getr\u00e4nke Schl\u00fcter Onlineshop","og_image":[{"width":150,"height":403,"url":"https:\/\/shop.merolution.de\/wp-content\/uploads\/2020\/05\/graniniahk-cbzitrone-1l-usmkorr-70b26f62-aid-2845s.jpg","type":"image\/jpeg"}],"twitter_card":"summary_large_image","schema":{"@context":"https:\/\/schema.org","@graph":[{"@type":"WebPage","@id":"https:\/\/shop.merolution.de\/index.php\/product\/granini-100-zitronensaft-06-100\/","url":"https:\/\/shop.merolution.de\/index.php\/product\/granini-100-zitronensaft-06-100\/","name":"Granini 1,00 Zitronensaft ** - 06\/1,00 - Getr\u00e4nke Schl\u00fcter Onlineshop","isPartOf":{"@id":"https:\/\/shop.merolution.de\/#website"},"datePublished":"2020-05-28T09:59:13+00:00","dateModified":"2020-05-28T09:59:13+00:00","breadcrumb":{"@id":"https:\/\/shop.merolution.de\/index.php\/product\/granini-100-zitronensaft-06-100\/#breadcrumb"},"inLanguage":"de","potentialAction":[{"@type":"ReadAction","target":["https:\/\/shop.merolution.de\/index.php\/product\/granini-100-zitronensaft-06-100\/"]}]},{"@type":"BreadcrumbList","@id":"https:\/\/shop.merolution.de\/index.php\/product\/granini-100-zitronensaft-06-100\/#breadcrumb","itemListElement":[{"@type":"ListItem","position":1,"name":"Home","item":"https:\/\/shop.merolution.de\/"},{"@type":"ListItem","position":2,"name":"Shop","item":"https:\/\/shop.merolution.de\/"},{"@type":"ListItem","position":3,"name":"Granini 1,00 Zitronensaft ** &#8211; 06\/1,00"}]},{"@type":"WebSite","@id":"https:\/\/shop.merolution.de\/#website","url":"https:\/\/shop.merolution.de\/","name":"Getr\u00e4nke Schl\u00fcter Onlineshop","description":"Ihr Getr\u00e4nke-Partner in Hannover","potentialAction":[{"@type":"SearchAction","target":{"@type":"EntryPoint","urlTemplate":"https:\/\/shop.merolution.de\/?s={search_term_string}"},"query-input":"required name=search_term_string"}],"inLanguage":"de"}]}},"_links":{"self":[{"href":"https:\/\/shop.merolution.de\/index.php\/wp-json\/wp\/v2\/product\/2338"}],"collection":[{"href":"https:\/\/shop.merolution.de\/index.php\/wp-json\/wp\/v2\/product"}],"about":[{"href":"https:\/\/shop.merolution.de\/index.php\/wp-json\/wp\/v2\/types\/product"}],"replies":[{"embeddable":true,"href":"https:\/\/shop.merolution.de\/index.php\/wp-json\/wp\/v2\/comments?post=2338"}],"wp:featuredmedia":[{"embeddable":true,"href":"https:\/\/shop.merolution.de\/index.php\/wp-json\/wp\/v2\/media\/2339"}],"wp:attachment":[{"href":"https:\/\/shop.merolution.de\/index.php\/wp-json\/wp\/v2\/media?parent=2338"}],"wp:term":[{"taxonomy":"product_cat","embeddable":true,"href":"https:\/\/shop.merolution.de\/index.php\/wp-json\/wp\/v2\/product_cat?post=2338"},{"taxonomy":"product_tag","embeddable":true,"href":"https:\/\/shop.merolution.de\/index.php\/wp-json\/wp\/v2\/product_tag?post=2338"}],"curies":[{"name":"wp","href":"https:\/\/api.w.org\/{rel}","templated":true}]}}