{"id":2355,"date":"2020-05-28T09:59:15","date_gmt":"2020-05-28T09:59:15","guid":{"rendered":"https:\/\/shop.merolution.de\/index.php\/product\/loeffler-10-mango-fruchtsaftgetraenk-06-100\/"},"modified":"2020-05-28T09:59:15","modified_gmt":"2020-05-28T09:59:15","slug":"loeffler-10-mango-fruchtsaftgetraenk-06-100","status":"publish","type":"product","link":"https:\/\/shop.merolution.de\/index.php\/product\/loeffler-10-mango-fruchtsaftgetraenk-06-100\/","title":{"rendered":"L\u00f6ffler 1,0 Mango Fruchtsaftgetr\u00e4nk &#8211; 06\/1,00"},"content":{"rendered":"<p>06\/1,00 Fruchtsaftgetr\u00e4nkFruchtgehalt: 80% Mit Mark aus der wertvollsten Mango-Sorte &#8222;Alphonso&#8220;, welche reich an fruchteigenem Vitamin A und Mineralstoffen ist. Vitamin A stimuliert den Stoffwechsel und sch\u00fctzt die Schleimh\u00e4ute. Kalium wirkt entw\u00e4ssernd und entfettend. Die Kombination Mango plus Apfel ist einfach ideal und schmeckt fantastisch. Inhalt: Apfelsaft 60%, Mangop\u00fcree 20%, Wasser, Fruchtzucker, Vitamin C.<\/p>\n","protected":false},"excerpt":{"rendered":"<p>06&#215;1,00 L\u00f6ffler Mango Fruchtsaftgetr\u00e4nk &#8211; Fruchtgehalt: 80% &#8211; Glas Mehrweg &#8211; Pfand: \u0080 2,40 Mit nat\u00fcrl. Fruchtzucker Glyk\u00e4mischer Index: 48 WeightControlPoints: 0,8 <\/p>\n","protected":false},"featured_media":2356,"comment_status":"open","ping_status":"closed","template":"","meta":[],"product_cat":[63],"product_tag":[],"yoast_head":"<!-- This site is optimized with the Yoast SEO plugin v19.14 - https:\/\/yoast.com\/wordpress\/plugins\/seo\/ -->\n<title>L\u00f6ffler 1,0 Mango Fruchtsaftgetr\u00e4nk - 06\/1,00 - Getr\u00e4nke Schl\u00fcter Onlineshop<\/title>\n<meta name=\"robots\" content=\"noindex, follow, max-snippet:-1, max-image-preview:large, max-video-preview:-1\" \/>\n<meta property=\"og:locale\" content=\"de_DE\" \/>\n<meta property=\"og:type\" content=\"article\" \/>\n<meta property=\"og:title\" content=\"L\u00f6ffler 1,0 Mango Fruchtsaftgetr\u00e4nk - 06\/1,00 - Getr\u00e4nke Schl\u00fcter Onlineshop\" \/>\n<meta property=\"og:description\" content=\"06x1,00 L\u00f6ffler Mango Fruchtsaftgetr\u00e4nk - Fruchtgehalt: 80% - Glas Mehrweg - Pfand: \u0080 2,40 Mit nat\u00fcrl. Fruchtzucker Glyk\u00e4mischer Index: 48 WeightControlPoints: 0,8\" \/>\n<meta property=\"og:url\" content=\"https:\/\/shop.merolution.de\/index.php\/product\/loeffler-10-mango-fruchtsaftgetraenk-06-100\/\" \/>\n<meta property=\"og:site_name\" content=\"Getr\u00e4nke Schl\u00fcter Onlineshop\" \/>\n<meta property=\"og:image\" content=\"https:\/\/shop.merolution.de\/wp-content\/uploads\/2020\/05\/mango.jpg\" \/>\n\t<meta property=\"og:image:width\" content=\"150\" \/>\n\t<meta property=\"og:image:height\" content=\"300\" \/>\n\t<meta property=\"og:image:type\" content=\"image\/jpeg\" \/>\n<meta name=\"twitter:card\" content=\"summary_large_image\" \/>\n<script type=\"application\/ld+json\" class=\"yoast-schema-graph\">{\"@context\":\"https:\/\/schema.org\",\"@graph\":[{\"@type\":\"WebPage\",\"@id\":\"https:\/\/shop.merolution.de\/index.php\/product\/loeffler-10-mango-fruchtsaftgetraenk-06-100\/\",\"url\":\"https:\/\/shop.merolution.de\/index.php\/product\/loeffler-10-mango-fruchtsaftgetraenk-06-100\/\",\"name\":\"L\u00f6ffler 1,0 Mango Fruchtsaftgetr\u00e4nk - 06\/1,00 - Getr\u00e4nke Schl\u00fcter Onlineshop\",\"isPartOf\":{\"@id\":\"https:\/\/shop.merolution.de\/#website\"},\"datePublished\":\"2020-05-28T09:59:15+00:00\",\"dateModified\":\"2020-05-28T09:59:15+00:00\",\"breadcrumb\":{\"@id\":\"https:\/\/shop.merolution.de\/index.php\/product\/loeffler-10-mango-fruchtsaftgetraenk-06-100\/#breadcrumb\"},\"inLanguage\":\"de\",\"potentialAction\":[{\"@type\":\"ReadAction\",\"target\":[\"https:\/\/shop.merolution.de\/index.php\/product\/loeffler-10-mango-fruchtsaftgetraenk-06-100\/\"]}]},{\"@type\":\"BreadcrumbList\",\"@id\":\"https:\/\/shop.merolution.de\/index.php\/product\/loeffler-10-mango-fruchtsaftgetraenk-06-100\/#breadcrumb\",\"itemListElement\":[{\"@type\":\"ListItem\",\"position\":1,\"name\":\"Home\",\"item\":\"https:\/\/shop.merolution.de\/\"},{\"@type\":\"ListItem\",\"position\":2,\"name\":\"Shop\",\"item\":\"https:\/\/shop.merolution.de\/\"},{\"@type\":\"ListItem\",\"position\":3,\"name\":\"L\u00f6ffler 1,0 Mango Fruchtsaftgetr\u00e4nk &#8211; 06\/1,00\"}]},{\"@type\":\"WebSite\",\"@id\":\"https:\/\/shop.merolution.de\/#website\",\"url\":\"https:\/\/shop.merolution.de\/\",\"name\":\"Getr\u00e4nke Schl\u00fcter Onlineshop\",\"description\":\"Ihr Getr\u00e4nke-Partner in Hannover\",\"potentialAction\":[{\"@type\":\"SearchAction\",\"target\":{\"@type\":\"EntryPoint\",\"urlTemplate\":\"https:\/\/shop.merolution.de\/?s={search_term_string}\"},\"query-input\":\"required name=search_term_string\"}],\"inLanguage\":\"de\"}]}<\/script>\n<!-- \/ Yoast SEO plugin. -->","yoast_head_json":{"title":"L\u00f6ffler 1,0 Mango Fruchtsaftgetr\u00e4nk - 06\/1,00 - Getr\u00e4nke Schl\u00fcter Onlineshop","robots":{"index":"noindex","follow":"follow","max-snippet":"max-snippet:-1","max-image-preview":"max-image-preview:large","max-video-preview":"max-video-preview:-1"},"og_locale":"de_DE","og_type":"article","og_title":"L\u00f6ffler 1,0 Mango Fruchtsaftgetr\u00e4nk - 06\/1,00 - Getr\u00e4nke Schl\u00fcter Onlineshop","og_description":"06x1,00 L\u00f6ffler Mango Fruchtsaftgetr\u00e4nk - Fruchtgehalt: 80% - Glas Mehrweg - Pfand: \u0080 2,40 Mit nat\u00fcrl. Fruchtzucker Glyk\u00e4mischer Index: 48 WeightControlPoints: 0,8","og_url":"https:\/\/shop.merolution.de\/index.php\/product\/loeffler-10-mango-fruchtsaftgetraenk-06-100\/","og_site_name":"Getr\u00e4nke Schl\u00fcter Onlineshop","og_image":[{"width":150,"height":300,"url":"https:\/\/shop.merolution.de\/wp-content\/uploads\/2020\/05\/mango.jpg","type":"image\/jpeg"}],"twitter_card":"summary_large_image","schema":{"@context":"https:\/\/schema.org","@graph":[{"@type":"WebPage","@id":"https:\/\/shop.merolution.de\/index.php\/product\/loeffler-10-mango-fruchtsaftgetraenk-06-100\/","url":"https:\/\/shop.merolution.de\/index.php\/product\/loeffler-10-mango-fruchtsaftgetraenk-06-100\/","name":"L\u00f6ffler 1,0 Mango Fruchtsaftgetr\u00e4nk - 06\/1,00 - Getr\u00e4nke Schl\u00fcter Onlineshop","isPartOf":{"@id":"https:\/\/shop.merolution.de\/#website"},"datePublished":"2020-05-28T09:59:15+00:00","dateModified":"2020-05-28T09:59:15+00:00","breadcrumb":{"@id":"https:\/\/shop.merolution.de\/index.php\/product\/loeffler-10-mango-fruchtsaftgetraenk-06-100\/#breadcrumb"},"inLanguage":"de","potentialAction":[{"@type":"ReadAction","target":["https:\/\/shop.merolution.de\/index.php\/product\/loeffler-10-mango-fruchtsaftgetraenk-06-100\/"]}]},{"@type":"BreadcrumbList","@id":"https:\/\/shop.merolution.de\/index.php\/product\/loeffler-10-mango-fruchtsaftgetraenk-06-100\/#breadcrumb","itemListElement":[{"@type":"ListItem","position":1,"name":"Home","item":"https:\/\/shop.merolution.de\/"},{"@type":"ListItem","position":2,"name":"Shop","item":"https:\/\/shop.merolution.de\/"},{"@type":"ListItem","position":3,"name":"L\u00f6ffler 1,0 Mango Fruchtsaftgetr\u00e4nk &#8211; 06\/1,00"}]},{"@type":"WebSite","@id":"https:\/\/shop.merolution.de\/#website","url":"https:\/\/shop.merolution.de\/","name":"Getr\u00e4nke Schl\u00fcter Onlineshop","description":"Ihr Getr\u00e4nke-Partner in Hannover","potentialAction":[{"@type":"SearchAction","target":{"@type":"EntryPoint","urlTemplate":"https:\/\/shop.merolution.de\/?s={search_term_string}"},"query-input":"required name=search_term_string"}],"inLanguage":"de"}]}},"_links":{"self":[{"href":"https:\/\/shop.merolution.de\/index.php\/wp-json\/wp\/v2\/product\/2355"}],"collection":[{"href":"https:\/\/shop.merolution.de\/index.php\/wp-json\/wp\/v2\/product"}],"about":[{"href":"https:\/\/shop.merolution.de\/index.php\/wp-json\/wp\/v2\/types\/product"}],"replies":[{"embeddable":true,"href":"https:\/\/shop.merolution.de\/index.php\/wp-json\/wp\/v2\/comments?post=2355"}],"wp:featuredmedia":[{"embeddable":true,"href":"https:\/\/shop.merolution.de\/index.php\/wp-json\/wp\/v2\/media\/2356"}],"wp:attachment":[{"href":"https:\/\/shop.merolution.de\/index.php\/wp-json\/wp\/v2\/media?parent=2355"}],"wp:term":[{"taxonomy":"product_cat","embeddable":true,"href":"https:\/\/shop.merolution.de\/index.php\/wp-json\/wp\/v2\/product_cat?post=2355"},{"taxonomy":"product_tag","embeddable":true,"href":"https:\/\/shop.merolution.de\/index.php\/wp-json\/wp\/v2\/product_tag?post=2355"}],"curies":[{"name":"wp","href":"https:\/\/api.w.org\/{rel}","templated":true}]}}