{"id":2509,"date":"2020-05-28T09:59:40","date_gmt":"2020-05-28T09:59:40","guid":{"rendered":"https:\/\/shop.merolution.de\/index.php\/product\/loeffler-07-apfelsaft-klar-100-06-070\/"},"modified":"2020-05-28T09:59:40","modified_gmt":"2020-05-28T09:59:40","slug":"loeffler-07-apfelsaft-klar-100-06-070","status":"publish","type":"product","link":"https:\/\/shop.merolution.de\/index.php\/product\/loeffler-07-apfelsaft-klar-100-06-070\/","title":{"rendered":"L\u00f6ffler 0,7 Apfelsaft klar 100% &#8211; 06\/0,70"},"content":{"rendered":"<p>06\/0,70 &#8211; 100% klarer Apfelsaft in der praktischen 0,7L Glasflasche &#8211; wiederverschlie\u00dfbar &#8211; Glas-Mehrweg &#8211; Pfand \u0080 2,40 Wird nur aus \u00c4pfeln von heimischen G\u00e4rten und Streuobstwiesen produziert. Zeichnet sich durch einen hohen Gehalt an sekund\u00e4ren Pflanzenstoffen aus und ist reich an wertvollen nat\u00fcrlichen Polyphenolen. Sie dienen dem Zellschutz. Ein v\u00f6llig gesunder, mineralstoffreicher Durstl\u00f6scher. Ohne Zuckerzusatz Glyk\u00e4mischer Index: 48 WeightControlPoints: 0,8Zusatz-Informationen(Hinweis) Glyk\u00e4mischer Index<\/p>\n","protected":false},"excerpt":{"rendered":"<p>06\/0,70 &#8211; 100% klarer Apfelsaft in der praktischen 0,7L Glasflasche &#8211; wiederverschlie\u00dfbar &#8211; Glas-Mehrweg &#8211; Pfand \u0080 2,40 Ohne Zuckerzusatz Glyk\u00e4mischer Index: 48 WeightControlPoints: 0,8Zusatz-Informationen(Hinweis) Glyk\u00e4mischer Index<\/p>\n","protected":false},"featured_media":2510,"comment_status":"open","ping_status":"closed","template":"","meta":[],"product_cat":[64],"product_tag":[],"yoast_head":"<!-- This site is optimized with the Yoast SEO plugin v19.14 - https:\/\/yoast.com\/wordpress\/plugins\/seo\/ -->\n<title>L\u00f6ffler 0,7 Apfelsaft klar 100% - 06\/0,70 - Getr\u00e4nke Schl\u00fcter Onlineshop<\/title>\n<meta name=\"robots\" content=\"noindex, follow, max-snippet:-1, max-image-preview:large, max-video-preview:-1\" \/>\n<meta property=\"og:locale\" content=\"de_DE\" \/>\n<meta property=\"og:type\" content=\"article\" \/>\n<meta property=\"og:title\" content=\"L\u00f6ffler 0,7 Apfelsaft klar 100% - 06\/0,70 - Getr\u00e4nke Schl\u00fcter Onlineshop\" \/>\n<meta property=\"og:description\" content=\"06\/0,70 - 100% klarer Apfelsaft in der praktischen 0,7L Glasflasche - wiederverschlie\u00dfbar - Glas-Mehrweg - Pfand \u0080 2,40 Ohne Zuckerzusatz Glyk\u00e4mischer Index: 48 WeightControlPoints: 0,8Zusatz-Informationen(Hinweis) Glyk\u00e4mischer Index\" \/>\n<meta property=\"og:url\" content=\"https:\/\/shop.merolution.de\/index.php\/product\/loeffler-07-apfelsaft-klar-100-06-070\/\" \/>\n<meta property=\"og:site_name\" content=\"Getr\u00e4nke Schl\u00fcter Onlineshop\" \/>\n<meta property=\"og:image\" content=\"https:\/\/shop.merolution.de\/wp-content\/uploads\/2020\/05\/07-vdf-kiste.png\" \/>\n\t<meta property=\"og:image:width\" content=\"140\" \/>\n\t<meta property=\"og:image:height\" content=\"144\" \/>\n\t<meta property=\"og:image:type\" content=\"image\/png\" \/>\n<meta name=\"twitter:card\" content=\"summary_large_image\" \/>\n<script type=\"application\/ld+json\" class=\"yoast-schema-graph\">{\"@context\":\"https:\/\/schema.org\",\"@graph\":[{\"@type\":\"WebPage\",\"@id\":\"https:\/\/shop.merolution.de\/index.php\/product\/loeffler-07-apfelsaft-klar-100-06-070\/\",\"url\":\"https:\/\/shop.merolution.de\/index.php\/product\/loeffler-07-apfelsaft-klar-100-06-070\/\",\"name\":\"L\u00f6ffler 0,7 Apfelsaft klar 100% - 06\/0,70 - Getr\u00e4nke Schl\u00fcter Onlineshop\",\"isPartOf\":{\"@id\":\"https:\/\/shop.merolution.de\/#website\"},\"datePublished\":\"2020-05-28T09:59:40+00:00\",\"dateModified\":\"2020-05-28T09:59:40+00:00\",\"breadcrumb\":{\"@id\":\"https:\/\/shop.merolution.de\/index.php\/product\/loeffler-07-apfelsaft-klar-100-06-070\/#breadcrumb\"},\"inLanguage\":\"de\",\"potentialAction\":[{\"@type\":\"ReadAction\",\"target\":[\"https:\/\/shop.merolution.de\/index.php\/product\/loeffler-07-apfelsaft-klar-100-06-070\/\"]}]},{\"@type\":\"BreadcrumbList\",\"@id\":\"https:\/\/shop.merolution.de\/index.php\/product\/loeffler-07-apfelsaft-klar-100-06-070\/#breadcrumb\",\"itemListElement\":[{\"@type\":\"ListItem\",\"position\":1,\"name\":\"Home\",\"item\":\"https:\/\/shop.merolution.de\/\"},{\"@type\":\"ListItem\",\"position\":2,\"name\":\"Shop\",\"item\":\"https:\/\/shop.merolution.de\/\"},{\"@type\":\"ListItem\",\"position\":3,\"name\":\"L\u00f6ffler 0,7 Apfelsaft klar 100% &#8211; 06\/0,70\"}]},{\"@type\":\"WebSite\",\"@id\":\"https:\/\/shop.merolution.de\/#website\",\"url\":\"https:\/\/shop.merolution.de\/\",\"name\":\"Getr\u00e4nke Schl\u00fcter Onlineshop\",\"description\":\"Ihr Getr\u00e4nke-Partner in Hannover\",\"potentialAction\":[{\"@type\":\"SearchAction\",\"target\":{\"@type\":\"EntryPoint\",\"urlTemplate\":\"https:\/\/shop.merolution.de\/?s={search_term_string}\"},\"query-input\":\"required name=search_term_string\"}],\"inLanguage\":\"de\"}]}<\/script>\n<!-- \/ Yoast SEO plugin. -->","yoast_head_json":{"title":"L\u00f6ffler 0,7 Apfelsaft klar 100% - 06\/0,70 - Getr\u00e4nke Schl\u00fcter Onlineshop","robots":{"index":"noindex","follow":"follow","max-snippet":"max-snippet:-1","max-image-preview":"max-image-preview:large","max-video-preview":"max-video-preview:-1"},"og_locale":"de_DE","og_type":"article","og_title":"L\u00f6ffler 0,7 Apfelsaft klar 100% - 06\/0,70 - Getr\u00e4nke Schl\u00fcter Onlineshop","og_description":"06\/0,70 - 100% klarer Apfelsaft in der praktischen 0,7L Glasflasche - wiederverschlie\u00dfbar - Glas-Mehrweg - Pfand \u0080 2,40 Ohne Zuckerzusatz Glyk\u00e4mischer Index: 48 WeightControlPoints: 0,8Zusatz-Informationen(Hinweis) Glyk\u00e4mischer Index","og_url":"https:\/\/shop.merolution.de\/index.php\/product\/loeffler-07-apfelsaft-klar-100-06-070\/","og_site_name":"Getr\u00e4nke Schl\u00fcter Onlineshop","og_image":[{"width":140,"height":144,"url":"https:\/\/shop.merolution.de\/wp-content\/uploads\/2020\/05\/07-vdf-kiste.png","type":"image\/png"}],"twitter_card":"summary_large_image","schema":{"@context":"https:\/\/schema.org","@graph":[{"@type":"WebPage","@id":"https:\/\/shop.merolution.de\/index.php\/product\/loeffler-07-apfelsaft-klar-100-06-070\/","url":"https:\/\/shop.merolution.de\/index.php\/product\/loeffler-07-apfelsaft-klar-100-06-070\/","name":"L\u00f6ffler 0,7 Apfelsaft klar 100% - 06\/0,70 - Getr\u00e4nke Schl\u00fcter Onlineshop","isPartOf":{"@id":"https:\/\/shop.merolution.de\/#website"},"datePublished":"2020-05-28T09:59:40+00:00","dateModified":"2020-05-28T09:59:40+00:00","breadcrumb":{"@id":"https:\/\/shop.merolution.de\/index.php\/product\/loeffler-07-apfelsaft-klar-100-06-070\/#breadcrumb"},"inLanguage":"de","potentialAction":[{"@type":"ReadAction","target":["https:\/\/shop.merolution.de\/index.php\/product\/loeffler-07-apfelsaft-klar-100-06-070\/"]}]},{"@type":"BreadcrumbList","@id":"https:\/\/shop.merolution.de\/index.php\/product\/loeffler-07-apfelsaft-klar-100-06-070\/#breadcrumb","itemListElement":[{"@type":"ListItem","position":1,"name":"Home","item":"https:\/\/shop.merolution.de\/"},{"@type":"ListItem","position":2,"name":"Shop","item":"https:\/\/shop.merolution.de\/"},{"@type":"ListItem","position":3,"name":"L\u00f6ffler 0,7 Apfelsaft klar 100% &#8211; 06\/0,70"}]},{"@type":"WebSite","@id":"https:\/\/shop.merolution.de\/#website","url":"https:\/\/shop.merolution.de\/","name":"Getr\u00e4nke Schl\u00fcter Onlineshop","description":"Ihr Getr\u00e4nke-Partner in Hannover","potentialAction":[{"@type":"SearchAction","target":{"@type":"EntryPoint","urlTemplate":"https:\/\/shop.merolution.de\/?s={search_term_string}"},"query-input":"required name=search_term_string"}],"inLanguage":"de"}]}},"_links":{"self":[{"href":"https:\/\/shop.merolution.de\/index.php\/wp-json\/wp\/v2\/product\/2509"}],"collection":[{"href":"https:\/\/shop.merolution.de\/index.php\/wp-json\/wp\/v2\/product"}],"about":[{"href":"https:\/\/shop.merolution.de\/index.php\/wp-json\/wp\/v2\/types\/product"}],"replies":[{"embeddable":true,"href":"https:\/\/shop.merolution.de\/index.php\/wp-json\/wp\/v2\/comments?post=2509"}],"wp:featuredmedia":[{"embeddable":true,"href":"https:\/\/shop.merolution.de\/index.php\/wp-json\/wp\/v2\/media\/2510"}],"wp:attachment":[{"href":"https:\/\/shop.merolution.de\/index.php\/wp-json\/wp\/v2\/media?parent=2509"}],"wp:term":[{"taxonomy":"product_cat","embeddable":true,"href":"https:\/\/shop.merolution.de\/index.php\/wp-json\/wp\/v2\/product_cat?post=2509"},{"taxonomy":"product_tag","embeddable":true,"href":"https:\/\/shop.merolution.de\/index.php\/wp-json\/wp\/v2\/product_tag?post=2509"}],"curies":[{"name":"wp","href":"https:\/\/api.w.org\/{rel}","templated":true}]}}