{"id":2511,"date":"2020-05-28T09:59:40","date_gmt":"2020-05-28T09:59:40","guid":{"rendered":"https:\/\/shop.merolution.de\/index.php\/product\/loeffler-07-apfelsaft-naturtrueb-100-06-070\/"},"modified":"2020-05-28T09:59:40","modified_gmt":"2020-05-28T09:59:40","slug":"loeffler-07-apfelsaft-naturtrueb-100-06-070","status":"publish","type":"product","link":"https:\/\/shop.merolution.de\/index.php\/product\/loeffler-07-apfelsaft-naturtrueb-100-06-070\/","title":{"rendered":"L\u00f6ffler 0,7 Apfelsaft naturtr\u00fcb 100% &#8211; 06\/0,70"},"content":{"rendered":"<p>06\/0,70 &#8211; naturtr\u00fcber Apfelsaft in der praktischen 0,7L Glasflasche &#8211; nicht zu gro\u00df und nicht zu klein &#8211; wiederverschlie\u00dfbar &#8211; Pfand \u0080 2,40 &#8211; Frisch gepresster Apfeldirektsaft von allerh\u00f6chster Qualit\u00e4t aus heimischem Streuobst. Hat den h\u00f6chsten Gehalt gesundheitsf\u00f6rdernder Polyphenole von allen Apfels\u00e4ften: n\u00e4mlich 1.300 mg pro Liter, das ist die dreifache Menge vieler herk\u00f6mmlicher anderer Apfels\u00e4fte.Ohne Zuckerzusatz Glyk\u00e4mischer Index: 48 WeightControlPoints: 0,8Zusatz-Informationen(Hinweis) Glyk\u00e4mischer Index<\/p>\n","protected":false},"excerpt":{"rendered":"<p>06\/0,70 &#8211; naturtr\u00fcber Apfelsaft in der praktischen 0,7L Glasflasche &#8211; nicht zu gro\u00df und nicht zu klein &#8211; wiederverschlie\u00dfbar &#8211; Pfand \u0080 2,40 &#8211; Frisch gepresster Apfeldirektsaft von allerh\u00f6chster Qualit\u00e4t aus heimischem Streuobst. Hat den h\u00f6chsten Gehalt gesundheitsf\u00f6rdernder Polyphenole von allen Apfels\u00e4ften: n\u00e4mlich 1.300 mg pro Liter, das ist die dreifache Menge vieler herk\u00f6mmlicher anderer Apfels\u00e4fte.Ohne Zuckerzusatz Glyk\u00e4mischer Index: 48 WeightControlPoints: 0,8Zusatz-Informationen(Hinweis) Glyk\u00e4mischer Index<\/p>\n","protected":false},"featured_media":0,"comment_status":"open","ping_status":"closed","template":"","meta":[],"product_cat":[64],"product_tag":[],"yoast_head":"<!-- This site is optimized with the Yoast SEO plugin v19.14 - https:\/\/yoast.com\/wordpress\/plugins\/seo\/ -->\n<title>L\u00f6ffler 0,7 Apfelsaft naturtr\u00fcb 100% - 06\/0,70 - Getr\u00e4nke Schl\u00fcter Onlineshop<\/title>\n<meta name=\"robots\" content=\"noindex, follow, max-snippet:-1, max-image-preview:large, max-video-preview:-1\" \/>\n<meta property=\"og:locale\" content=\"de_DE\" \/>\n<meta property=\"og:type\" content=\"article\" \/>\n<meta property=\"og:title\" content=\"L\u00f6ffler 0,7 Apfelsaft naturtr\u00fcb 100% - 06\/0,70 - Getr\u00e4nke Schl\u00fcter Onlineshop\" \/>\n<meta property=\"og:description\" content=\"06\/0,70 - naturtr\u00fcber Apfelsaft in der praktischen 0,7L Glasflasche - nicht zu gro\u00df und nicht zu klein - wiederverschlie\u00dfbar - Pfand \u0080 2,40 - Frisch gepresster Apfeldirektsaft von allerh\u00f6chster Qualit\u00e4t aus heimischem Streuobst. Hat den h\u00f6chsten Gehalt gesundheitsf\u00f6rdernder Polyphenole von allen Apfels\u00e4ften: n\u00e4mlich 1.300 mg pro Liter, das ist die dreifache Menge vieler herk\u00f6mmlicher anderer Apfels\u00e4fte.Ohne Zuckerzusatz Glyk\u00e4mischer Index: 48 WeightControlPoints: 0,8Zusatz-Informationen(Hinweis) Glyk\u00e4mischer Index\" \/>\n<meta property=\"og:url\" content=\"https:\/\/shop.merolution.de\/index.php\/product\/loeffler-07-apfelsaft-naturtrueb-100-06-070\/\" \/>\n<meta property=\"og:site_name\" content=\"Getr\u00e4nke Schl\u00fcter Onlineshop\" \/>\n<meta name=\"twitter:card\" content=\"summary_large_image\" \/>\n<script type=\"application\/ld+json\" class=\"yoast-schema-graph\">{\"@context\":\"https:\/\/schema.org\",\"@graph\":[{\"@type\":\"WebPage\",\"@id\":\"https:\/\/shop.merolution.de\/index.php\/product\/loeffler-07-apfelsaft-naturtrueb-100-06-070\/\",\"url\":\"https:\/\/shop.merolution.de\/index.php\/product\/loeffler-07-apfelsaft-naturtrueb-100-06-070\/\",\"name\":\"L\u00f6ffler 0,7 Apfelsaft naturtr\u00fcb 100% - 06\/0,70 - Getr\u00e4nke Schl\u00fcter Onlineshop\",\"isPartOf\":{\"@id\":\"https:\/\/shop.merolution.de\/#website\"},\"datePublished\":\"2020-05-28T09:59:40+00:00\",\"dateModified\":\"2020-05-28T09:59:40+00:00\",\"breadcrumb\":{\"@id\":\"https:\/\/shop.merolution.de\/index.php\/product\/loeffler-07-apfelsaft-naturtrueb-100-06-070\/#breadcrumb\"},\"inLanguage\":\"de\",\"potentialAction\":[{\"@type\":\"ReadAction\",\"target\":[\"https:\/\/shop.merolution.de\/index.php\/product\/loeffler-07-apfelsaft-naturtrueb-100-06-070\/\"]}]},{\"@type\":\"BreadcrumbList\",\"@id\":\"https:\/\/shop.merolution.de\/index.php\/product\/loeffler-07-apfelsaft-naturtrueb-100-06-070\/#breadcrumb\",\"itemListElement\":[{\"@type\":\"ListItem\",\"position\":1,\"name\":\"Home\",\"item\":\"https:\/\/shop.merolution.de\/\"},{\"@type\":\"ListItem\",\"position\":2,\"name\":\"Shop\",\"item\":\"https:\/\/shop.merolution.de\/\"},{\"@type\":\"ListItem\",\"position\":3,\"name\":\"L\u00f6ffler 0,7 Apfelsaft naturtr\u00fcb 100% &#8211; 06\/0,70\"}]},{\"@type\":\"WebSite\",\"@id\":\"https:\/\/shop.merolution.de\/#website\",\"url\":\"https:\/\/shop.merolution.de\/\",\"name\":\"Getr\u00e4nke Schl\u00fcter Onlineshop\",\"description\":\"Ihr Getr\u00e4nke-Partner in Hannover\",\"potentialAction\":[{\"@type\":\"SearchAction\",\"target\":{\"@type\":\"EntryPoint\",\"urlTemplate\":\"https:\/\/shop.merolution.de\/?s={search_term_string}\"},\"query-input\":\"required name=search_term_string\"}],\"inLanguage\":\"de\"}]}<\/script>\n<!-- \/ Yoast SEO plugin. -->","yoast_head_json":{"title":"L\u00f6ffler 0,7 Apfelsaft naturtr\u00fcb 100% - 06\/0,70 - Getr\u00e4nke Schl\u00fcter Onlineshop","robots":{"index":"noindex","follow":"follow","max-snippet":"max-snippet:-1","max-image-preview":"max-image-preview:large","max-video-preview":"max-video-preview:-1"},"og_locale":"de_DE","og_type":"article","og_title":"L\u00f6ffler 0,7 Apfelsaft naturtr\u00fcb 100% - 06\/0,70 - Getr\u00e4nke Schl\u00fcter Onlineshop","og_description":"06\/0,70 - naturtr\u00fcber Apfelsaft in der praktischen 0,7L Glasflasche - nicht zu gro\u00df und nicht zu klein - wiederverschlie\u00dfbar - Pfand \u0080 2,40 - Frisch gepresster Apfeldirektsaft von allerh\u00f6chster Qualit\u00e4t aus heimischem Streuobst. Hat den h\u00f6chsten Gehalt gesundheitsf\u00f6rdernder Polyphenole von allen Apfels\u00e4ften: n\u00e4mlich 1.300 mg pro Liter, das ist die dreifache Menge vieler herk\u00f6mmlicher anderer Apfels\u00e4fte.Ohne Zuckerzusatz Glyk\u00e4mischer Index: 48 WeightControlPoints: 0,8Zusatz-Informationen(Hinweis) Glyk\u00e4mischer Index","og_url":"https:\/\/shop.merolution.de\/index.php\/product\/loeffler-07-apfelsaft-naturtrueb-100-06-070\/","og_site_name":"Getr\u00e4nke Schl\u00fcter Onlineshop","twitter_card":"summary_large_image","schema":{"@context":"https:\/\/schema.org","@graph":[{"@type":"WebPage","@id":"https:\/\/shop.merolution.de\/index.php\/product\/loeffler-07-apfelsaft-naturtrueb-100-06-070\/","url":"https:\/\/shop.merolution.de\/index.php\/product\/loeffler-07-apfelsaft-naturtrueb-100-06-070\/","name":"L\u00f6ffler 0,7 Apfelsaft naturtr\u00fcb 100% - 06\/0,70 - Getr\u00e4nke Schl\u00fcter Onlineshop","isPartOf":{"@id":"https:\/\/shop.merolution.de\/#website"},"datePublished":"2020-05-28T09:59:40+00:00","dateModified":"2020-05-28T09:59:40+00:00","breadcrumb":{"@id":"https:\/\/shop.merolution.de\/index.php\/product\/loeffler-07-apfelsaft-naturtrueb-100-06-070\/#breadcrumb"},"inLanguage":"de","potentialAction":[{"@type":"ReadAction","target":["https:\/\/shop.merolution.de\/index.php\/product\/loeffler-07-apfelsaft-naturtrueb-100-06-070\/"]}]},{"@type":"BreadcrumbList","@id":"https:\/\/shop.merolution.de\/index.php\/product\/loeffler-07-apfelsaft-naturtrueb-100-06-070\/#breadcrumb","itemListElement":[{"@type":"ListItem","position":1,"name":"Home","item":"https:\/\/shop.merolution.de\/"},{"@type":"ListItem","position":2,"name":"Shop","item":"https:\/\/shop.merolution.de\/"},{"@type":"ListItem","position":3,"name":"L\u00f6ffler 0,7 Apfelsaft naturtr\u00fcb 100% &#8211; 06\/0,70"}]},{"@type":"WebSite","@id":"https:\/\/shop.merolution.de\/#website","url":"https:\/\/shop.merolution.de\/","name":"Getr\u00e4nke Schl\u00fcter Onlineshop","description":"Ihr Getr\u00e4nke-Partner in Hannover","potentialAction":[{"@type":"SearchAction","target":{"@type":"EntryPoint","urlTemplate":"https:\/\/shop.merolution.de\/?s={search_term_string}"},"query-input":"required name=search_term_string"}],"inLanguage":"de"}]}},"_links":{"self":[{"href":"https:\/\/shop.merolution.de\/index.php\/wp-json\/wp\/v2\/product\/2511"}],"collection":[{"href":"https:\/\/shop.merolution.de\/index.php\/wp-json\/wp\/v2\/product"}],"about":[{"href":"https:\/\/shop.merolution.de\/index.php\/wp-json\/wp\/v2\/types\/product"}],"replies":[{"embeddable":true,"href":"https:\/\/shop.merolution.de\/index.php\/wp-json\/wp\/v2\/comments?post=2511"}],"wp:attachment":[{"href":"https:\/\/shop.merolution.de\/index.php\/wp-json\/wp\/v2\/media?parent=2511"}],"wp:term":[{"taxonomy":"product_cat","embeddable":true,"href":"https:\/\/shop.merolution.de\/index.php\/wp-json\/wp\/v2\/product_cat?post=2511"},{"taxonomy":"product_tag","embeddable":true,"href":"https:\/\/shop.merolution.de\/index.php\/wp-json\/wp\/v2\/product_tag?post=2511"}],"curies":[{"name":"wp","href":"https:\/\/api.w.org\/{rel}","templated":true}]}}