{"id":2732,"date":"2020-05-28T10:00:18","date_gmt":"2020-05-28T10:00:18","guid":{"rendered":"https:\/\/shop.merolution.de\/index.php\/product\/geldermann-rose-sekt\/"},"modified":"2020-05-28T10:00:18","modified_gmt":"2020-05-28T10:00:18","slug":"geldermann-rose-sekt","status":"publish","type":"product","link":"https:\/\/shop.merolution.de\/index.php\/product\/geldermann-rose-sekt\/","title":{"rendered":"Geldermann Ros\u00e9 Sekt"},"content":{"rendered":"<p>01\/0,75 &#8211; 12vol% &#8211; Ein trockener Geldermann von ganz anderer Farbe. In diesem Ros\u00e9 paart sich das Aroma eines Rotweins vom Kaiserstuhl mit dem von Spitzenweinen aus Pineau de Loire und Chardonnay-Reben. Nach zwei Jahren der Reife auf dem R\u00fcttelbrett, Degorgieren und der Dosage, kurz, nachdem der traditionellen Flascheng\u00e4rung Gen\u00fcge getan worden ist, empf\u00e4ngt den Kenner eine fruchtige Note, die einem Geldermann Ros\u00e9 erlaubt, Ihr Menu durchg\u00e4ngig bis zum Dessert zu begleiten. Ein wundervoller Sekt &#8211; nicht nur &#8211; f\u00fcr die besonderen Momente.<\/p>\n","protected":false},"excerpt":{"rendered":"<p>01\/0,75 &#8211; 12vol% &#8211; Ein trockener Geldermann von ganz anderer Farbe. In diesem Ros\u00e9 paart sich das Aroma eines Rotweins vom Kaiserstuhl mit dem von Spitzenweinen aus Pineau de Loire und Chardonnay-Reben. Nach zwei Jahren der Reife auf dem R\u00fcttelbrett, Degorgieren und der Dosage, kurz, nachdem der traditionellen Flascheng\u00e4rung Gen\u00fcge getan worden ist, empf\u00e4ngt den Kenner eine fruchtige Note, die einem Geldermann Ros\u00e9 erlaubt, Ihr Menu durchg\u00e4ngig bis zum Dessert zu begleiten. Ein wundervoller Sekt &#8211; nicht nur &#8211; f\u00fcr die besonderen Momente.<\/p>\n","protected":false},"featured_media":2733,"comment_status":"open","ping_status":"closed","template":"","meta":[],"product_cat":[76],"product_tag":[],"yoast_head":"<!-- This site is optimized with the Yoast SEO plugin v19.14 - https:\/\/yoast.com\/wordpress\/plugins\/seo\/ -->\n<title>Geldermann Ros\u00e9 Sekt - Getr\u00e4nke Schl\u00fcter Onlineshop<\/title>\n<meta name=\"robots\" content=\"noindex, follow, max-snippet:-1, max-image-preview:large, max-video-preview:-1\" \/>\n<meta property=\"og:locale\" content=\"de_DE\" \/>\n<meta property=\"og:type\" content=\"article\" \/>\n<meta property=\"og:title\" content=\"Geldermann Ros\u00e9 Sekt - Getr\u00e4nke Schl\u00fcter Onlineshop\" \/>\n<meta property=\"og:description\" content=\"01\/0,75 - 12vol% - Ein trockener Geldermann von ganz anderer Farbe. In diesem Ros\u00e9 paart sich das Aroma eines Rotweins vom Kaiserstuhl mit dem von Spitzenweinen aus Pineau de Loire und Chardonnay-Reben. Nach zwei Jahren der Reife auf dem R\u00fcttelbrett, Degorgieren und der Dosage, kurz, nachdem der traditionellen Flascheng\u00e4rung Gen\u00fcge getan worden ist, empf\u00e4ngt den Kenner eine fruchtige Note, die einem Geldermann Ros\u00e9 erlaubt, Ihr Menu durchg\u00e4ngig bis zum Dessert zu begleiten. Ein wundervoller Sekt - nicht nur - f\u00fcr die besonderen Momente.\" \/>\n<meta property=\"og:url\" content=\"https:\/\/shop.merolution.de\/index.php\/product\/geldermann-rose-sekt\/\" \/>\n<meta property=\"og:site_name\" content=\"Getr\u00e4nke Schl\u00fcter Onlineshop\" \/>\n<meta property=\"og:image\" content=\"https:\/\/shop.merolution.de\/wp-content\/uploads\/2020\/05\/geldermann-rose.jpg\" \/>\n\t<meta property=\"og:image:width\" content=\"150\" \/>\n\t<meta property=\"og:image:height\" content=\"159\" \/>\n\t<meta property=\"og:image:type\" content=\"image\/jpeg\" \/>\n<meta name=\"twitter:card\" content=\"summary_large_image\" \/>\n<script type=\"application\/ld+json\" class=\"yoast-schema-graph\">{\"@context\":\"https:\/\/schema.org\",\"@graph\":[{\"@type\":\"WebPage\",\"@id\":\"https:\/\/shop.merolution.de\/index.php\/product\/geldermann-rose-sekt\/\",\"url\":\"https:\/\/shop.merolution.de\/index.php\/product\/geldermann-rose-sekt\/\",\"name\":\"Geldermann Ros\u00e9 Sekt - Getr\u00e4nke Schl\u00fcter Onlineshop\",\"isPartOf\":{\"@id\":\"https:\/\/shop.merolution.de\/#website\"},\"datePublished\":\"2020-05-28T10:00:18+00:00\",\"dateModified\":\"2020-05-28T10:00:18+00:00\",\"breadcrumb\":{\"@id\":\"https:\/\/shop.merolution.de\/index.php\/product\/geldermann-rose-sekt\/#breadcrumb\"},\"inLanguage\":\"de\",\"potentialAction\":[{\"@type\":\"ReadAction\",\"target\":[\"https:\/\/shop.merolution.de\/index.php\/product\/geldermann-rose-sekt\/\"]}]},{\"@type\":\"BreadcrumbList\",\"@id\":\"https:\/\/shop.merolution.de\/index.php\/product\/geldermann-rose-sekt\/#breadcrumb\",\"itemListElement\":[{\"@type\":\"ListItem\",\"position\":1,\"name\":\"Home\",\"item\":\"https:\/\/shop.merolution.de\/\"},{\"@type\":\"ListItem\",\"position\":2,\"name\":\"Shop\",\"item\":\"https:\/\/shop.merolution.de\/\"},{\"@type\":\"ListItem\",\"position\":3,\"name\":\"Geldermann Ros\u00e9 Sekt\"}]},{\"@type\":\"WebSite\",\"@id\":\"https:\/\/shop.merolution.de\/#website\",\"url\":\"https:\/\/shop.merolution.de\/\",\"name\":\"Getr\u00e4nke Schl\u00fcter Onlineshop\",\"description\":\"Ihr Getr\u00e4nke-Partner in Hannover\",\"potentialAction\":[{\"@type\":\"SearchAction\",\"target\":{\"@type\":\"EntryPoint\",\"urlTemplate\":\"https:\/\/shop.merolution.de\/?s={search_term_string}\"},\"query-input\":\"required name=search_term_string\"}],\"inLanguage\":\"de\"}]}<\/script>\n<!-- \/ Yoast SEO plugin. -->","yoast_head_json":{"title":"Geldermann Ros\u00e9 Sekt - Getr\u00e4nke Schl\u00fcter Onlineshop","robots":{"index":"noindex","follow":"follow","max-snippet":"max-snippet:-1","max-image-preview":"max-image-preview:large","max-video-preview":"max-video-preview:-1"},"og_locale":"de_DE","og_type":"article","og_title":"Geldermann Ros\u00e9 Sekt - Getr\u00e4nke Schl\u00fcter Onlineshop","og_description":"01\/0,75 - 12vol% - Ein trockener Geldermann von ganz anderer Farbe. In diesem Ros\u00e9 paart sich das Aroma eines Rotweins vom Kaiserstuhl mit dem von Spitzenweinen aus Pineau de Loire und Chardonnay-Reben. Nach zwei Jahren der Reife auf dem R\u00fcttelbrett, Degorgieren und der Dosage, kurz, nachdem der traditionellen Flascheng\u00e4rung Gen\u00fcge getan worden ist, empf\u00e4ngt den Kenner eine fruchtige Note, die einem Geldermann Ros\u00e9 erlaubt, Ihr Menu durchg\u00e4ngig bis zum Dessert zu begleiten. Ein wundervoller Sekt - nicht nur - f\u00fcr die besonderen Momente.","og_url":"https:\/\/shop.merolution.de\/index.php\/product\/geldermann-rose-sekt\/","og_site_name":"Getr\u00e4nke Schl\u00fcter Onlineshop","og_image":[{"width":150,"height":159,"url":"https:\/\/shop.merolution.de\/wp-content\/uploads\/2020\/05\/geldermann-rose.jpg","type":"image\/jpeg"}],"twitter_card":"summary_large_image","schema":{"@context":"https:\/\/schema.org","@graph":[{"@type":"WebPage","@id":"https:\/\/shop.merolution.de\/index.php\/product\/geldermann-rose-sekt\/","url":"https:\/\/shop.merolution.de\/index.php\/product\/geldermann-rose-sekt\/","name":"Geldermann Ros\u00e9 Sekt - Getr\u00e4nke Schl\u00fcter Onlineshop","isPartOf":{"@id":"https:\/\/shop.merolution.de\/#website"},"datePublished":"2020-05-28T10:00:18+00:00","dateModified":"2020-05-28T10:00:18+00:00","breadcrumb":{"@id":"https:\/\/shop.merolution.de\/index.php\/product\/geldermann-rose-sekt\/#breadcrumb"},"inLanguage":"de","potentialAction":[{"@type":"ReadAction","target":["https:\/\/shop.merolution.de\/index.php\/product\/geldermann-rose-sekt\/"]}]},{"@type":"BreadcrumbList","@id":"https:\/\/shop.merolution.de\/index.php\/product\/geldermann-rose-sekt\/#breadcrumb","itemListElement":[{"@type":"ListItem","position":1,"name":"Home","item":"https:\/\/shop.merolution.de\/"},{"@type":"ListItem","position":2,"name":"Shop","item":"https:\/\/shop.merolution.de\/"},{"@type":"ListItem","position":3,"name":"Geldermann Ros\u00e9 Sekt"}]},{"@type":"WebSite","@id":"https:\/\/shop.merolution.de\/#website","url":"https:\/\/shop.merolution.de\/","name":"Getr\u00e4nke Schl\u00fcter Onlineshop","description":"Ihr Getr\u00e4nke-Partner in Hannover","potentialAction":[{"@type":"SearchAction","target":{"@type":"EntryPoint","urlTemplate":"https:\/\/shop.merolution.de\/?s={search_term_string}"},"query-input":"required name=search_term_string"}],"inLanguage":"de"}]}},"_links":{"self":[{"href":"https:\/\/shop.merolution.de\/index.php\/wp-json\/wp\/v2\/product\/2732"}],"collection":[{"href":"https:\/\/shop.merolution.de\/index.php\/wp-json\/wp\/v2\/product"}],"about":[{"href":"https:\/\/shop.merolution.de\/index.php\/wp-json\/wp\/v2\/types\/product"}],"replies":[{"embeddable":true,"href":"https:\/\/shop.merolution.de\/index.php\/wp-json\/wp\/v2\/comments?post=2732"}],"wp:featuredmedia":[{"embeddable":true,"href":"https:\/\/shop.merolution.de\/index.php\/wp-json\/wp\/v2\/media\/2733"}],"wp:attachment":[{"href":"https:\/\/shop.merolution.de\/index.php\/wp-json\/wp\/v2\/media?parent=2732"}],"wp:term":[{"taxonomy":"product_cat","embeddable":true,"href":"https:\/\/shop.merolution.de\/index.php\/wp-json\/wp\/v2\/product_cat?post=2732"},{"taxonomy":"product_tag","embeddable":true,"href":"https:\/\/shop.merolution.de\/index.php\/wp-json\/wp\/v2\/product_tag?post=2732"}],"curies":[{"name":"wp","href":"https:\/\/api.w.org\/{rel}","templated":true}]}}