{"id":3182,"date":"2020-05-28T10:01:40","date_gmt":"2020-05-28T10:01:40","guid":{"rendered":"https:\/\/shop.merolution.de\/index.php\/product\/martini-rosso-144\/"},"modified":"2020-05-28T10:01:40","modified_gmt":"2020-05-28T10:01:40","slug":"martini-rosso-144","status":"publish","type":"product","link":"https:\/\/shop.merolution.de\/index.php\/product\/martini-rosso-144\/","title":{"rendered":"Martini rosso 14,4 %"},"content":{"rendered":"<p>01\/0,70 &#8211; 14,4vol%First created by MARTINI in 1863, MARTINI Rosso is the authentic vermouth: natural, elegant, refreshing and stimulating company.Rosso\u0092s unique perfume, rich herbal notes and unmistakable dark colour mean you can always rely on it to excite the senses. Splash it over crushed ice for an intense, stylish and perfectly balanced aperitif or mix it with fruit juices or sparkling water for the perfect summertime cooler<\/p>\n","protected":false},"excerpt":{"rendered":"<p>01\/0,70 &#8211; 14,4vol%First created by MARTINI in 1863, MARTINI Rosso is the authentic vermouth: natural, elegant, refreshing and stimulating company.Rosso\u0092s unique perfume, rich herbal notes and unmistakable dark colour mean you can always rely on it to excite the senses. Splash it over crushed ice for an intense, stylish and perfectly balanced aperitif or mix it with fruit juices or sparkling water for the perfect summertime cooler<\/p>\n","protected":false},"featured_media":3183,"comment_status":"open","ping_status":"closed","template":"","meta":[],"product_cat":[79],"product_tag":[],"yoast_head":"<!-- This site is optimized with the Yoast SEO plugin v19.14 - https:\/\/yoast.com\/wordpress\/plugins\/seo\/ -->\n<title>Martini rosso 14,4 % - Getr\u00e4nke Schl\u00fcter Onlineshop<\/title>\n<meta name=\"robots\" content=\"noindex, follow, max-snippet:-1, max-image-preview:large, max-video-preview:-1\" \/>\n<meta property=\"og:locale\" content=\"de_DE\" \/>\n<meta property=\"og:type\" content=\"article\" \/>\n<meta property=\"og:title\" content=\"Martini rosso 14,4 % - Getr\u00e4nke Schl\u00fcter Onlineshop\" \/>\n<meta property=\"og:description\" content=\"01\/0,70 - 14,4vol%First created by MARTINI in 1863, MARTINI Rosso is the authentic vermouth: natural, elegant, refreshing and stimulating company.Rosso\u0092s unique perfume, rich herbal notes and unmistakable dark colour mean you can always rely on it to excite the senses. Splash it over crushed ice for an intense, stylish and perfectly balanced aperitif or mix it with fruit juices or sparkling water for the perfect summertime cooler\" \/>\n<meta property=\"og:url\" content=\"https:\/\/shop.merolution.de\/index.php\/product\/martini-rosso-144\/\" \/>\n<meta property=\"og:site_name\" content=\"Getr\u00e4nke Schl\u00fcter Onlineshop\" \/>\n<meta property=\"og:image\" content=\"https:\/\/shop.merolution.de\/wp-content\/uploads\/2020\/05\/2321aPic1S277890517_zz_bottle-martini-rosso-klein.gif\" \/>\n\t<meta property=\"og:image:width\" content=\"181\" \/>\n\t<meta property=\"og:image:height\" content=\"394\" \/>\n\t<meta property=\"og:image:type\" content=\"image\/gif\" \/>\n<meta name=\"twitter:card\" content=\"summary_large_image\" \/>\n<script type=\"application\/ld+json\" class=\"yoast-schema-graph\">{\"@context\":\"https:\/\/schema.org\",\"@graph\":[{\"@type\":\"WebPage\",\"@id\":\"https:\/\/shop.merolution.de\/index.php\/product\/martini-rosso-144\/\",\"url\":\"https:\/\/shop.merolution.de\/index.php\/product\/martini-rosso-144\/\",\"name\":\"Martini rosso 14,4 % - Getr\u00e4nke Schl\u00fcter Onlineshop\",\"isPartOf\":{\"@id\":\"https:\/\/shop.merolution.de\/#website\"},\"datePublished\":\"2020-05-28T10:01:40+00:00\",\"dateModified\":\"2020-05-28T10:01:40+00:00\",\"breadcrumb\":{\"@id\":\"https:\/\/shop.merolution.de\/index.php\/product\/martini-rosso-144\/#breadcrumb\"},\"inLanguage\":\"de\",\"potentialAction\":[{\"@type\":\"ReadAction\",\"target\":[\"https:\/\/shop.merolution.de\/index.php\/product\/martini-rosso-144\/\"]}]},{\"@type\":\"BreadcrumbList\",\"@id\":\"https:\/\/shop.merolution.de\/index.php\/product\/martini-rosso-144\/#breadcrumb\",\"itemListElement\":[{\"@type\":\"ListItem\",\"position\":1,\"name\":\"Home\",\"item\":\"https:\/\/shop.merolution.de\/\"},{\"@type\":\"ListItem\",\"position\":2,\"name\":\"Shop\",\"item\":\"https:\/\/shop.merolution.de\/\"},{\"@type\":\"ListItem\",\"position\":3,\"name\":\"Martini rosso 14,4 %\"}]},{\"@type\":\"WebSite\",\"@id\":\"https:\/\/shop.merolution.de\/#website\",\"url\":\"https:\/\/shop.merolution.de\/\",\"name\":\"Getr\u00e4nke Schl\u00fcter Onlineshop\",\"description\":\"Ihr Getr\u00e4nke-Partner in Hannover\",\"potentialAction\":[{\"@type\":\"SearchAction\",\"target\":{\"@type\":\"EntryPoint\",\"urlTemplate\":\"https:\/\/shop.merolution.de\/?s={search_term_string}\"},\"query-input\":\"required name=search_term_string\"}],\"inLanguage\":\"de\"}]}<\/script>\n<!-- \/ Yoast SEO plugin. -->","yoast_head_json":{"title":"Martini rosso 14,4 % - Getr\u00e4nke Schl\u00fcter Onlineshop","robots":{"index":"noindex","follow":"follow","max-snippet":"max-snippet:-1","max-image-preview":"max-image-preview:large","max-video-preview":"max-video-preview:-1"},"og_locale":"de_DE","og_type":"article","og_title":"Martini rosso 14,4 % - Getr\u00e4nke Schl\u00fcter Onlineshop","og_description":"01\/0,70 - 14,4vol%First created by MARTINI in 1863, MARTINI Rosso is the authentic vermouth: natural, elegant, refreshing and stimulating company.Rosso\u0092s unique perfume, rich herbal notes and unmistakable dark colour mean you can always rely on it to excite the senses. Splash it over crushed ice for an intense, stylish and perfectly balanced aperitif or mix it with fruit juices or sparkling water for the perfect summertime cooler","og_url":"https:\/\/shop.merolution.de\/index.php\/product\/martini-rosso-144\/","og_site_name":"Getr\u00e4nke Schl\u00fcter Onlineshop","og_image":[{"width":181,"height":394,"url":"https:\/\/shop.merolution.de\/wp-content\/uploads\/2020\/05\/2321aPic1S277890517_zz_bottle-martini-rosso-klein.gif","type":"image\/gif"}],"twitter_card":"summary_large_image","schema":{"@context":"https:\/\/schema.org","@graph":[{"@type":"WebPage","@id":"https:\/\/shop.merolution.de\/index.php\/product\/martini-rosso-144\/","url":"https:\/\/shop.merolution.de\/index.php\/product\/martini-rosso-144\/","name":"Martini rosso 14,4 % - Getr\u00e4nke Schl\u00fcter Onlineshop","isPartOf":{"@id":"https:\/\/shop.merolution.de\/#website"},"datePublished":"2020-05-28T10:01:40+00:00","dateModified":"2020-05-28T10:01:40+00:00","breadcrumb":{"@id":"https:\/\/shop.merolution.de\/index.php\/product\/martini-rosso-144\/#breadcrumb"},"inLanguage":"de","potentialAction":[{"@type":"ReadAction","target":["https:\/\/shop.merolution.de\/index.php\/product\/martini-rosso-144\/"]}]},{"@type":"BreadcrumbList","@id":"https:\/\/shop.merolution.de\/index.php\/product\/martini-rosso-144\/#breadcrumb","itemListElement":[{"@type":"ListItem","position":1,"name":"Home","item":"https:\/\/shop.merolution.de\/"},{"@type":"ListItem","position":2,"name":"Shop","item":"https:\/\/shop.merolution.de\/"},{"@type":"ListItem","position":3,"name":"Martini rosso 14,4 %"}]},{"@type":"WebSite","@id":"https:\/\/shop.merolution.de\/#website","url":"https:\/\/shop.merolution.de\/","name":"Getr\u00e4nke Schl\u00fcter Onlineshop","description":"Ihr Getr\u00e4nke-Partner in Hannover","potentialAction":[{"@type":"SearchAction","target":{"@type":"EntryPoint","urlTemplate":"https:\/\/shop.merolution.de\/?s={search_term_string}"},"query-input":"required name=search_term_string"}],"inLanguage":"de"}]}},"_links":{"self":[{"href":"https:\/\/shop.merolution.de\/index.php\/wp-json\/wp\/v2\/product\/3182"}],"collection":[{"href":"https:\/\/shop.merolution.de\/index.php\/wp-json\/wp\/v2\/product"}],"about":[{"href":"https:\/\/shop.merolution.de\/index.php\/wp-json\/wp\/v2\/types\/product"}],"replies":[{"embeddable":true,"href":"https:\/\/shop.merolution.de\/index.php\/wp-json\/wp\/v2\/comments?post=3182"}],"wp:featuredmedia":[{"embeddable":true,"href":"https:\/\/shop.merolution.de\/index.php\/wp-json\/wp\/v2\/media\/3183"}],"wp:attachment":[{"href":"https:\/\/shop.merolution.de\/index.php\/wp-json\/wp\/v2\/media?parent=3182"}],"wp:term":[{"taxonomy":"product_cat","embeddable":true,"href":"https:\/\/shop.merolution.de\/index.php\/wp-json\/wp\/v2\/product_cat?post=3182"},{"taxonomy":"product_tag","embeddable":true,"href":"https:\/\/shop.merolution.de\/index.php\/wp-json\/wp\/v2\/product_tag?post=3182"}],"curies":[{"name":"wp","href":"https:\/\/api.w.org\/{rel}","templated":true}]}}