{"id":3419,"date":"2020-05-28T10:02:27","date_gmt":"2020-05-28T10:02:27","guid":{"rendered":"https:\/\/shop.merolution.de\/index.php\/product\/schladerer-himbeer-liqueur-28vol\/"},"modified":"2020-05-28T10:02:27","modified_gmt":"2020-05-28T10:02:27","slug":"schladerer-himbeer-liqueur-28vol","status":"publish","type":"product","link":"https:\/\/shop.merolution.de\/index.php\/product\/schladerer-himbeer-liqueur-28vol\/","title":{"rendered":"Schladerer Himbeer Liqueur 28vol%"},"content":{"rendered":"<p>01\/0,50Qualit\u00e4t aus der Heimat. Die SCHLADERER Obstbrand-Liqueure z\u00e4hlen, im Gegensatz zu den vielen modischen, niedrigprozentigen Liqueuren, zu den echten Klassikern. Genau wie bei allen anderen Produkten aus unserem Haus ist die Auswahl bester Rohstoffe und deren sorgf\u00e4ltige Verarbeitung oberstes Gebot: Verwendet werden nur hochwertige Fruchts\u00e4fte, reiner Kristallzucker und das jeweilige fruchteigene Destillat. Diese Ingredienzen und ihre aufwendige Zusammensetzung garantieren ein au\u00dfergew\u00f6hnlich filigranes Aroma. Mit einer sehr gef\u00e4lligen Konsistenz sind diese herrlichen Liqueure eher zur\u00fcckhaltend in der S\u00fc\u00dfe und entfalten bei 28 % vol ihr intensives und nat\u00fcrliches fruchttypisches Aroma. Die SCHLADERER Liqueure sind in den beliebten Sorten Himbeer, Kirsch und Williams erh\u00e4ltlich.<\/p>\n","protected":false},"excerpt":{"rendered":"<p>01\/0,50Qualit\u00e4t aus der Heimat. Die SCHLADERER Obstbrand-Liqueure z\u00e4hlen, im Gegensatz zu den vielen modischen, niedrigprozentigen Liqueuren, zu den echten Klassikern. Genau wie bei allen anderen Produkten aus unserem Haus ist die Auswahl bester Rohstoffe und deren sorgf\u00e4ltige Verarbeitung oberstes Gebot: Verwendet werden nur hochwertige Fruchts\u00e4fte, reiner Kristallzucker und das jeweilige fruchteigene Destillat. Diese Ingredienzen und ihre aufwendige Zusammensetzung garantieren ein au\u00dfergew\u00f6hnlich filigranes Aroma. Mit einer sehr gef\u00e4lligen Konsistenz sind diese herrlichen Liqueure eher zur\u00fcckhaltend in der S\u00fc\u00dfe und entfalten bei 28 % vol ihr intensives und nat\u00fcrliches fruchttypisches Aroma. Die SCHLADERER Liqueure sind in den beliebten Sorten Himbeer, Kirsch und Williams erh\u00e4ltlich.<\/p>\n","protected":false},"featured_media":3420,"comment_status":"open","ping_status":"closed","template":"","meta":[],"product_cat":[79],"product_tag":[],"yoast_head":"<!-- This site is optimized with the Yoast SEO plugin v19.14 - https:\/\/yoast.com\/wordpress\/plugins\/seo\/ -->\n<title>Schladerer Himbeer Liqueur 28vol% - Getr\u00e4nke Schl\u00fcter Onlineshop<\/title>\n<meta name=\"robots\" content=\"noindex, follow, max-snippet:-1, max-image-preview:large, max-video-preview:-1\" \/>\n<meta property=\"og:locale\" content=\"de_DE\" \/>\n<meta property=\"og:type\" content=\"article\" \/>\n<meta property=\"og:title\" content=\"Schladerer Himbeer Liqueur 28vol% - Getr\u00e4nke Schl\u00fcter Onlineshop\" \/>\n<meta property=\"og:description\" content=\"01\/0,50Qualit\u00e4t aus der Heimat. Die SCHLADERER Obstbrand-Liqueure z\u00e4hlen, im Gegensatz zu den vielen modischen, niedrigprozentigen Liqueuren, zu den echten Klassikern. Genau wie bei allen anderen Produkten aus unserem Haus ist die Auswahl bester Rohstoffe und deren sorgf\u00e4ltige Verarbeitung oberstes Gebot: Verwendet werden nur hochwertige Fruchts\u00e4fte, reiner Kristallzucker und das jeweilige fruchteigene Destillat. Diese Ingredienzen und ihre aufwendige Zusammensetzung garantieren ein au\u00dfergew\u00f6hnlich filigranes Aroma. Mit einer sehr gef\u00e4lligen Konsistenz sind diese herrlichen Liqueure eher zur\u00fcckhaltend in der S\u00fc\u00dfe und entfalten bei 28 % vol ihr intensives und nat\u00fcrliches fruchttypisches Aroma. Die SCHLADERER Liqueure sind in den beliebten Sorten Himbeer, Kirsch und Williams erh\u00e4ltlich.\" \/>\n<meta property=\"og:url\" content=\"https:\/\/shop.merolution.de\/index.php\/product\/schladerer-himbeer-liqueur-28vol\/\" \/>\n<meta property=\"og:site_name\" content=\"Getr\u00e4nke Schl\u00fcter Onlineshop\" \/>\n<meta property=\"og:image\" content=\"https:\/\/shop.merolution.de\/wp-content\/uploads\/2020\/05\/2577aPic1S718199042_zz_Schladerer-Himb-Liqueur-klein.jpg\" \/>\n\t<meta property=\"og:image:width\" content=\"67\" \/>\n\t<meta property=\"og:image:height\" content=\"183\" \/>\n\t<meta property=\"og:image:type\" content=\"image\/jpeg\" \/>\n<meta name=\"twitter:card\" content=\"summary_large_image\" \/>\n<meta name=\"twitter:label1\" content=\"Gesch\u00e4tzte Lesezeit\" \/>\n\t<meta name=\"twitter:data1\" content=\"1\u00a0Minute\" \/>\n<script type=\"application\/ld+json\" class=\"yoast-schema-graph\">{\"@context\":\"https:\/\/schema.org\",\"@graph\":[{\"@type\":\"WebPage\",\"@id\":\"https:\/\/shop.merolution.de\/index.php\/product\/schladerer-himbeer-liqueur-28vol\/\",\"url\":\"https:\/\/shop.merolution.de\/index.php\/product\/schladerer-himbeer-liqueur-28vol\/\",\"name\":\"Schladerer Himbeer Liqueur 28vol% - Getr\u00e4nke Schl\u00fcter Onlineshop\",\"isPartOf\":{\"@id\":\"https:\/\/shop.merolution.de\/#website\"},\"datePublished\":\"2020-05-28T10:02:27+00:00\",\"dateModified\":\"2020-05-28T10:02:27+00:00\",\"breadcrumb\":{\"@id\":\"https:\/\/shop.merolution.de\/index.php\/product\/schladerer-himbeer-liqueur-28vol\/#breadcrumb\"},\"inLanguage\":\"de\",\"potentialAction\":[{\"@type\":\"ReadAction\",\"target\":[\"https:\/\/shop.merolution.de\/index.php\/product\/schladerer-himbeer-liqueur-28vol\/\"]}]},{\"@type\":\"BreadcrumbList\",\"@id\":\"https:\/\/shop.merolution.de\/index.php\/product\/schladerer-himbeer-liqueur-28vol\/#breadcrumb\",\"itemListElement\":[{\"@type\":\"ListItem\",\"position\":1,\"name\":\"Home\",\"item\":\"https:\/\/shop.merolution.de\/\"},{\"@type\":\"ListItem\",\"position\":2,\"name\":\"Shop\",\"item\":\"https:\/\/shop.merolution.de\/\"},{\"@type\":\"ListItem\",\"position\":3,\"name\":\"Schladerer Himbeer Liqueur 28vol%\"}]},{\"@type\":\"WebSite\",\"@id\":\"https:\/\/shop.merolution.de\/#website\",\"url\":\"https:\/\/shop.merolution.de\/\",\"name\":\"Getr\u00e4nke Schl\u00fcter Onlineshop\",\"description\":\"Ihr Getr\u00e4nke-Partner in Hannover\",\"potentialAction\":[{\"@type\":\"SearchAction\",\"target\":{\"@type\":\"EntryPoint\",\"urlTemplate\":\"https:\/\/shop.merolution.de\/?s={search_term_string}\"},\"query-input\":\"required name=search_term_string\"}],\"inLanguage\":\"de\"}]}<\/script>\n<!-- \/ Yoast SEO plugin. -->","yoast_head_json":{"title":"Schladerer Himbeer Liqueur 28vol% - Getr\u00e4nke Schl\u00fcter Onlineshop","robots":{"index":"noindex","follow":"follow","max-snippet":"max-snippet:-1","max-image-preview":"max-image-preview:large","max-video-preview":"max-video-preview:-1"},"og_locale":"de_DE","og_type":"article","og_title":"Schladerer Himbeer Liqueur 28vol% - Getr\u00e4nke Schl\u00fcter Onlineshop","og_description":"01\/0,50Qualit\u00e4t aus der Heimat. Die SCHLADERER Obstbrand-Liqueure z\u00e4hlen, im Gegensatz zu den vielen modischen, niedrigprozentigen Liqueuren, zu den echten Klassikern. Genau wie bei allen anderen Produkten aus unserem Haus ist die Auswahl bester Rohstoffe und deren sorgf\u00e4ltige Verarbeitung oberstes Gebot: Verwendet werden nur hochwertige Fruchts\u00e4fte, reiner Kristallzucker und das jeweilige fruchteigene Destillat. Diese Ingredienzen und ihre aufwendige Zusammensetzung garantieren ein au\u00dfergew\u00f6hnlich filigranes Aroma. Mit einer sehr gef\u00e4lligen Konsistenz sind diese herrlichen Liqueure eher zur\u00fcckhaltend in der S\u00fc\u00dfe und entfalten bei 28 % vol ihr intensives und nat\u00fcrliches fruchttypisches Aroma. Die SCHLADERER Liqueure sind in den beliebten Sorten Himbeer, Kirsch und Williams erh\u00e4ltlich.","og_url":"https:\/\/shop.merolution.de\/index.php\/product\/schladerer-himbeer-liqueur-28vol\/","og_site_name":"Getr\u00e4nke Schl\u00fcter Onlineshop","og_image":[{"width":67,"height":183,"url":"https:\/\/shop.merolution.de\/wp-content\/uploads\/2020\/05\/2577aPic1S718199042_zz_Schladerer-Himb-Liqueur-klein.jpg","type":"image\/jpeg"}],"twitter_card":"summary_large_image","twitter_misc":{"Gesch\u00e4tzte Lesezeit":"1\u00a0Minute"},"schema":{"@context":"https:\/\/schema.org","@graph":[{"@type":"WebPage","@id":"https:\/\/shop.merolution.de\/index.php\/product\/schladerer-himbeer-liqueur-28vol\/","url":"https:\/\/shop.merolution.de\/index.php\/product\/schladerer-himbeer-liqueur-28vol\/","name":"Schladerer Himbeer Liqueur 28vol% - Getr\u00e4nke Schl\u00fcter Onlineshop","isPartOf":{"@id":"https:\/\/shop.merolution.de\/#website"},"datePublished":"2020-05-28T10:02:27+00:00","dateModified":"2020-05-28T10:02:27+00:00","breadcrumb":{"@id":"https:\/\/shop.merolution.de\/index.php\/product\/schladerer-himbeer-liqueur-28vol\/#breadcrumb"},"inLanguage":"de","potentialAction":[{"@type":"ReadAction","target":["https:\/\/shop.merolution.de\/index.php\/product\/schladerer-himbeer-liqueur-28vol\/"]}]},{"@type":"BreadcrumbList","@id":"https:\/\/shop.merolution.de\/index.php\/product\/schladerer-himbeer-liqueur-28vol\/#breadcrumb","itemListElement":[{"@type":"ListItem","position":1,"name":"Home","item":"https:\/\/shop.merolution.de\/"},{"@type":"ListItem","position":2,"name":"Shop","item":"https:\/\/shop.merolution.de\/"},{"@type":"ListItem","position":3,"name":"Schladerer Himbeer Liqueur 28vol%"}]},{"@type":"WebSite","@id":"https:\/\/shop.merolution.de\/#website","url":"https:\/\/shop.merolution.de\/","name":"Getr\u00e4nke Schl\u00fcter Onlineshop","description":"Ihr Getr\u00e4nke-Partner in Hannover","potentialAction":[{"@type":"SearchAction","target":{"@type":"EntryPoint","urlTemplate":"https:\/\/shop.merolution.de\/?s={search_term_string}"},"query-input":"required name=search_term_string"}],"inLanguage":"de"}]}},"_links":{"self":[{"href":"https:\/\/shop.merolution.de\/index.php\/wp-json\/wp\/v2\/product\/3419"}],"collection":[{"href":"https:\/\/shop.merolution.de\/index.php\/wp-json\/wp\/v2\/product"}],"about":[{"href":"https:\/\/shop.merolution.de\/index.php\/wp-json\/wp\/v2\/types\/product"}],"replies":[{"embeddable":true,"href":"https:\/\/shop.merolution.de\/index.php\/wp-json\/wp\/v2\/comments?post=3419"}],"wp:featuredmedia":[{"embeddable":true,"href":"https:\/\/shop.merolution.de\/index.php\/wp-json\/wp\/v2\/media\/3420"}],"wp:attachment":[{"href":"https:\/\/shop.merolution.de\/index.php\/wp-json\/wp\/v2\/media?parent=3419"}],"wp:term":[{"taxonomy":"product_cat","embeddable":true,"href":"https:\/\/shop.merolution.de\/index.php\/wp-json\/wp\/v2\/product_cat?post=3419"},{"taxonomy":"product_tag","embeddable":true,"href":"https:\/\/shop.merolution.de\/index.php\/wp-json\/wp\/v2\/product_tag?post=3419"}],"curies":[{"name":"wp","href":"https:\/\/api.w.org\/{rel}","templated":true}]}}