{"id":3721,"date":"2020-05-28T10:03:22","date_gmt":"2020-05-28T10:03:22","guid":{"rendered":"https:\/\/shop.merolution.de\/index.php\/product\/mom-distilled-gin-royal-smoothness-395vol\/"},"modified":"2020-05-28T10:03:22","modified_gmt":"2020-05-28T10:03:22","slug":"mom-distilled-gin-royal-smoothness-395vol","status":"publish","type":"product","link":"https:\/\/shop.merolution.de\/index.php\/product\/mom-distilled-gin-royal-smoothness-395vol\/","title":{"rendered":"MOM distilled Gin Royal smoothness 39,5vol%"},"content":{"rendered":"<p>01\/0,70 &#8211; 39,5vol% &#8211; Dieser Gin schmeckt mild, samtig und mit unvergleichlichem Geschmacksbild. Dieses kommt nicht zuletzt durch die Wahl exotischer Botanicals zustande, die nach vier Destillationsg\u00e4ngen mit roten Fr\u00fcchten auch wirklich einzigartig entstehen. Als solcher wird MOM Gin \u00fcbrigens auch als Distilled Gin und nicht als Dry Gin bezeichnet.<\/p>\n","protected":false},"excerpt":{"rendered":"<p>01\/0,70 &#8211; 39,5vol% &#8211; Dieser Gin schmeckt mild, samtig und mit unvergleichlichem Geschmacksbild. Dieses kommt nicht zuletzt durch die Wahl exotischer Botanicals zustande, die nach vier Destillationsg\u00e4ngen mit roten Fr\u00fcchten auch wirklich einzigartig entstehen. Als solcher wird MOM Gin \u00fcbrigens auch als Distilled Gin und nicht als Dry Gin bezeichnet.<\/p>\n","protected":false},"featured_media":3722,"comment_status":"open","ping_status":"closed","template":"","meta":[],"product_cat":[81],"product_tag":[],"yoast_head":"<!-- This site is optimized with the Yoast SEO plugin v19.14 - https:\/\/yoast.com\/wordpress\/plugins\/seo\/ -->\n<title>MOM distilled Gin Royal smoothness 39,5vol% - Getr\u00e4nke Schl\u00fcter Onlineshop<\/title>\n<meta name=\"robots\" content=\"noindex, follow, max-snippet:-1, max-image-preview:large, max-video-preview:-1\" \/>\n<meta property=\"og:locale\" content=\"de_DE\" \/>\n<meta property=\"og:type\" content=\"article\" \/>\n<meta property=\"og:title\" content=\"MOM distilled Gin Royal smoothness 39,5vol% - Getr\u00e4nke Schl\u00fcter Onlineshop\" \/>\n<meta property=\"og:description\" content=\"01\/0,70 - 39,5vol% - Dieser Gin schmeckt mild, samtig und mit unvergleichlichem Geschmacksbild. Dieses kommt nicht zuletzt durch die Wahl exotischer Botanicals zustande, die nach vier Destillationsg\u00e4ngen mit roten Fr\u00fcchten auch wirklich einzigartig entstehen. Als solcher wird MOM Gin \u00fcbrigens auch als Distilled Gin und nicht als Dry Gin bezeichnet.\" \/>\n<meta property=\"og:url\" content=\"https:\/\/shop.merolution.de\/index.php\/product\/mom-distilled-gin-royal-smoothness-395vol\/\" \/>\n<meta property=\"og:site_name\" content=\"Getr\u00e4nke Schl\u00fcter Onlineshop\" \/>\n<meta property=\"og:image\" content=\"https:\/\/shop.merolution.de\/wp-content\/uploads\/2020\/05\/mom-gin-blog-gross-aid-4432s.jpg\" \/>\n\t<meta property=\"og:image:width\" content=\"150\" \/>\n\t<meta property=\"og:image:height\" content=\"150\" \/>\n\t<meta property=\"og:image:type\" content=\"image\/jpeg\" \/>\n<meta name=\"twitter:card\" content=\"summary_large_image\" \/>\n<script type=\"application\/ld+json\" class=\"yoast-schema-graph\">{\"@context\":\"https:\/\/schema.org\",\"@graph\":[{\"@type\":\"WebPage\",\"@id\":\"https:\/\/shop.merolution.de\/index.php\/product\/mom-distilled-gin-royal-smoothness-395vol\/\",\"url\":\"https:\/\/shop.merolution.de\/index.php\/product\/mom-distilled-gin-royal-smoothness-395vol\/\",\"name\":\"MOM distilled Gin Royal smoothness 39,5vol% - Getr\u00e4nke Schl\u00fcter Onlineshop\",\"isPartOf\":{\"@id\":\"https:\/\/shop.merolution.de\/#website\"},\"datePublished\":\"2020-05-28T10:03:22+00:00\",\"dateModified\":\"2020-05-28T10:03:22+00:00\",\"breadcrumb\":{\"@id\":\"https:\/\/shop.merolution.de\/index.php\/product\/mom-distilled-gin-royal-smoothness-395vol\/#breadcrumb\"},\"inLanguage\":\"de\",\"potentialAction\":[{\"@type\":\"ReadAction\",\"target\":[\"https:\/\/shop.merolution.de\/index.php\/product\/mom-distilled-gin-royal-smoothness-395vol\/\"]}]},{\"@type\":\"BreadcrumbList\",\"@id\":\"https:\/\/shop.merolution.de\/index.php\/product\/mom-distilled-gin-royal-smoothness-395vol\/#breadcrumb\",\"itemListElement\":[{\"@type\":\"ListItem\",\"position\":1,\"name\":\"Home\",\"item\":\"https:\/\/shop.merolution.de\/\"},{\"@type\":\"ListItem\",\"position\":2,\"name\":\"Shop\",\"item\":\"https:\/\/shop.merolution.de\/\"},{\"@type\":\"ListItem\",\"position\":3,\"name\":\"MOM distilled Gin Royal smoothness 39,5vol%\"}]},{\"@type\":\"WebSite\",\"@id\":\"https:\/\/shop.merolution.de\/#website\",\"url\":\"https:\/\/shop.merolution.de\/\",\"name\":\"Getr\u00e4nke Schl\u00fcter Onlineshop\",\"description\":\"Ihr Getr\u00e4nke-Partner in Hannover\",\"potentialAction\":[{\"@type\":\"SearchAction\",\"target\":{\"@type\":\"EntryPoint\",\"urlTemplate\":\"https:\/\/shop.merolution.de\/?s={search_term_string}\"},\"query-input\":\"required name=search_term_string\"}],\"inLanguage\":\"de\"}]}<\/script>\n<!-- \/ Yoast SEO plugin. -->","yoast_head_json":{"title":"MOM distilled Gin Royal smoothness 39,5vol% - Getr\u00e4nke Schl\u00fcter Onlineshop","robots":{"index":"noindex","follow":"follow","max-snippet":"max-snippet:-1","max-image-preview":"max-image-preview:large","max-video-preview":"max-video-preview:-1"},"og_locale":"de_DE","og_type":"article","og_title":"MOM distilled Gin Royal smoothness 39,5vol% - Getr\u00e4nke Schl\u00fcter Onlineshop","og_description":"01\/0,70 - 39,5vol% - Dieser Gin schmeckt mild, samtig und mit unvergleichlichem Geschmacksbild. Dieses kommt nicht zuletzt durch die Wahl exotischer Botanicals zustande, die nach vier Destillationsg\u00e4ngen mit roten Fr\u00fcchten auch wirklich einzigartig entstehen. Als solcher wird MOM Gin \u00fcbrigens auch als Distilled Gin und nicht als Dry Gin bezeichnet.","og_url":"https:\/\/shop.merolution.de\/index.php\/product\/mom-distilled-gin-royal-smoothness-395vol\/","og_site_name":"Getr\u00e4nke Schl\u00fcter Onlineshop","og_image":[{"width":150,"height":150,"url":"https:\/\/shop.merolution.de\/wp-content\/uploads\/2020\/05\/mom-gin-blog-gross-aid-4432s.jpg","type":"image\/jpeg"}],"twitter_card":"summary_large_image","schema":{"@context":"https:\/\/schema.org","@graph":[{"@type":"WebPage","@id":"https:\/\/shop.merolution.de\/index.php\/product\/mom-distilled-gin-royal-smoothness-395vol\/","url":"https:\/\/shop.merolution.de\/index.php\/product\/mom-distilled-gin-royal-smoothness-395vol\/","name":"MOM distilled Gin Royal smoothness 39,5vol% - Getr\u00e4nke Schl\u00fcter Onlineshop","isPartOf":{"@id":"https:\/\/shop.merolution.de\/#website"},"datePublished":"2020-05-28T10:03:22+00:00","dateModified":"2020-05-28T10:03:22+00:00","breadcrumb":{"@id":"https:\/\/shop.merolution.de\/index.php\/product\/mom-distilled-gin-royal-smoothness-395vol\/#breadcrumb"},"inLanguage":"de","potentialAction":[{"@type":"ReadAction","target":["https:\/\/shop.merolution.de\/index.php\/product\/mom-distilled-gin-royal-smoothness-395vol\/"]}]},{"@type":"BreadcrumbList","@id":"https:\/\/shop.merolution.de\/index.php\/product\/mom-distilled-gin-royal-smoothness-395vol\/#breadcrumb","itemListElement":[{"@type":"ListItem","position":1,"name":"Home","item":"https:\/\/shop.merolution.de\/"},{"@type":"ListItem","position":2,"name":"Shop","item":"https:\/\/shop.merolution.de\/"},{"@type":"ListItem","position":3,"name":"MOM distilled Gin Royal smoothness 39,5vol%"}]},{"@type":"WebSite","@id":"https:\/\/shop.merolution.de\/#website","url":"https:\/\/shop.merolution.de\/","name":"Getr\u00e4nke Schl\u00fcter Onlineshop","description":"Ihr Getr\u00e4nke-Partner in Hannover","potentialAction":[{"@type":"SearchAction","target":{"@type":"EntryPoint","urlTemplate":"https:\/\/shop.merolution.de\/?s={search_term_string}"},"query-input":"required name=search_term_string"}],"inLanguage":"de"}]}},"_links":{"self":[{"href":"https:\/\/shop.merolution.de\/index.php\/wp-json\/wp\/v2\/product\/3721"}],"collection":[{"href":"https:\/\/shop.merolution.de\/index.php\/wp-json\/wp\/v2\/product"}],"about":[{"href":"https:\/\/shop.merolution.de\/index.php\/wp-json\/wp\/v2\/types\/product"}],"replies":[{"embeddable":true,"href":"https:\/\/shop.merolution.de\/index.php\/wp-json\/wp\/v2\/comments?post=3721"}],"wp:featuredmedia":[{"embeddable":true,"href":"https:\/\/shop.merolution.de\/index.php\/wp-json\/wp\/v2\/media\/3722"}],"wp:attachment":[{"href":"https:\/\/shop.merolution.de\/index.php\/wp-json\/wp\/v2\/media?parent=3721"}],"wp:term":[{"taxonomy":"product_cat","embeddable":true,"href":"https:\/\/shop.merolution.de\/index.php\/wp-json\/wp\/v2\/product_cat?post=3721"},{"taxonomy":"product_tag","embeddable":true,"href":"https:\/\/shop.merolution.de\/index.php\/wp-json\/wp\/v2\/product_tag?post=3721"}],"curies":[{"name":"wp","href":"https:\/\/api.w.org\/{rel}","templated":true}]}}