{"id":3951,"date":"2020-05-28T10:04:02","date_gmt":"2020-05-28T10:04:02","guid":{"rendered":"https:\/\/shop.merolution.de\/index.php\/product\/roseweincuvee-schmetterlinge-im-bauch\/"},"modified":"2020-05-28T10:04:02","modified_gmt":"2020-05-28T10:04:02","slug":"roseweincuvee-schmetterlinge-im-bauch","status":"publish","type":"product","link":"https:\/\/shop.merolution.de\/index.php\/product\/roseweincuvee-schmetterlinge-im-bauch\/","title":{"rendered":"Ros\u00e9weincuve\u00e9 &#8222;Schmetterlinge im Bauch&#8220;"},"content":{"rendered":"<p>01\/0,75 Viel Sommersonne findet sich in der Himbeerfarbe. Aufregend, verspielter Wiesenduft streift die Nase. Reife Himbeer- und Rote Johannisbeer-Aromen bet\u00f6ren den Gaumen. Sein herzhaft, prickelndes S\u00fc\u00dfe-S\u00e4ure-Spiel bereitet ein unkompliziertes Trinkvergn\u00fcgen und verschafft Lebensfreude pur. AnalyseA 12,2 \/ Z 10,9 \/ S 6,4AnbaugebietBaden \/ KaiserstuhlAuszeichnungenawc vienna 2011 \u0096 Silber.BegleiterPasst zu leichten bis kr\u00e4ftig gew\u00fcrzten Speisen und Gegrilltem. Im Sommer, der ideale Terrassenwein.Boden Optimal versorgte L\u00f6ssb\u00f6den mit geringem Einfluss des vulkanischen Untergrundes.F\u00fcllgr\u00f6\u00dfe0,75 lTrinktemperatur7\u00b0 &#8211; 8\u00b0 C<\/p>\n","protected":false},"excerpt":{"rendered":"<p>01\/0,75 &#8211; 10,5vol%TraubeSp\u00e4tburgunder, Dornfelder, Cabernet Carol, Cabernet MitosBeschreibungViel Sommersonne findet sich in der Himbeerfarbe. Aufregend, verspielter Wiesenduft streift die Nase. Reife Himbeer- und Rote Johannisbeer-Aromen bet\u00f6ren den Gaumen. Sein herzhaft, prickelndes S\u00fc\u00dfe-S\u00e4ure-Spiel bereitet ein unkompliziertes Trinkvergn\u00fcgen und verschafft Lebensfreude pur.<\/p>\n","protected":false},"featured_media":3952,"comment_status":"open","ping_status":"closed","template":"","meta":[],"product_cat":[92],"product_tag":[],"yoast_head":"<!-- This site is optimized with the Yoast SEO plugin v19.14 - https:\/\/yoast.com\/wordpress\/plugins\/seo\/ -->\n<title>Ros\u00e9weincuve\u00e9 &quot;Schmetterlinge im Bauch&quot; - Getr\u00e4nke Schl\u00fcter Onlineshop<\/title>\n<meta name=\"robots\" content=\"noindex, follow, max-snippet:-1, max-image-preview:large, max-video-preview:-1\" \/>\n<meta property=\"og:locale\" content=\"de_DE\" \/>\n<meta property=\"og:type\" content=\"article\" \/>\n<meta property=\"og:title\" content=\"Ros\u00e9weincuve\u00e9 &quot;Schmetterlinge im Bauch&quot; - Getr\u00e4nke Schl\u00fcter Onlineshop\" \/>\n<meta property=\"og:description\" content=\"01\/0,75 - 10,5vol%TraubeSp\u00e4tburgunder, Dornfelder, Cabernet Carol, Cabernet MitosBeschreibungViel Sommersonne findet sich in der Himbeerfarbe. Aufregend, verspielter Wiesenduft streift die Nase. Reife Himbeer- und Rote Johannisbeer-Aromen bet\u00f6ren den Gaumen. Sein herzhaft, prickelndes S\u00fc\u00dfe-S\u00e4ure-Spiel bereitet ein unkompliziertes Trinkvergn\u00fcgen und verschafft Lebensfreude pur.\" \/>\n<meta property=\"og:url\" content=\"https:\/\/shop.merolution.de\/index.php\/product\/roseweincuvee-schmetterlinge-im-bauch\/\" \/>\n<meta property=\"og:site_name\" content=\"Getr\u00e4nke Schl\u00fcter Onlineshop\" \/>\n<meta property=\"og:image\" content=\"https:\/\/shop.merolution.de\/wp-content\/uploads\/2020\/05\/schmetterlinge-im-bauch.jpg\" \/>\n\t<meta property=\"og:image:width\" content=\"150\" \/>\n\t<meta property=\"og:image:height\" content=\"568\" \/>\n\t<meta property=\"og:image:type\" content=\"image\/jpeg\" \/>\n<meta name=\"twitter:card\" content=\"summary_large_image\" \/>\n<script type=\"application\/ld+json\" class=\"yoast-schema-graph\">{\"@context\":\"https:\/\/schema.org\",\"@graph\":[{\"@type\":\"WebPage\",\"@id\":\"https:\/\/shop.merolution.de\/index.php\/product\/roseweincuvee-schmetterlinge-im-bauch\/\",\"url\":\"https:\/\/shop.merolution.de\/index.php\/product\/roseweincuvee-schmetterlinge-im-bauch\/\",\"name\":\"Ros\u00e9weincuve\u00e9 \\\"Schmetterlinge im Bauch\\\" - Getr\u00e4nke Schl\u00fcter Onlineshop\",\"isPartOf\":{\"@id\":\"https:\/\/shop.merolution.de\/#website\"},\"datePublished\":\"2020-05-28T10:04:02+00:00\",\"dateModified\":\"2020-05-28T10:04:02+00:00\",\"breadcrumb\":{\"@id\":\"https:\/\/shop.merolution.de\/index.php\/product\/roseweincuvee-schmetterlinge-im-bauch\/#breadcrumb\"},\"inLanguage\":\"de\",\"potentialAction\":[{\"@type\":\"ReadAction\",\"target\":[\"https:\/\/shop.merolution.de\/index.php\/product\/roseweincuvee-schmetterlinge-im-bauch\/\"]}]},{\"@type\":\"BreadcrumbList\",\"@id\":\"https:\/\/shop.merolution.de\/index.php\/product\/roseweincuvee-schmetterlinge-im-bauch\/#breadcrumb\",\"itemListElement\":[{\"@type\":\"ListItem\",\"position\":1,\"name\":\"Home\",\"item\":\"https:\/\/shop.merolution.de\/\"},{\"@type\":\"ListItem\",\"position\":2,\"name\":\"Shop\",\"item\":\"https:\/\/shop.merolution.de\/\"},{\"@type\":\"ListItem\",\"position\":3,\"name\":\"Ros\u00e9weincuve\u00e9 &#8222;Schmetterlinge im Bauch&#8220;\"}]},{\"@type\":\"WebSite\",\"@id\":\"https:\/\/shop.merolution.de\/#website\",\"url\":\"https:\/\/shop.merolution.de\/\",\"name\":\"Getr\u00e4nke Schl\u00fcter Onlineshop\",\"description\":\"Ihr Getr\u00e4nke-Partner in Hannover\",\"potentialAction\":[{\"@type\":\"SearchAction\",\"target\":{\"@type\":\"EntryPoint\",\"urlTemplate\":\"https:\/\/shop.merolution.de\/?s={search_term_string}\"},\"query-input\":\"required name=search_term_string\"}],\"inLanguage\":\"de\"}]}<\/script>\n<!-- \/ Yoast SEO plugin. -->","yoast_head_json":{"title":"Ros\u00e9weincuve\u00e9 \"Schmetterlinge im Bauch\" - Getr\u00e4nke Schl\u00fcter Onlineshop","robots":{"index":"noindex","follow":"follow","max-snippet":"max-snippet:-1","max-image-preview":"max-image-preview:large","max-video-preview":"max-video-preview:-1"},"og_locale":"de_DE","og_type":"article","og_title":"Ros\u00e9weincuve\u00e9 \"Schmetterlinge im Bauch\" - Getr\u00e4nke Schl\u00fcter Onlineshop","og_description":"01\/0,75 - 10,5vol%TraubeSp\u00e4tburgunder, Dornfelder, Cabernet Carol, Cabernet MitosBeschreibungViel Sommersonne findet sich in der Himbeerfarbe. Aufregend, verspielter Wiesenduft streift die Nase. Reife Himbeer- und Rote Johannisbeer-Aromen bet\u00f6ren den Gaumen. Sein herzhaft, prickelndes S\u00fc\u00dfe-S\u00e4ure-Spiel bereitet ein unkompliziertes Trinkvergn\u00fcgen und verschafft Lebensfreude pur.","og_url":"https:\/\/shop.merolution.de\/index.php\/product\/roseweincuvee-schmetterlinge-im-bauch\/","og_site_name":"Getr\u00e4nke Schl\u00fcter Onlineshop","og_image":[{"width":150,"height":568,"url":"https:\/\/shop.merolution.de\/wp-content\/uploads\/2020\/05\/schmetterlinge-im-bauch.jpg","type":"image\/jpeg"}],"twitter_card":"summary_large_image","schema":{"@context":"https:\/\/schema.org","@graph":[{"@type":"WebPage","@id":"https:\/\/shop.merolution.de\/index.php\/product\/roseweincuvee-schmetterlinge-im-bauch\/","url":"https:\/\/shop.merolution.de\/index.php\/product\/roseweincuvee-schmetterlinge-im-bauch\/","name":"Ros\u00e9weincuve\u00e9 \"Schmetterlinge im Bauch\" - Getr\u00e4nke Schl\u00fcter Onlineshop","isPartOf":{"@id":"https:\/\/shop.merolution.de\/#website"},"datePublished":"2020-05-28T10:04:02+00:00","dateModified":"2020-05-28T10:04:02+00:00","breadcrumb":{"@id":"https:\/\/shop.merolution.de\/index.php\/product\/roseweincuvee-schmetterlinge-im-bauch\/#breadcrumb"},"inLanguage":"de","potentialAction":[{"@type":"ReadAction","target":["https:\/\/shop.merolution.de\/index.php\/product\/roseweincuvee-schmetterlinge-im-bauch\/"]}]},{"@type":"BreadcrumbList","@id":"https:\/\/shop.merolution.de\/index.php\/product\/roseweincuvee-schmetterlinge-im-bauch\/#breadcrumb","itemListElement":[{"@type":"ListItem","position":1,"name":"Home","item":"https:\/\/shop.merolution.de\/"},{"@type":"ListItem","position":2,"name":"Shop","item":"https:\/\/shop.merolution.de\/"},{"@type":"ListItem","position":3,"name":"Ros\u00e9weincuve\u00e9 &#8222;Schmetterlinge im Bauch&#8220;"}]},{"@type":"WebSite","@id":"https:\/\/shop.merolution.de\/#website","url":"https:\/\/shop.merolution.de\/","name":"Getr\u00e4nke Schl\u00fcter Onlineshop","description":"Ihr Getr\u00e4nke-Partner in Hannover","potentialAction":[{"@type":"SearchAction","target":{"@type":"EntryPoint","urlTemplate":"https:\/\/shop.merolution.de\/?s={search_term_string}"},"query-input":"required name=search_term_string"}],"inLanguage":"de"}]}},"_links":{"self":[{"href":"https:\/\/shop.merolution.de\/index.php\/wp-json\/wp\/v2\/product\/3951"}],"collection":[{"href":"https:\/\/shop.merolution.de\/index.php\/wp-json\/wp\/v2\/product"}],"about":[{"href":"https:\/\/shop.merolution.de\/index.php\/wp-json\/wp\/v2\/types\/product"}],"replies":[{"embeddable":true,"href":"https:\/\/shop.merolution.de\/index.php\/wp-json\/wp\/v2\/comments?post=3951"}],"wp:featuredmedia":[{"embeddable":true,"href":"https:\/\/shop.merolution.de\/index.php\/wp-json\/wp\/v2\/media\/3952"}],"wp:attachment":[{"href":"https:\/\/shop.merolution.de\/index.php\/wp-json\/wp\/v2\/media?parent=3951"}],"wp:term":[{"taxonomy":"product_cat","embeddable":true,"href":"https:\/\/shop.merolution.de\/index.php\/wp-json\/wp\/v2\/product_cat?post=3951"},{"taxonomy":"product_tag","embeddable":true,"href":"https:\/\/shop.merolution.de\/index.php\/wp-json\/wp\/v2\/product_tag?post=3951"}],"curies":[{"name":"wp","href":"https:\/\/api.w.org\/{rel}","templated":true}]}}