{"id":3955,"date":"2020-05-28T10:04:02","date_gmt":"2020-05-28T10:04:02","guid":{"rendered":"https:\/\/shop.merolution.de\/index.php\/product\/rotweincuvee-lieblich-die-freude-teilen\/"},"modified":"2020-05-28T10:04:02","modified_gmt":"2020-05-28T10:04:02","slug":"rotweincuvee-lieblich-die-freude-teilen","status":"publish","type":"product","link":"https:\/\/shop.merolution.de\/index.php\/product\/rotweincuvee-lieblich-die-freude-teilen\/","title":{"rendered":"Rotweincuve\u00e9 lieblich &#8222;Die Freude teilen&#8220;"},"content":{"rendered":"<p>01\/0,75 &#8211; Tiefes Dunkelrot mit violetten Reflexen. In der Nase rassige W\u00fcrze und Aromen von Brombeeren und Schwarzen Johannisbeeren. Im Mund deutliche, harmonisch eingebundene Rests\u00fc\u00dfe mit einem sch\u00f6nen Finish der reifen Tannine. AnalyseA 10,2 \/ Z 36,8 \/ S 5,2AnbaugebietBaden \/ KaiserstuhlBegleiterGalante Verf\u00fchrung und aufregend anregend mit dunkler Schokolade.Boden Kleine, schwierig zu bewirtschaftende Terrassen mit geringer L\u00f6ssauflage des VulkanverwitterungsgesteinsF\u00fcllgr\u00f6\u00dfe0,75 l<\/p>\n","protected":false},"excerpt":{"rendered":"<p>01\/0,75 &#8211; TraubePrior, Baron, Dunkelfelder, Sp\u00e4tburgunder, Dornfelder und Cabernet MitosBeschreibungTiefes Dunkelrot mit violetten Reflexen. In der Nase rassige W\u00fcrze und Aromen von Brombeeren und Schwarzen Johannisbeeren. Im Mund deutliche, harmonisch eingebundene Rests\u00fc\u00dfe mit einem sch\u00f6nen Finish der reifen Tannine.<\/p>\n","protected":false},"featured_media":3956,"comment_status":"open","ping_status":"closed","template":"","meta":[],"product_cat":[92],"product_tag":[],"yoast_head":"<!-- This site is optimized with the Yoast SEO plugin v19.14 - https:\/\/yoast.com\/wordpress\/plugins\/seo\/ -->\n<title>Rotweincuve\u00e9 lieblich &quot;Die Freude teilen&quot; - Getr\u00e4nke Schl\u00fcter Onlineshop<\/title>\n<meta name=\"robots\" content=\"noindex, follow, max-snippet:-1, max-image-preview:large, max-video-preview:-1\" \/>\n<meta property=\"og:locale\" content=\"de_DE\" \/>\n<meta property=\"og:type\" content=\"article\" \/>\n<meta property=\"og:title\" content=\"Rotweincuve\u00e9 lieblich &quot;Die Freude teilen&quot; - Getr\u00e4nke Schl\u00fcter Onlineshop\" \/>\n<meta property=\"og:description\" content=\"01\/0,75 - TraubePrior, Baron, Dunkelfelder, Sp\u00e4tburgunder, Dornfelder und Cabernet MitosBeschreibungTiefes Dunkelrot mit violetten Reflexen. In der Nase rassige W\u00fcrze und Aromen von Brombeeren und Schwarzen Johannisbeeren. Im Mund deutliche, harmonisch eingebundene Rests\u00fc\u00dfe mit einem sch\u00f6nen Finish der reifen Tannine.\" \/>\n<meta property=\"og:url\" content=\"https:\/\/shop.merolution.de\/index.php\/product\/rotweincuvee-lieblich-die-freude-teilen\/\" \/>\n<meta property=\"og:site_name\" content=\"Getr\u00e4nke Schl\u00fcter Onlineshop\" \/>\n<meta property=\"og:image\" content=\"https:\/\/shop.merolution.de\/wp-content\/uploads\/2020\/05\/die-freude-teilen.jpg\" \/>\n\t<meta property=\"og:image:width\" content=\"150\" \/>\n\t<meta property=\"og:image:height\" content=\"568\" \/>\n\t<meta property=\"og:image:type\" content=\"image\/jpeg\" \/>\n<meta name=\"twitter:card\" content=\"summary_large_image\" \/>\n<script type=\"application\/ld+json\" class=\"yoast-schema-graph\">{\"@context\":\"https:\/\/schema.org\",\"@graph\":[{\"@type\":\"WebPage\",\"@id\":\"https:\/\/shop.merolution.de\/index.php\/product\/rotweincuvee-lieblich-die-freude-teilen\/\",\"url\":\"https:\/\/shop.merolution.de\/index.php\/product\/rotweincuvee-lieblich-die-freude-teilen\/\",\"name\":\"Rotweincuve\u00e9 lieblich \\\"Die Freude teilen\\\" - Getr\u00e4nke Schl\u00fcter Onlineshop\",\"isPartOf\":{\"@id\":\"https:\/\/shop.merolution.de\/#website\"},\"datePublished\":\"2020-05-28T10:04:02+00:00\",\"dateModified\":\"2020-05-28T10:04:02+00:00\",\"breadcrumb\":{\"@id\":\"https:\/\/shop.merolution.de\/index.php\/product\/rotweincuvee-lieblich-die-freude-teilen\/#breadcrumb\"},\"inLanguage\":\"de\",\"potentialAction\":[{\"@type\":\"ReadAction\",\"target\":[\"https:\/\/shop.merolution.de\/index.php\/product\/rotweincuvee-lieblich-die-freude-teilen\/\"]}]},{\"@type\":\"BreadcrumbList\",\"@id\":\"https:\/\/shop.merolution.de\/index.php\/product\/rotweincuvee-lieblich-die-freude-teilen\/#breadcrumb\",\"itemListElement\":[{\"@type\":\"ListItem\",\"position\":1,\"name\":\"Home\",\"item\":\"https:\/\/shop.merolution.de\/\"},{\"@type\":\"ListItem\",\"position\":2,\"name\":\"Shop\",\"item\":\"https:\/\/shop.merolution.de\/\"},{\"@type\":\"ListItem\",\"position\":3,\"name\":\"Rotweincuve\u00e9 lieblich &#8222;Die Freude teilen&#8220;\"}]},{\"@type\":\"WebSite\",\"@id\":\"https:\/\/shop.merolution.de\/#website\",\"url\":\"https:\/\/shop.merolution.de\/\",\"name\":\"Getr\u00e4nke Schl\u00fcter Onlineshop\",\"description\":\"Ihr Getr\u00e4nke-Partner in Hannover\",\"potentialAction\":[{\"@type\":\"SearchAction\",\"target\":{\"@type\":\"EntryPoint\",\"urlTemplate\":\"https:\/\/shop.merolution.de\/?s={search_term_string}\"},\"query-input\":\"required name=search_term_string\"}],\"inLanguage\":\"de\"}]}<\/script>\n<!-- \/ Yoast SEO plugin. -->","yoast_head_json":{"title":"Rotweincuve\u00e9 lieblich \"Die Freude teilen\" - Getr\u00e4nke Schl\u00fcter Onlineshop","robots":{"index":"noindex","follow":"follow","max-snippet":"max-snippet:-1","max-image-preview":"max-image-preview:large","max-video-preview":"max-video-preview:-1"},"og_locale":"de_DE","og_type":"article","og_title":"Rotweincuve\u00e9 lieblich \"Die Freude teilen\" - Getr\u00e4nke Schl\u00fcter Onlineshop","og_description":"01\/0,75 - TraubePrior, Baron, Dunkelfelder, Sp\u00e4tburgunder, Dornfelder und Cabernet MitosBeschreibungTiefes Dunkelrot mit violetten Reflexen. In der Nase rassige W\u00fcrze und Aromen von Brombeeren und Schwarzen Johannisbeeren. Im Mund deutliche, harmonisch eingebundene Rests\u00fc\u00dfe mit einem sch\u00f6nen Finish der reifen Tannine.","og_url":"https:\/\/shop.merolution.de\/index.php\/product\/rotweincuvee-lieblich-die-freude-teilen\/","og_site_name":"Getr\u00e4nke Schl\u00fcter Onlineshop","og_image":[{"width":150,"height":568,"url":"https:\/\/shop.merolution.de\/wp-content\/uploads\/2020\/05\/die-freude-teilen.jpg","type":"image\/jpeg"}],"twitter_card":"summary_large_image","schema":{"@context":"https:\/\/schema.org","@graph":[{"@type":"WebPage","@id":"https:\/\/shop.merolution.de\/index.php\/product\/rotweincuvee-lieblich-die-freude-teilen\/","url":"https:\/\/shop.merolution.de\/index.php\/product\/rotweincuvee-lieblich-die-freude-teilen\/","name":"Rotweincuve\u00e9 lieblich \"Die Freude teilen\" - Getr\u00e4nke Schl\u00fcter Onlineshop","isPartOf":{"@id":"https:\/\/shop.merolution.de\/#website"},"datePublished":"2020-05-28T10:04:02+00:00","dateModified":"2020-05-28T10:04:02+00:00","breadcrumb":{"@id":"https:\/\/shop.merolution.de\/index.php\/product\/rotweincuvee-lieblich-die-freude-teilen\/#breadcrumb"},"inLanguage":"de","potentialAction":[{"@type":"ReadAction","target":["https:\/\/shop.merolution.de\/index.php\/product\/rotweincuvee-lieblich-die-freude-teilen\/"]}]},{"@type":"BreadcrumbList","@id":"https:\/\/shop.merolution.de\/index.php\/product\/rotweincuvee-lieblich-die-freude-teilen\/#breadcrumb","itemListElement":[{"@type":"ListItem","position":1,"name":"Home","item":"https:\/\/shop.merolution.de\/"},{"@type":"ListItem","position":2,"name":"Shop","item":"https:\/\/shop.merolution.de\/"},{"@type":"ListItem","position":3,"name":"Rotweincuve\u00e9 lieblich &#8222;Die Freude teilen&#8220;"}]},{"@type":"WebSite","@id":"https:\/\/shop.merolution.de\/#website","url":"https:\/\/shop.merolution.de\/","name":"Getr\u00e4nke Schl\u00fcter Onlineshop","description":"Ihr Getr\u00e4nke-Partner in Hannover","potentialAction":[{"@type":"SearchAction","target":{"@type":"EntryPoint","urlTemplate":"https:\/\/shop.merolution.de\/?s={search_term_string}"},"query-input":"required name=search_term_string"}],"inLanguage":"de"}]}},"_links":{"self":[{"href":"https:\/\/shop.merolution.de\/index.php\/wp-json\/wp\/v2\/product\/3955"}],"collection":[{"href":"https:\/\/shop.merolution.de\/index.php\/wp-json\/wp\/v2\/product"}],"about":[{"href":"https:\/\/shop.merolution.de\/index.php\/wp-json\/wp\/v2\/types\/product"}],"replies":[{"embeddable":true,"href":"https:\/\/shop.merolution.de\/index.php\/wp-json\/wp\/v2\/comments?post=3955"}],"wp:featuredmedia":[{"embeddable":true,"href":"https:\/\/shop.merolution.de\/index.php\/wp-json\/wp\/v2\/media\/3956"}],"wp:attachment":[{"href":"https:\/\/shop.merolution.de\/index.php\/wp-json\/wp\/v2\/media?parent=3955"}],"wp:term":[{"taxonomy":"product_cat","embeddable":true,"href":"https:\/\/shop.merolution.de\/index.php\/wp-json\/wp\/v2\/product_cat?post=3955"},{"taxonomy":"product_tag","embeddable":true,"href":"https:\/\/shop.merolution.de\/index.php\/wp-json\/wp\/v2\/product_tag?post=3955"}],"curies":[{"name":"wp","href":"https:\/\/api.w.org\/{rel}","templated":true}]}}