{"id":3980,"date":"2020-05-28T10:04:06","date_gmt":"2020-05-28T10:04:06","guid":{"rendered":"https:\/\/shop.merolution.de\/index.php\/product\/lorenz-soehne-aktions-probier-kiste-06-075\/"},"modified":"2020-05-28T10:04:06","modified_gmt":"2020-05-28T10:04:06","slug":"lorenz-soehne-aktions-probier-kiste-06-075","status":"publish","type":"product","link":"https:\/\/shop.merolution.de\/index.php\/product\/lorenz-soehne-aktions-probier-kiste-06-075\/","title":{"rendered":"Lorenz &#038; S\u00f6hne Aktions Probier-Kiste &#8211; 06\/0,75"},"content":{"rendered":"<p>06\/0,75 Liter &#8211; Probier-Kiste mit 5 Sorten Rot- und Weisswein vom Weingut Lorenz &#038; S\u00f6hne aus Bad Kreuznach &#8211; 1 Flasche 0,75L Dornfelder trocken, 1 Flasche 0,75L Sauvignon blanc trocken, 1 Flasche 0,75L Riesling Valentin trocken, 1 Flasche 0,75L M\u00fcller-Thurgau fruchtig, 1 Flasche 0,75L Bacchus fruchtig &#8211; Sie sparen \u0080 3,56 gegen\u00fcber den Einzelpreisen &#8211; Pfand \u0080 1,50 (Mehrwegkiste)<\/p>\n","protected":false},"excerpt":{"rendered":"<p>06\/0,75 Liter &#8211; Probier-Kiste mit 6 Sorten Rot- und Weisswein vom Weingut Lorenz &#038; S\u00f6hne aus Bad Kreuznach &#8211; 1 Flasche 0,75L Dornfelder trocken, 1 Flasche 0,75L Sauvignon blanc trocken, 1 Flasche 0,75L Riesling Valentin trocken, 1 Flasche 0,75L M\u00fcller-Thurgau fruchtig, 1 Flasche 0,75L Bacchus fruchtig, 1 Flasche 0,75L Liebesspiel &#8211; Sie sparen \u0080 3,56 gegen\u00fcber den Einzelpreisen &#8211; Pfand \u0080 1,50 (Mehrwegkiste)<\/p>\n","protected":false},"featured_media":3981,"comment_status":"open","ping_status":"closed","template":"","meta":[],"product_cat":[94],"product_tag":[],"yoast_head":"<!-- This site is optimized with the Yoast SEO plugin v19.14 - https:\/\/yoast.com\/wordpress\/plugins\/seo\/ -->\n<title>Lorenz &amp; S\u00f6hne Aktions Probier-Kiste - 06\/0,75 - Getr\u00e4nke Schl\u00fcter Onlineshop<\/title>\n<meta name=\"robots\" content=\"noindex, follow, max-snippet:-1, max-image-preview:large, max-video-preview:-1\" \/>\n<meta property=\"og:locale\" content=\"de_DE\" \/>\n<meta property=\"og:type\" content=\"article\" \/>\n<meta property=\"og:title\" content=\"Lorenz &amp; S\u00f6hne Aktions Probier-Kiste - 06\/0,75 - Getr\u00e4nke Schl\u00fcter Onlineshop\" \/>\n<meta property=\"og:description\" content=\"06\/0,75 Liter - Probier-Kiste mit 6 Sorten Rot- und Weisswein vom Weingut Lorenz &amp; S\u00f6hne aus Bad Kreuznach - 1 Flasche 0,75L Dornfelder trocken, 1 Flasche 0,75L Sauvignon blanc trocken, 1 Flasche 0,75L Riesling Valentin trocken, 1 Flasche 0,75L M\u00fcller-Thurgau fruchtig, 1 Flasche 0,75L Bacchus fruchtig, 1 Flasche 0,75L Liebesspiel - Sie sparen \u0080 3,56 gegen\u00fcber den Einzelpreisen - Pfand \u0080 1,50 (Mehrwegkiste)\" \/>\n<meta property=\"og:url\" content=\"https:\/\/shop.merolution.de\/index.php\/product\/lorenz-soehne-aktions-probier-kiste-06-075\/\" \/>\n<meta property=\"og:site_name\" content=\"Getr\u00e4nke Schl\u00fcter Onlineshop\" \/>\n<meta property=\"og:image\" content=\"https:\/\/shop.merolution.de\/wp-content\/uploads\/2020\/05\/51417518_2563057813710123_1758393927771095040_n.png\" \/>\n\t<meta property=\"og:image:width\" content=\"150\" \/>\n\t<meta property=\"og:image:height\" content=\"150\" \/>\n\t<meta property=\"og:image:type\" content=\"image\/png\" \/>\n<meta name=\"twitter:card\" content=\"summary_large_image\" \/>\n<script type=\"application\/ld+json\" class=\"yoast-schema-graph\">{\"@context\":\"https:\/\/schema.org\",\"@graph\":[{\"@type\":\"WebPage\",\"@id\":\"https:\/\/shop.merolution.de\/index.php\/product\/lorenz-soehne-aktions-probier-kiste-06-075\/\",\"url\":\"https:\/\/shop.merolution.de\/index.php\/product\/lorenz-soehne-aktions-probier-kiste-06-075\/\",\"name\":\"Lorenz & S\u00f6hne Aktions Probier-Kiste - 06\/0,75 - Getr\u00e4nke Schl\u00fcter Onlineshop\",\"isPartOf\":{\"@id\":\"https:\/\/shop.merolution.de\/#website\"},\"datePublished\":\"2020-05-28T10:04:06+00:00\",\"dateModified\":\"2020-05-28T10:04:06+00:00\",\"breadcrumb\":{\"@id\":\"https:\/\/shop.merolution.de\/index.php\/product\/lorenz-soehne-aktions-probier-kiste-06-075\/#breadcrumb\"},\"inLanguage\":\"de\",\"potentialAction\":[{\"@type\":\"ReadAction\",\"target\":[\"https:\/\/shop.merolution.de\/index.php\/product\/lorenz-soehne-aktions-probier-kiste-06-075\/\"]}]},{\"@type\":\"BreadcrumbList\",\"@id\":\"https:\/\/shop.merolution.de\/index.php\/product\/lorenz-soehne-aktions-probier-kiste-06-075\/#breadcrumb\",\"itemListElement\":[{\"@type\":\"ListItem\",\"position\":1,\"name\":\"Home\",\"item\":\"https:\/\/shop.merolution.de\/\"},{\"@type\":\"ListItem\",\"position\":2,\"name\":\"Shop\",\"item\":\"https:\/\/shop.merolution.de\/\"},{\"@type\":\"ListItem\",\"position\":3,\"name\":\"Lorenz &#038; S\u00f6hne Aktions Probier-Kiste &#8211; 06\/0,75\"}]},{\"@type\":\"WebSite\",\"@id\":\"https:\/\/shop.merolution.de\/#website\",\"url\":\"https:\/\/shop.merolution.de\/\",\"name\":\"Getr\u00e4nke Schl\u00fcter Onlineshop\",\"description\":\"Ihr Getr\u00e4nke-Partner in Hannover\",\"potentialAction\":[{\"@type\":\"SearchAction\",\"target\":{\"@type\":\"EntryPoint\",\"urlTemplate\":\"https:\/\/shop.merolution.de\/?s={search_term_string}\"},\"query-input\":\"required name=search_term_string\"}],\"inLanguage\":\"de\"}]}<\/script>\n<!-- \/ Yoast SEO plugin. -->","yoast_head_json":{"title":"Lorenz & S\u00f6hne Aktions Probier-Kiste - 06\/0,75 - Getr\u00e4nke Schl\u00fcter Onlineshop","robots":{"index":"noindex","follow":"follow","max-snippet":"max-snippet:-1","max-image-preview":"max-image-preview:large","max-video-preview":"max-video-preview:-1"},"og_locale":"de_DE","og_type":"article","og_title":"Lorenz & S\u00f6hne Aktions Probier-Kiste - 06\/0,75 - Getr\u00e4nke Schl\u00fcter Onlineshop","og_description":"06\/0,75 Liter - Probier-Kiste mit 6 Sorten Rot- und Weisswein vom Weingut Lorenz & S\u00f6hne aus Bad Kreuznach - 1 Flasche 0,75L Dornfelder trocken, 1 Flasche 0,75L Sauvignon blanc trocken, 1 Flasche 0,75L Riesling Valentin trocken, 1 Flasche 0,75L M\u00fcller-Thurgau fruchtig, 1 Flasche 0,75L Bacchus fruchtig, 1 Flasche 0,75L Liebesspiel - Sie sparen \u0080 3,56 gegen\u00fcber den Einzelpreisen - Pfand \u0080 1,50 (Mehrwegkiste)","og_url":"https:\/\/shop.merolution.de\/index.php\/product\/lorenz-soehne-aktions-probier-kiste-06-075\/","og_site_name":"Getr\u00e4nke Schl\u00fcter Onlineshop","og_image":[{"width":150,"height":150,"url":"https:\/\/shop.merolution.de\/wp-content\/uploads\/2020\/05\/51417518_2563057813710123_1758393927771095040_n.png","type":"image\/png"}],"twitter_card":"summary_large_image","schema":{"@context":"https:\/\/schema.org","@graph":[{"@type":"WebPage","@id":"https:\/\/shop.merolution.de\/index.php\/product\/lorenz-soehne-aktions-probier-kiste-06-075\/","url":"https:\/\/shop.merolution.de\/index.php\/product\/lorenz-soehne-aktions-probier-kiste-06-075\/","name":"Lorenz & S\u00f6hne Aktions Probier-Kiste - 06\/0,75 - Getr\u00e4nke Schl\u00fcter Onlineshop","isPartOf":{"@id":"https:\/\/shop.merolution.de\/#website"},"datePublished":"2020-05-28T10:04:06+00:00","dateModified":"2020-05-28T10:04:06+00:00","breadcrumb":{"@id":"https:\/\/shop.merolution.de\/index.php\/product\/lorenz-soehne-aktions-probier-kiste-06-075\/#breadcrumb"},"inLanguage":"de","potentialAction":[{"@type":"ReadAction","target":["https:\/\/shop.merolution.de\/index.php\/product\/lorenz-soehne-aktions-probier-kiste-06-075\/"]}]},{"@type":"BreadcrumbList","@id":"https:\/\/shop.merolution.de\/index.php\/product\/lorenz-soehne-aktions-probier-kiste-06-075\/#breadcrumb","itemListElement":[{"@type":"ListItem","position":1,"name":"Home","item":"https:\/\/shop.merolution.de\/"},{"@type":"ListItem","position":2,"name":"Shop","item":"https:\/\/shop.merolution.de\/"},{"@type":"ListItem","position":3,"name":"Lorenz &#038; S\u00f6hne Aktions Probier-Kiste &#8211; 06\/0,75"}]},{"@type":"WebSite","@id":"https:\/\/shop.merolution.de\/#website","url":"https:\/\/shop.merolution.de\/","name":"Getr\u00e4nke Schl\u00fcter Onlineshop","description":"Ihr Getr\u00e4nke-Partner in Hannover","potentialAction":[{"@type":"SearchAction","target":{"@type":"EntryPoint","urlTemplate":"https:\/\/shop.merolution.de\/?s={search_term_string}"},"query-input":"required name=search_term_string"}],"inLanguage":"de"}]}},"_links":{"self":[{"href":"https:\/\/shop.merolution.de\/index.php\/wp-json\/wp\/v2\/product\/3980"}],"collection":[{"href":"https:\/\/shop.merolution.de\/index.php\/wp-json\/wp\/v2\/product"}],"about":[{"href":"https:\/\/shop.merolution.de\/index.php\/wp-json\/wp\/v2\/types\/product"}],"replies":[{"embeddable":true,"href":"https:\/\/shop.merolution.de\/index.php\/wp-json\/wp\/v2\/comments?post=3980"}],"wp:featuredmedia":[{"embeddable":true,"href":"https:\/\/shop.merolution.de\/index.php\/wp-json\/wp\/v2\/media\/3981"}],"wp:attachment":[{"href":"https:\/\/shop.merolution.de\/index.php\/wp-json\/wp\/v2\/media?parent=3980"}],"wp:term":[{"taxonomy":"product_cat","embeddable":true,"href":"https:\/\/shop.merolution.de\/index.php\/wp-json\/wp\/v2\/product_cat?post=3980"},{"taxonomy":"product_tag","embeddable":true,"href":"https:\/\/shop.merolution.de\/index.php\/wp-json\/wp\/v2\/product_tag?post=3980"}],"curies":[{"name":"wp","href":"https:\/\/api.w.org\/{rel}","templated":true}]}}