{"id":3997,"date":"2020-05-28T10:04:09","date_gmt":"2020-05-28T10:04:09","guid":{"rendered":"https:\/\/shop.merolution.de\/index.php\/product\/naegele-100-riesling-halbtrocken\/"},"modified":"2020-05-28T10:04:09","modified_gmt":"2020-05-28T10:04:09","slug":"naegele-100-riesling-halbtrocken","status":"publish","type":"product","link":"https:\/\/shop.merolution.de\/index.php\/product\/naegele-100-riesling-halbtrocken\/","title":{"rendered":"Naegele 1,00 Riesling halbtrocken"},"content":{"rendered":"<p>Die Lage Hambacher Rebst\u00f6ckel liegt zwischen 130 und 260 m H\u00f6he \u00fcber NN und ist etwa 550 ha gro\u00df. Die Bodenbeschaffenheit basiert haupts\u00e4chlich auf den Komponenten Lehm und Sand in wechselnder Zusammensetzung. Die Lage ist zu 65% leicht h\u00e4ngig in Richtung Ost bis S\u00fcdost, etwa 35% sind flache Standorte. Der Name Rebst\u00f6ckel stammt vermutlich von einem fr\u00fcher recht gebr\u00e4uchlichen Hausnamen ab.Der Riesling geh\u00f6rt zu den \u00e4ltesten Rebsorten der Welt und wird urkundlich seit dem fr\u00fchen 15. Jhd erw\u00e4hnt. Das Verbreitungsgebiet liegt in den gem\u00e4\u00dfigten Klimaten Europas, mittlerweile aber auch in H\u00f6henlagen der \u00dcberseegebiete wie USA oder S\u00fcdafrika. Kennzeichnend sind die sp\u00e4te Reife der Trauben und die hohen Anspr\u00fcche an die Lage, positiv ist die geringe Frostempfindlichkeit der Reben und die enorme Spannbreite der Ausbaum\u00f6glichkeiten.Eleganter, bek\u00f6mmlicher und beschwingender Wein. Saftig, spritzig und anregend. Jugendliche Frucht von Apfel, Ananas und Grapefruit, leicht und angenehm. Feines S\u00e4ure-Fruchtspiel mit dezenter S\u00fc\u00dfe aus nat\u00fcrlicher, unvergorener Fructose.Ein vielseitiger Begleiter zu Fisch- und Gem\u00fcsegerichten, asiatischer K\u00fcche und zu mediterran leichtem Essen, von dem man schon mal ein Glas mehr trinken kann.<\/p>\n","protected":false},"excerpt":{"rendered":"<p>Herkunft:PfalzLage:Hambacher Rebst\u00f6ckelRebsorte:RieslingQualit\u00e4t:Qualit\u00e4tswein b.A.Geschmack:halbtrockenFlaschengr\u00f6\u00dfe:1,0 l Analysedaten:Alkoholgehalt:12,5l.S\u00e4ure:8,2lRestzucker:15,4Trinktemperatur:9-12\u00b0 C<\/p>\n","protected":false},"featured_media":3998,"comment_status":"open","ping_status":"closed","template":"","meta":[],"product_cat":[96],"product_tag":[],"yoast_head":"<!-- This site is optimized with the Yoast SEO plugin v19.14 - https:\/\/yoast.com\/wordpress\/plugins\/seo\/ -->\n<title>Naegele 1,00 Riesling halbtrocken - Getr\u00e4nke Schl\u00fcter Onlineshop<\/title>\n<meta name=\"robots\" content=\"noindex, follow, max-snippet:-1, max-image-preview:large, max-video-preview:-1\" \/>\n<meta property=\"og:locale\" content=\"de_DE\" \/>\n<meta property=\"og:type\" content=\"article\" \/>\n<meta property=\"og:title\" content=\"Naegele 1,00 Riesling halbtrocken - Getr\u00e4nke Schl\u00fcter Onlineshop\" \/>\n<meta property=\"og:description\" content=\"Herkunft:PfalzLage:Hambacher Rebst\u00f6ckelRebsorte:RieslingQualit\u00e4t:Qualit\u00e4tswein b.A.Geschmack:halbtrockenFlaschengr\u00f6\u00dfe:1,0 l Analysedaten:Alkoholgehalt:12,5l.S\u00e4ure:8,2lRestzucker:15,4Trinktemperatur:9-12\u00b0 C\" \/>\n<meta property=\"og:url\" content=\"https:\/\/shop.merolution.de\/index.php\/product\/naegele-100-riesling-halbtrocken\/\" \/>\n<meta property=\"og:site_name\" content=\"Getr\u00e4nke Schl\u00fcter Onlineshop\" \/>\n<meta property=\"og:image\" content=\"https:\/\/shop.merolution.de\/wp-content\/uploads\/2020\/05\/riesling-htr.jpg\" \/>\n\t<meta property=\"og:image:width\" content=\"150\" \/>\n\t<meta property=\"og:image:height\" content=\"486\" \/>\n\t<meta property=\"og:image:type\" content=\"image\/jpeg\" \/>\n<meta name=\"twitter:card\" content=\"summary_large_image\" \/>\n<meta name=\"twitter:label1\" content=\"Gesch\u00e4tzte Lesezeit\" \/>\n\t<meta name=\"twitter:data1\" content=\"1\u00a0Minute\" \/>\n<script type=\"application\/ld+json\" class=\"yoast-schema-graph\">{\"@context\":\"https:\/\/schema.org\",\"@graph\":[{\"@type\":\"WebPage\",\"@id\":\"https:\/\/shop.merolution.de\/index.php\/product\/naegele-100-riesling-halbtrocken\/\",\"url\":\"https:\/\/shop.merolution.de\/index.php\/product\/naegele-100-riesling-halbtrocken\/\",\"name\":\"Naegele 1,00 Riesling halbtrocken - Getr\u00e4nke Schl\u00fcter Onlineshop\",\"isPartOf\":{\"@id\":\"https:\/\/shop.merolution.de\/#website\"},\"datePublished\":\"2020-05-28T10:04:09+00:00\",\"dateModified\":\"2020-05-28T10:04:09+00:00\",\"breadcrumb\":{\"@id\":\"https:\/\/shop.merolution.de\/index.php\/product\/naegele-100-riesling-halbtrocken\/#breadcrumb\"},\"inLanguage\":\"de\",\"potentialAction\":[{\"@type\":\"ReadAction\",\"target\":[\"https:\/\/shop.merolution.de\/index.php\/product\/naegele-100-riesling-halbtrocken\/\"]}]},{\"@type\":\"BreadcrumbList\",\"@id\":\"https:\/\/shop.merolution.de\/index.php\/product\/naegele-100-riesling-halbtrocken\/#breadcrumb\",\"itemListElement\":[{\"@type\":\"ListItem\",\"position\":1,\"name\":\"Home\",\"item\":\"https:\/\/shop.merolution.de\/\"},{\"@type\":\"ListItem\",\"position\":2,\"name\":\"Shop\",\"item\":\"https:\/\/shop.merolution.de\/\"},{\"@type\":\"ListItem\",\"position\":3,\"name\":\"Naegele 1,00 Riesling halbtrocken\"}]},{\"@type\":\"WebSite\",\"@id\":\"https:\/\/shop.merolution.de\/#website\",\"url\":\"https:\/\/shop.merolution.de\/\",\"name\":\"Getr\u00e4nke Schl\u00fcter Onlineshop\",\"description\":\"Ihr Getr\u00e4nke-Partner in Hannover\",\"potentialAction\":[{\"@type\":\"SearchAction\",\"target\":{\"@type\":\"EntryPoint\",\"urlTemplate\":\"https:\/\/shop.merolution.de\/?s={search_term_string}\"},\"query-input\":\"required name=search_term_string\"}],\"inLanguage\":\"de\"}]}<\/script>\n<!-- \/ Yoast SEO plugin. -->","yoast_head_json":{"title":"Naegele 1,00 Riesling halbtrocken - Getr\u00e4nke Schl\u00fcter Onlineshop","robots":{"index":"noindex","follow":"follow","max-snippet":"max-snippet:-1","max-image-preview":"max-image-preview:large","max-video-preview":"max-video-preview:-1"},"og_locale":"de_DE","og_type":"article","og_title":"Naegele 1,00 Riesling halbtrocken - Getr\u00e4nke Schl\u00fcter Onlineshop","og_description":"Herkunft:PfalzLage:Hambacher Rebst\u00f6ckelRebsorte:RieslingQualit\u00e4t:Qualit\u00e4tswein b.A.Geschmack:halbtrockenFlaschengr\u00f6\u00dfe:1,0 l Analysedaten:Alkoholgehalt:12,5l.S\u00e4ure:8,2lRestzucker:15,4Trinktemperatur:9-12\u00b0 C","og_url":"https:\/\/shop.merolution.de\/index.php\/product\/naegele-100-riesling-halbtrocken\/","og_site_name":"Getr\u00e4nke Schl\u00fcter Onlineshop","og_image":[{"width":150,"height":486,"url":"https:\/\/shop.merolution.de\/wp-content\/uploads\/2020\/05\/riesling-htr.jpg","type":"image\/jpeg"}],"twitter_card":"summary_large_image","twitter_misc":{"Gesch\u00e4tzte Lesezeit":"1\u00a0Minute"},"schema":{"@context":"https:\/\/schema.org","@graph":[{"@type":"WebPage","@id":"https:\/\/shop.merolution.de\/index.php\/product\/naegele-100-riesling-halbtrocken\/","url":"https:\/\/shop.merolution.de\/index.php\/product\/naegele-100-riesling-halbtrocken\/","name":"Naegele 1,00 Riesling halbtrocken - Getr\u00e4nke Schl\u00fcter Onlineshop","isPartOf":{"@id":"https:\/\/shop.merolution.de\/#website"},"datePublished":"2020-05-28T10:04:09+00:00","dateModified":"2020-05-28T10:04:09+00:00","breadcrumb":{"@id":"https:\/\/shop.merolution.de\/index.php\/product\/naegele-100-riesling-halbtrocken\/#breadcrumb"},"inLanguage":"de","potentialAction":[{"@type":"ReadAction","target":["https:\/\/shop.merolution.de\/index.php\/product\/naegele-100-riesling-halbtrocken\/"]}]},{"@type":"BreadcrumbList","@id":"https:\/\/shop.merolution.de\/index.php\/product\/naegele-100-riesling-halbtrocken\/#breadcrumb","itemListElement":[{"@type":"ListItem","position":1,"name":"Home","item":"https:\/\/shop.merolution.de\/"},{"@type":"ListItem","position":2,"name":"Shop","item":"https:\/\/shop.merolution.de\/"},{"@type":"ListItem","position":3,"name":"Naegele 1,00 Riesling halbtrocken"}]},{"@type":"WebSite","@id":"https:\/\/shop.merolution.de\/#website","url":"https:\/\/shop.merolution.de\/","name":"Getr\u00e4nke Schl\u00fcter Onlineshop","description":"Ihr Getr\u00e4nke-Partner in Hannover","potentialAction":[{"@type":"SearchAction","target":{"@type":"EntryPoint","urlTemplate":"https:\/\/shop.merolution.de\/?s={search_term_string}"},"query-input":"required name=search_term_string"}],"inLanguage":"de"}]}},"_links":{"self":[{"href":"https:\/\/shop.merolution.de\/index.php\/wp-json\/wp\/v2\/product\/3997"}],"collection":[{"href":"https:\/\/shop.merolution.de\/index.php\/wp-json\/wp\/v2\/product"}],"about":[{"href":"https:\/\/shop.merolution.de\/index.php\/wp-json\/wp\/v2\/types\/product"}],"replies":[{"embeddable":true,"href":"https:\/\/shop.merolution.de\/index.php\/wp-json\/wp\/v2\/comments?post=3997"}],"wp:featuredmedia":[{"embeddable":true,"href":"https:\/\/shop.merolution.de\/index.php\/wp-json\/wp\/v2\/media\/3998"}],"wp:attachment":[{"href":"https:\/\/shop.merolution.de\/index.php\/wp-json\/wp\/v2\/media?parent=3997"}],"wp:term":[{"taxonomy":"product_cat","embeddable":true,"href":"https:\/\/shop.merolution.de\/index.php\/wp-json\/wp\/v2\/product_cat?post=3997"},{"taxonomy":"product_tag","embeddable":true,"href":"https:\/\/shop.merolution.de\/index.php\/wp-json\/wp\/v2\/product_tag?post=3997"}],"curies":[{"name":"wp","href":"https:\/\/api.w.org\/{rel}","templated":true}]}}