{"id":4269,"date":"2020-05-28T10:04:51","date_gmt":"2020-05-28T10:04:51","guid":{"rendered":"https:\/\/shop.merolution.de\/index.php\/product\/andechs-bergbock-hell\/"},"modified":"2020-05-28T10:04:51","modified_gmt":"2020-05-28T10:04:51","slug":"andechs-bergbock-hell","status":"publish","type":"product","link":"https:\/\/shop.merolution.de\/index.php\/product\/andechs-bergbock-hell\/","title":{"rendered":"Andechs Bergbock Hell"},"content":{"rendered":"<p>20\/0,50 &#8211; helles Bockbier golden und glanzklar im Aussehen, macht er mit seinem festen feinporigen Schaum Lust auf den ersten Schluck &#8211; starke Malz- und blumig-hopfige Aromen sind durchsetzt mit leichten Fruchtaromen. Trotz seiner St\u00e4rke ist der Bergbock angenehm vollmundig, verbunden mit einem kr\u00e4ftigen, jedoch nicht aufdringlichen K\u00f6rper. Eine sehr dezente, feine Hopfennote verbindet sich mit einer leichten Honigs\u00fc\u00dfe hin zu einem weichen, harmonischen Abgang.Ein charaktervoller, harmonischer heller Bock, bei dem es nicht beim ersten Schluck bleibt (16,5 Gewichtsprozent Stammw\u00fcrze und 6,9 Volumenprozent Alkohol) &#8211; 6,9vol% &#8211; \u0080 3,10 Pfand<\/p>\n","protected":false},"excerpt":{"rendered":"<p>20\/0,50 &#8211; helles Bockbier golden und glanzklar im Aussehen, macht er mit seinem festen feinporigen Schaum Lust auf den ersten Schluck &#8211; starke Malz- und blumig-hopfige Aromen sind durchsetzt mit leichten Fruchtaromen. Trotz seiner St\u00e4rke ist der Bergbock angenehm vollmundig, verbunden mit einem kr\u00e4ftigen, jedoch nicht aufdringlichen K\u00f6rper. Eine sehr dezente, feine Hopfennote verbindet sich mit einer leichten Honigs\u00fc\u00dfe hin zu einem weichen, harmonischen Abgang.Ein charaktervoller, harmonischer heller Bock, bei dem es nicht beim ersten Schluck bleibt (16,5 Gewichtsprozent Stammw\u00fcrze und 6,9 Volumenprozent Alkohol) &#8211; 6,9vol% &#8211; \u0080 3,10 Pfand<\/p>\n","protected":false},"featured_media":4270,"comment_status":"open","ping_status":"closed","template":"","meta":[],"product_cat":[107],"product_tag":[],"yoast_head":"<!-- This site is optimized with the Yoast SEO plugin v19.14 - https:\/\/yoast.com\/wordpress\/plugins\/seo\/ -->\n<title>Andechs Bergbock Hell - Getr\u00e4nke Schl\u00fcter Onlineshop<\/title>\n<meta name=\"robots\" content=\"noindex, follow, max-snippet:-1, max-image-preview:large, max-video-preview:-1\" \/>\n<meta property=\"og:locale\" content=\"de_DE\" \/>\n<meta property=\"og:type\" content=\"article\" \/>\n<meta property=\"og:title\" content=\"Andechs Bergbock Hell - Getr\u00e4nke Schl\u00fcter Onlineshop\" \/>\n<meta property=\"og:description\" content=\"20\/0,50 - helles Bockbier golden und glanzklar im Aussehen, macht er mit seinem festen feinporigen Schaum Lust auf den ersten Schluck - starke Malz- und blumig-hopfige Aromen sind durchsetzt mit leichten Fruchtaromen. Trotz seiner St\u00e4rke ist der Bergbock angenehm vollmundig, verbunden mit einem kr\u00e4ftigen, jedoch nicht aufdringlichen K\u00f6rper. Eine sehr dezente, feine Hopfennote verbindet sich mit einer leichten Honigs\u00fc\u00dfe hin zu einem weichen, harmonischen Abgang.Ein charaktervoller, harmonischer heller Bock, bei dem es nicht beim ersten Schluck bleibt (16,5 Gewichtsprozent Stammw\u00fcrze und 6,9 Volumenprozent Alkohol) - 6,9vol% - \u0080 3,10 Pfand\" \/>\n<meta property=\"og:url\" content=\"https:\/\/shop.merolution.de\/index.php\/product\/andechs-bergbock-hell\/\" \/>\n<meta property=\"og:site_name\" content=\"Getr\u00e4nke Schl\u00fcter Onlineshop\" \/>\n<meta property=\"og:image\" content=\"https:\/\/shop.merolution.de\/wp-content\/uploads\/2020\/05\/andechsbergbockhellkiste-aid-201s.jpg\" \/>\n\t<meta property=\"og:image:width\" content=\"150\" \/>\n\t<meta property=\"og:image:height\" content=\"110\" \/>\n\t<meta property=\"og:image:type\" content=\"image\/jpeg\" \/>\n<meta name=\"twitter:card\" content=\"summary_large_image\" \/>\n<script type=\"application\/ld+json\" class=\"yoast-schema-graph\">{\"@context\":\"https:\/\/schema.org\",\"@graph\":[{\"@type\":\"WebPage\",\"@id\":\"https:\/\/shop.merolution.de\/index.php\/product\/andechs-bergbock-hell\/\",\"url\":\"https:\/\/shop.merolution.de\/index.php\/product\/andechs-bergbock-hell\/\",\"name\":\"Andechs Bergbock Hell - Getr\u00e4nke Schl\u00fcter Onlineshop\",\"isPartOf\":{\"@id\":\"https:\/\/shop.merolution.de\/#website\"},\"datePublished\":\"2020-05-28T10:04:51+00:00\",\"dateModified\":\"2020-05-28T10:04:51+00:00\",\"breadcrumb\":{\"@id\":\"https:\/\/shop.merolution.de\/index.php\/product\/andechs-bergbock-hell\/#breadcrumb\"},\"inLanguage\":\"de\",\"potentialAction\":[{\"@type\":\"ReadAction\",\"target\":[\"https:\/\/shop.merolution.de\/index.php\/product\/andechs-bergbock-hell\/\"]}]},{\"@type\":\"BreadcrumbList\",\"@id\":\"https:\/\/shop.merolution.de\/index.php\/product\/andechs-bergbock-hell\/#breadcrumb\",\"itemListElement\":[{\"@type\":\"ListItem\",\"position\":1,\"name\":\"Home\",\"item\":\"https:\/\/shop.merolution.de\/\"},{\"@type\":\"ListItem\",\"position\":2,\"name\":\"Shop\",\"item\":\"https:\/\/shop.merolution.de\/\"},{\"@type\":\"ListItem\",\"position\":3,\"name\":\"Andechs Bergbock Hell\"}]},{\"@type\":\"WebSite\",\"@id\":\"https:\/\/shop.merolution.de\/#website\",\"url\":\"https:\/\/shop.merolution.de\/\",\"name\":\"Getr\u00e4nke Schl\u00fcter Onlineshop\",\"description\":\"Ihr Getr\u00e4nke-Partner in Hannover\",\"potentialAction\":[{\"@type\":\"SearchAction\",\"target\":{\"@type\":\"EntryPoint\",\"urlTemplate\":\"https:\/\/shop.merolution.de\/?s={search_term_string}\"},\"query-input\":\"required name=search_term_string\"}],\"inLanguage\":\"de\"}]}<\/script>\n<!-- \/ Yoast SEO plugin. -->","yoast_head_json":{"title":"Andechs Bergbock Hell - Getr\u00e4nke Schl\u00fcter Onlineshop","robots":{"index":"noindex","follow":"follow","max-snippet":"max-snippet:-1","max-image-preview":"max-image-preview:large","max-video-preview":"max-video-preview:-1"},"og_locale":"de_DE","og_type":"article","og_title":"Andechs Bergbock Hell - Getr\u00e4nke Schl\u00fcter Onlineshop","og_description":"20\/0,50 - helles Bockbier golden und glanzklar im Aussehen, macht er mit seinem festen feinporigen Schaum Lust auf den ersten Schluck - starke Malz- und blumig-hopfige Aromen sind durchsetzt mit leichten Fruchtaromen. Trotz seiner St\u00e4rke ist der Bergbock angenehm vollmundig, verbunden mit einem kr\u00e4ftigen, jedoch nicht aufdringlichen K\u00f6rper. Eine sehr dezente, feine Hopfennote verbindet sich mit einer leichten Honigs\u00fc\u00dfe hin zu einem weichen, harmonischen Abgang.Ein charaktervoller, harmonischer heller Bock, bei dem es nicht beim ersten Schluck bleibt (16,5 Gewichtsprozent Stammw\u00fcrze und 6,9 Volumenprozent Alkohol) - 6,9vol% - \u0080 3,10 Pfand","og_url":"https:\/\/shop.merolution.de\/index.php\/product\/andechs-bergbock-hell\/","og_site_name":"Getr\u00e4nke Schl\u00fcter Onlineshop","og_image":[{"width":150,"height":110,"url":"https:\/\/shop.merolution.de\/wp-content\/uploads\/2020\/05\/andechsbergbockhellkiste-aid-201s.jpg","type":"image\/jpeg"}],"twitter_card":"summary_large_image","schema":{"@context":"https:\/\/schema.org","@graph":[{"@type":"WebPage","@id":"https:\/\/shop.merolution.de\/index.php\/product\/andechs-bergbock-hell\/","url":"https:\/\/shop.merolution.de\/index.php\/product\/andechs-bergbock-hell\/","name":"Andechs Bergbock Hell - Getr\u00e4nke Schl\u00fcter Onlineshop","isPartOf":{"@id":"https:\/\/shop.merolution.de\/#website"},"datePublished":"2020-05-28T10:04:51+00:00","dateModified":"2020-05-28T10:04:51+00:00","breadcrumb":{"@id":"https:\/\/shop.merolution.de\/index.php\/product\/andechs-bergbock-hell\/#breadcrumb"},"inLanguage":"de","potentialAction":[{"@type":"ReadAction","target":["https:\/\/shop.merolution.de\/index.php\/product\/andechs-bergbock-hell\/"]}]},{"@type":"BreadcrumbList","@id":"https:\/\/shop.merolution.de\/index.php\/product\/andechs-bergbock-hell\/#breadcrumb","itemListElement":[{"@type":"ListItem","position":1,"name":"Home","item":"https:\/\/shop.merolution.de\/"},{"@type":"ListItem","position":2,"name":"Shop","item":"https:\/\/shop.merolution.de\/"},{"@type":"ListItem","position":3,"name":"Andechs Bergbock Hell"}]},{"@type":"WebSite","@id":"https:\/\/shop.merolution.de\/#website","url":"https:\/\/shop.merolution.de\/","name":"Getr\u00e4nke Schl\u00fcter Onlineshop","description":"Ihr Getr\u00e4nke-Partner in Hannover","potentialAction":[{"@type":"SearchAction","target":{"@type":"EntryPoint","urlTemplate":"https:\/\/shop.merolution.de\/?s={search_term_string}"},"query-input":"required name=search_term_string"}],"inLanguage":"de"}]}},"_links":{"self":[{"href":"https:\/\/shop.merolution.de\/index.php\/wp-json\/wp\/v2\/product\/4269"}],"collection":[{"href":"https:\/\/shop.merolution.de\/index.php\/wp-json\/wp\/v2\/product"}],"about":[{"href":"https:\/\/shop.merolution.de\/index.php\/wp-json\/wp\/v2\/types\/product"}],"replies":[{"embeddable":true,"href":"https:\/\/shop.merolution.de\/index.php\/wp-json\/wp\/v2\/comments?post=4269"}],"wp:featuredmedia":[{"embeddable":true,"href":"https:\/\/shop.merolution.de\/index.php\/wp-json\/wp\/v2\/media\/4270"}],"wp:attachment":[{"href":"https:\/\/shop.merolution.de\/index.php\/wp-json\/wp\/v2\/media?parent=4269"}],"wp:term":[{"taxonomy":"product_cat","embeddable":true,"href":"https:\/\/shop.merolution.de\/index.php\/wp-json\/wp\/v2\/product_cat?post=4269"},{"taxonomy":"product_tag","embeddable":true,"href":"https:\/\/shop.merolution.de\/index.php\/wp-json\/wp\/v2\/product_tag?post=4269"}],"curies":[{"name":"wp","href":"https:\/\/api.w.org\/{rel}","templated":true}]}}