{"id":4308,"date":"2020-05-28T10:04:57","date_gmt":"2020-05-28T10:04:57","guid":{"rendered":"https:\/\/shop.merolution.de\/index.php\/product\/hacker-pschorr-animator-20x050\/"},"modified":"2020-05-28T10:04:57","modified_gmt":"2020-05-28T10:04:57","slug":"hacker-pschorr-animator-20x050","status":"publish","type":"product","link":"https:\/\/shop.merolution.de\/index.php\/product\/hacker-pschorr-animator-20x050\/","title":{"rendered":"Hacker Pschorr Animator 20&#215;0,50"},"content":{"rendered":"<p>20\/0,50 &#8211; starkbier zur Fastenzeit &#8211; 8,1vol% &#8211; \u0080 4,50 Pfand (B\u00fcgelflasche)<\/p>\n","protected":false},"excerpt":{"rendered":"<p>20\/0,50 &#8211; Starkbier zur Fastenzeit mit 8,1vol% &#8211; Doppelbock naturtr\u00fcb &#8211; Eine wahre Explosion an Geschmackseindr\u00fccken: S\u00fc\u00dfe Ankl\u00e4nge von braunem Zucker, Lakritz und Marzipan treffen auf Aprikosen und andere exotische Fr\u00fcchte &#8211; \u0080 4,50 Pfand (B\u00fcgelflasche)<\/p>\n","protected":false},"featured_media":4309,"comment_status":"open","ping_status":"closed","template":"","meta":[],"product_cat":[107],"product_tag":[],"yoast_head":"<!-- This site is optimized with the Yoast SEO plugin v19.14 - https:\/\/yoast.com\/wordpress\/plugins\/seo\/ -->\n<title>Hacker Pschorr Animator 20x0,50 - Getr\u00e4nke Schl\u00fcter Onlineshop<\/title>\n<meta name=\"robots\" content=\"noindex, follow, max-snippet:-1, max-image-preview:large, max-video-preview:-1\" \/>\n<meta property=\"og:locale\" content=\"de_DE\" \/>\n<meta property=\"og:type\" content=\"article\" \/>\n<meta property=\"og:title\" content=\"Hacker Pschorr Animator 20x0,50 - Getr\u00e4nke Schl\u00fcter Onlineshop\" \/>\n<meta property=\"og:description\" content=\"20\/0,50 - Starkbier zur Fastenzeit mit 8,1vol% - Doppelbock naturtr\u00fcb - Eine wahre Explosion an Geschmackseindr\u00fccken: S\u00fc\u00dfe Ankl\u00e4nge von braunem Zucker, Lakritz und Marzipan treffen auf Aprikosen und andere exotische Fr\u00fcchte - \u0080 4,50 Pfand (B\u00fcgelflasche)\" \/>\n<meta property=\"og:url\" content=\"https:\/\/shop.merolution.de\/index.php\/product\/hacker-pschorr-animator-20x050\/\" \/>\n<meta property=\"og:site_name\" content=\"Getr\u00e4nke Schl\u00fcter Onlineshop\" \/>\n<meta property=\"og:image\" content=\"https:\/\/shop.merolution.de\/wp-content\/uploads\/2020\/05\/c4e89a56df-aid-4163s.jpg\" \/>\n\t<meta property=\"og:image:width\" content=\"150\" \/>\n\t<meta property=\"og:image:height\" content=\"121\" \/>\n\t<meta property=\"og:image:type\" content=\"image\/jpeg\" \/>\n<meta name=\"twitter:card\" content=\"summary_large_image\" \/>\n<script type=\"application\/ld+json\" class=\"yoast-schema-graph\">{\"@context\":\"https:\/\/schema.org\",\"@graph\":[{\"@type\":\"WebPage\",\"@id\":\"https:\/\/shop.merolution.de\/index.php\/product\/hacker-pschorr-animator-20x050\/\",\"url\":\"https:\/\/shop.merolution.de\/index.php\/product\/hacker-pschorr-animator-20x050\/\",\"name\":\"Hacker Pschorr Animator 20x0,50 - Getr\u00e4nke Schl\u00fcter Onlineshop\",\"isPartOf\":{\"@id\":\"https:\/\/shop.merolution.de\/#website\"},\"datePublished\":\"2020-05-28T10:04:57+00:00\",\"dateModified\":\"2020-05-28T10:04:57+00:00\",\"breadcrumb\":{\"@id\":\"https:\/\/shop.merolution.de\/index.php\/product\/hacker-pschorr-animator-20x050\/#breadcrumb\"},\"inLanguage\":\"de\",\"potentialAction\":[{\"@type\":\"ReadAction\",\"target\":[\"https:\/\/shop.merolution.de\/index.php\/product\/hacker-pschorr-animator-20x050\/\"]}]},{\"@type\":\"BreadcrumbList\",\"@id\":\"https:\/\/shop.merolution.de\/index.php\/product\/hacker-pschorr-animator-20x050\/#breadcrumb\",\"itemListElement\":[{\"@type\":\"ListItem\",\"position\":1,\"name\":\"Home\",\"item\":\"https:\/\/shop.merolution.de\/\"},{\"@type\":\"ListItem\",\"position\":2,\"name\":\"Shop\",\"item\":\"https:\/\/shop.merolution.de\/\"},{\"@type\":\"ListItem\",\"position\":3,\"name\":\"Hacker Pschorr Animator 20&#215;0,50\"}]},{\"@type\":\"WebSite\",\"@id\":\"https:\/\/shop.merolution.de\/#website\",\"url\":\"https:\/\/shop.merolution.de\/\",\"name\":\"Getr\u00e4nke Schl\u00fcter Onlineshop\",\"description\":\"Ihr Getr\u00e4nke-Partner in Hannover\",\"potentialAction\":[{\"@type\":\"SearchAction\",\"target\":{\"@type\":\"EntryPoint\",\"urlTemplate\":\"https:\/\/shop.merolution.de\/?s={search_term_string}\"},\"query-input\":\"required name=search_term_string\"}],\"inLanguage\":\"de\"}]}<\/script>\n<!-- \/ Yoast SEO plugin. -->","yoast_head_json":{"title":"Hacker Pschorr Animator 20x0,50 - Getr\u00e4nke Schl\u00fcter Onlineshop","robots":{"index":"noindex","follow":"follow","max-snippet":"max-snippet:-1","max-image-preview":"max-image-preview:large","max-video-preview":"max-video-preview:-1"},"og_locale":"de_DE","og_type":"article","og_title":"Hacker Pschorr Animator 20x0,50 - Getr\u00e4nke Schl\u00fcter Onlineshop","og_description":"20\/0,50 - Starkbier zur Fastenzeit mit 8,1vol% - Doppelbock naturtr\u00fcb - Eine wahre Explosion an Geschmackseindr\u00fccken: S\u00fc\u00dfe Ankl\u00e4nge von braunem Zucker, Lakritz und Marzipan treffen auf Aprikosen und andere exotische Fr\u00fcchte - \u0080 4,50 Pfand (B\u00fcgelflasche)","og_url":"https:\/\/shop.merolution.de\/index.php\/product\/hacker-pschorr-animator-20x050\/","og_site_name":"Getr\u00e4nke Schl\u00fcter Onlineshop","og_image":[{"width":150,"height":121,"url":"https:\/\/shop.merolution.de\/wp-content\/uploads\/2020\/05\/c4e89a56df-aid-4163s.jpg","type":"image\/jpeg"}],"twitter_card":"summary_large_image","schema":{"@context":"https:\/\/schema.org","@graph":[{"@type":"WebPage","@id":"https:\/\/shop.merolution.de\/index.php\/product\/hacker-pschorr-animator-20x050\/","url":"https:\/\/shop.merolution.de\/index.php\/product\/hacker-pschorr-animator-20x050\/","name":"Hacker Pschorr Animator 20x0,50 - Getr\u00e4nke Schl\u00fcter Onlineshop","isPartOf":{"@id":"https:\/\/shop.merolution.de\/#website"},"datePublished":"2020-05-28T10:04:57+00:00","dateModified":"2020-05-28T10:04:57+00:00","breadcrumb":{"@id":"https:\/\/shop.merolution.de\/index.php\/product\/hacker-pschorr-animator-20x050\/#breadcrumb"},"inLanguage":"de","potentialAction":[{"@type":"ReadAction","target":["https:\/\/shop.merolution.de\/index.php\/product\/hacker-pschorr-animator-20x050\/"]}]},{"@type":"BreadcrumbList","@id":"https:\/\/shop.merolution.de\/index.php\/product\/hacker-pschorr-animator-20x050\/#breadcrumb","itemListElement":[{"@type":"ListItem","position":1,"name":"Home","item":"https:\/\/shop.merolution.de\/"},{"@type":"ListItem","position":2,"name":"Shop","item":"https:\/\/shop.merolution.de\/"},{"@type":"ListItem","position":3,"name":"Hacker Pschorr Animator 20&#215;0,50"}]},{"@type":"WebSite","@id":"https:\/\/shop.merolution.de\/#website","url":"https:\/\/shop.merolution.de\/","name":"Getr\u00e4nke Schl\u00fcter Onlineshop","description":"Ihr Getr\u00e4nke-Partner in Hannover","potentialAction":[{"@type":"SearchAction","target":{"@type":"EntryPoint","urlTemplate":"https:\/\/shop.merolution.de\/?s={search_term_string}"},"query-input":"required name=search_term_string"}],"inLanguage":"de"}]}},"_links":{"self":[{"href":"https:\/\/shop.merolution.de\/index.php\/wp-json\/wp\/v2\/product\/4308"}],"collection":[{"href":"https:\/\/shop.merolution.de\/index.php\/wp-json\/wp\/v2\/product"}],"about":[{"href":"https:\/\/shop.merolution.de\/index.php\/wp-json\/wp\/v2\/types\/product"}],"replies":[{"embeddable":true,"href":"https:\/\/shop.merolution.de\/index.php\/wp-json\/wp\/v2\/comments?post=4308"}],"wp:featuredmedia":[{"embeddable":true,"href":"https:\/\/shop.merolution.de\/index.php\/wp-json\/wp\/v2\/media\/4309"}],"wp:attachment":[{"href":"https:\/\/shop.merolution.de\/index.php\/wp-json\/wp\/v2\/media?parent=4308"}],"wp:term":[{"taxonomy":"product_cat","embeddable":true,"href":"https:\/\/shop.merolution.de\/index.php\/wp-json\/wp\/v2\/product_cat?post=4308"},{"taxonomy":"product_tag","embeddable":true,"href":"https:\/\/shop.merolution.de\/index.php\/wp-json\/wp\/v2\/product_tag?post=4308"}],"curies":[{"name":"wp","href":"https:\/\/api.w.org\/{rel}","templated":true}]}}