{"id":4343,"date":"2020-05-28T10:05:03","date_gmt":"2020-05-28T10:05:03","guid":{"rendered":"https:\/\/shop.merolution.de\/index.php\/product\/andechs-spezial-hell\/"},"modified":"2020-05-28T10:05:03","modified_gmt":"2020-05-28T10:05:03","slug":"andechs-spezial-hell","status":"publish","type":"product","link":"https:\/\/shop.merolution.de\/index.php\/product\/andechs-spezial-hell\/","title":{"rendered":"Andechs Spezial Hell"},"content":{"rendered":"<p>20\/0,50 &#8211; Das Andechser Spezial Hell mit 5,9vol%, bekannt als das &#8222;Festbier&#8220; aus dem Andechser Br\u00e4ust\u00fcberl, steht in leuchtend hellem Gold im Glas. Sein glanzklares Aussehen und der stabile und feinporige Schaum korrespondiert mit einem reinen und frischen Duft. Malzaromatische Aromanoten stehen dabei im Vordergrund &#8211; Das Spezial Hell ist angenehm spritzig und \u00fcberzeugt durch einen vollen und runden Malzk\u00f6rper. Der weiche Geschmack ist gekennzeichnet von ausgewogenen s\u00fc\u00dfen und hopfenbitteren Nuancen &#8211; Im Abgang folgen ebenso weiche Malzaromen &#8211; ein klassisches Festbier altbayrischer Brauart (13,5 Gewichtsprozent Stammw\u00fcrze und 5,9 Volumenprozent Alkohol) &#8211; 5,9vol% &#8211; \u0080 3,10 Pfand<\/p>\n","protected":false},"excerpt":{"rendered":"<p>20\/0,50 &#8211; Das Andechser Spezial Hell mit 5,9vol%, bekannt als das &#8222;Festbier&#8220; aus dem Andechser Br\u00e4ust\u00fcberl, steht in leuchtend hellem Gold im Glas. Sein glanzklares Aussehen und der stabile und feinporige Schaum korrespondiert mit einem reinen und frischen Duft. Malzaromatische Aromanoten stehen dabei im Vordergrund &#8211; Das Spezial Hell ist angenehm spritzig und \u00fcberzeugt durch einen vollen und runden Malzk\u00f6rper. Der weiche Geschmack ist gekennzeichnet von ausgewogenen s\u00fc\u00dfen und hopfenbitteren Nuancen &#8211; Im Abgang folgen ebenso weiche Malzaromen &#8211; ein klassisches Festbier altbayrischer Brauart (13,5 Gewichtsprozent Stammw\u00fcrze und 5,9 Volumenprozent Alkohol) &#8211; 5,9vol% &#8211; \u0080 3,10 Pfand<\/p>\n","protected":false},"featured_media":4344,"comment_status":"open","ping_status":"closed","template":"","meta":[],"product_cat":[109],"product_tag":[],"yoast_head":"<!-- This site is optimized with the Yoast SEO plugin v19.14 - https:\/\/yoast.com\/wordpress\/plugins\/seo\/ -->\n<title>Andechs Spezial Hell - Getr\u00e4nke Schl\u00fcter Onlineshop<\/title>\n<meta name=\"robots\" content=\"noindex, follow, max-snippet:-1, max-image-preview:large, max-video-preview:-1\" \/>\n<meta property=\"og:locale\" content=\"de_DE\" \/>\n<meta property=\"og:type\" content=\"article\" \/>\n<meta property=\"og:title\" content=\"Andechs Spezial Hell - Getr\u00e4nke Schl\u00fcter Onlineshop\" \/>\n<meta property=\"og:description\" content=\"20\/0,50 - Das Andechser Spezial Hell mit 5,9vol%, bekannt als das &quot;Festbier&quot; aus dem Andechser Br\u00e4ust\u00fcberl, steht in leuchtend hellem Gold im Glas. Sein glanzklares Aussehen und der stabile und feinporige Schaum korrespondiert mit einem reinen und frischen Duft. Malzaromatische Aromanoten stehen dabei im Vordergrund - Das Spezial Hell ist angenehm spritzig und \u00fcberzeugt durch einen vollen und runden Malzk\u00f6rper. Der weiche Geschmack ist gekennzeichnet von ausgewogenen s\u00fc\u00dfen und hopfenbitteren Nuancen - Im Abgang folgen ebenso weiche Malzaromen - ein klassisches Festbier altbayrischer Brauart (13,5 Gewichtsprozent Stammw\u00fcrze und 5,9 Volumenprozent Alkohol) - 5,9vol% - \u0080 3,10 Pfand\" \/>\n<meta property=\"og:url\" content=\"https:\/\/shop.merolution.de\/index.php\/product\/andechs-spezial-hell\/\" \/>\n<meta property=\"og:site_name\" content=\"Getr\u00e4nke Schl\u00fcter Onlineshop\" \/>\n<meta property=\"og:image\" content=\"https:\/\/shop.merolution.de\/wp-content\/uploads\/2020\/05\/kasten-andechser-spezial-hell-foto-argum-falk-heller-dsc0584-1995-553c90bfd14-aid-206s.jpg\" \/>\n\t<meta property=\"og:image:width\" content=\"150\" \/>\n\t<meta property=\"og:image:height\" content=\"110\" \/>\n\t<meta property=\"og:image:type\" content=\"image\/jpeg\" \/>\n<meta name=\"twitter:card\" content=\"summary_large_image\" \/>\n<script type=\"application\/ld+json\" class=\"yoast-schema-graph\">{\"@context\":\"https:\/\/schema.org\",\"@graph\":[{\"@type\":\"WebPage\",\"@id\":\"https:\/\/shop.merolution.de\/index.php\/product\/andechs-spezial-hell\/\",\"url\":\"https:\/\/shop.merolution.de\/index.php\/product\/andechs-spezial-hell\/\",\"name\":\"Andechs Spezial Hell - Getr\u00e4nke Schl\u00fcter Onlineshop\",\"isPartOf\":{\"@id\":\"https:\/\/shop.merolution.de\/#website\"},\"datePublished\":\"2020-05-28T10:05:03+00:00\",\"dateModified\":\"2020-05-28T10:05:03+00:00\",\"breadcrumb\":{\"@id\":\"https:\/\/shop.merolution.de\/index.php\/product\/andechs-spezial-hell\/#breadcrumb\"},\"inLanguage\":\"de\",\"potentialAction\":[{\"@type\":\"ReadAction\",\"target\":[\"https:\/\/shop.merolution.de\/index.php\/product\/andechs-spezial-hell\/\"]}]},{\"@type\":\"BreadcrumbList\",\"@id\":\"https:\/\/shop.merolution.de\/index.php\/product\/andechs-spezial-hell\/#breadcrumb\",\"itemListElement\":[{\"@type\":\"ListItem\",\"position\":1,\"name\":\"Home\",\"item\":\"https:\/\/shop.merolution.de\/\"},{\"@type\":\"ListItem\",\"position\":2,\"name\":\"Shop\",\"item\":\"https:\/\/shop.merolution.de\/\"},{\"@type\":\"ListItem\",\"position\":3,\"name\":\"Andechs Spezial Hell\"}]},{\"@type\":\"WebSite\",\"@id\":\"https:\/\/shop.merolution.de\/#website\",\"url\":\"https:\/\/shop.merolution.de\/\",\"name\":\"Getr\u00e4nke Schl\u00fcter Onlineshop\",\"description\":\"Ihr Getr\u00e4nke-Partner in Hannover\",\"potentialAction\":[{\"@type\":\"SearchAction\",\"target\":{\"@type\":\"EntryPoint\",\"urlTemplate\":\"https:\/\/shop.merolution.de\/?s={search_term_string}\"},\"query-input\":\"required name=search_term_string\"}],\"inLanguage\":\"de\"}]}<\/script>\n<!-- \/ Yoast SEO plugin. -->","yoast_head_json":{"title":"Andechs Spezial Hell - Getr\u00e4nke Schl\u00fcter Onlineshop","robots":{"index":"noindex","follow":"follow","max-snippet":"max-snippet:-1","max-image-preview":"max-image-preview:large","max-video-preview":"max-video-preview:-1"},"og_locale":"de_DE","og_type":"article","og_title":"Andechs Spezial Hell - Getr\u00e4nke Schl\u00fcter Onlineshop","og_description":"20\/0,50 - Das Andechser Spezial Hell mit 5,9vol%, bekannt als das \"Festbier\" aus dem Andechser Br\u00e4ust\u00fcberl, steht in leuchtend hellem Gold im Glas. Sein glanzklares Aussehen und der stabile und feinporige Schaum korrespondiert mit einem reinen und frischen Duft. Malzaromatische Aromanoten stehen dabei im Vordergrund - Das Spezial Hell ist angenehm spritzig und \u00fcberzeugt durch einen vollen und runden Malzk\u00f6rper. Der weiche Geschmack ist gekennzeichnet von ausgewogenen s\u00fc\u00dfen und hopfenbitteren Nuancen - Im Abgang folgen ebenso weiche Malzaromen - ein klassisches Festbier altbayrischer Brauart (13,5 Gewichtsprozent Stammw\u00fcrze und 5,9 Volumenprozent Alkohol) - 5,9vol% - \u0080 3,10 Pfand","og_url":"https:\/\/shop.merolution.de\/index.php\/product\/andechs-spezial-hell\/","og_site_name":"Getr\u00e4nke Schl\u00fcter Onlineshop","og_image":[{"width":150,"height":110,"url":"https:\/\/shop.merolution.de\/wp-content\/uploads\/2020\/05\/kasten-andechser-spezial-hell-foto-argum-falk-heller-dsc0584-1995-553c90bfd14-aid-206s.jpg","type":"image\/jpeg"}],"twitter_card":"summary_large_image","schema":{"@context":"https:\/\/schema.org","@graph":[{"@type":"WebPage","@id":"https:\/\/shop.merolution.de\/index.php\/product\/andechs-spezial-hell\/","url":"https:\/\/shop.merolution.de\/index.php\/product\/andechs-spezial-hell\/","name":"Andechs Spezial Hell - Getr\u00e4nke Schl\u00fcter Onlineshop","isPartOf":{"@id":"https:\/\/shop.merolution.de\/#website"},"datePublished":"2020-05-28T10:05:03+00:00","dateModified":"2020-05-28T10:05:03+00:00","breadcrumb":{"@id":"https:\/\/shop.merolution.de\/index.php\/product\/andechs-spezial-hell\/#breadcrumb"},"inLanguage":"de","potentialAction":[{"@type":"ReadAction","target":["https:\/\/shop.merolution.de\/index.php\/product\/andechs-spezial-hell\/"]}]},{"@type":"BreadcrumbList","@id":"https:\/\/shop.merolution.de\/index.php\/product\/andechs-spezial-hell\/#breadcrumb","itemListElement":[{"@type":"ListItem","position":1,"name":"Home","item":"https:\/\/shop.merolution.de\/"},{"@type":"ListItem","position":2,"name":"Shop","item":"https:\/\/shop.merolution.de\/"},{"@type":"ListItem","position":3,"name":"Andechs Spezial Hell"}]},{"@type":"WebSite","@id":"https:\/\/shop.merolution.de\/#website","url":"https:\/\/shop.merolution.de\/","name":"Getr\u00e4nke Schl\u00fcter Onlineshop","description":"Ihr Getr\u00e4nke-Partner in Hannover","potentialAction":[{"@type":"SearchAction","target":{"@type":"EntryPoint","urlTemplate":"https:\/\/shop.merolution.de\/?s={search_term_string}"},"query-input":"required name=search_term_string"}],"inLanguage":"de"}]}},"_links":{"self":[{"href":"https:\/\/shop.merolution.de\/index.php\/wp-json\/wp\/v2\/product\/4343"}],"collection":[{"href":"https:\/\/shop.merolution.de\/index.php\/wp-json\/wp\/v2\/product"}],"about":[{"href":"https:\/\/shop.merolution.de\/index.php\/wp-json\/wp\/v2\/types\/product"}],"replies":[{"embeddable":true,"href":"https:\/\/shop.merolution.de\/index.php\/wp-json\/wp\/v2\/comments?post=4343"}],"wp:featuredmedia":[{"embeddable":true,"href":"https:\/\/shop.merolution.de\/index.php\/wp-json\/wp\/v2\/media\/4344"}],"wp:attachment":[{"href":"https:\/\/shop.merolution.de\/index.php\/wp-json\/wp\/v2\/media?parent=4343"}],"wp:term":[{"taxonomy":"product_cat","embeddable":true,"href":"https:\/\/shop.merolution.de\/index.php\/wp-json\/wp\/v2\/product_cat?post=4343"},{"taxonomy":"product_tag","embeddable":true,"href":"https:\/\/shop.merolution.de\/index.php\/wp-json\/wp\/v2\/product_tag?post=4343"}],"curies":[{"name":"wp","href":"https:\/\/api.w.org\/{rel}","templated":true}]}}