{"id":4373,"date":"2020-05-28T10:05:08","date_gmt":"2020-05-28T10:05:08","guid":{"rendered":"https:\/\/shop.merolution.de\/index.php\/product\/weltenburger-anno-1050-11er\/"},"modified":"2020-05-28T10:05:08","modified_gmt":"2020-05-28T10:05:08","slug":"weltenburger-anno-1050-11er","status":"publish","type":"product","link":"https:\/\/shop.merolution.de\/index.php\/product\/weltenburger-anno-1050-11er\/","title":{"rendered":"Weltenburger Anno 1050 11er"},"content":{"rendered":"<p>11\/0,50 &#8211; Das goldgelbe M\u00e4rzenbier, istein Juwel der bayerischen Braukunst und kombiniert den ausnehmend feinen Duft mit einer leichten, fruchtigen Geschmacksnote. Vollmundig und zugleich w\u00fcrzig wird das Malz vom Antrunk bis zum Abgang betont &#8211; Biertypunterg\u00e4rig, Spezialbier &#8211; HopfenHerkules, Perle, Tradition &#8211; Malzhelles Gerstenmalz, dunkles Gerstenmalz &#8211; Aromafruchtig, vollmundige Balance feiner Hopfenankl\u00e4nge und belebender Herbs\u00fc\u00dfe &#8211; Passt zukr\u00e4ftigem, reifen K\u00e4se. Braten, sowie Wildgefl\u00fcgel &#8211; Farbe &#8211; goldgelbSchaum &#8211; feinporig, kompaktMundgef\u00fchldicht, vollmundig w\u00fcrzig &#8211; Stammw\u00fcrze13,1% &#8211; 5,5vol% &#8211; \u0080 2,38 Pfand<\/p>\n","protected":false},"excerpt":{"rendered":"<p>11\/0,50 &#8211; Weltenburger Anno 1050 &#8211; urtypisches M\u00e4rzenbier aus der \u00e4ltesten Klosterbrauerei der Welt 5,5vol% &#8211; \u0080 2,38 Pfand<\/p>\n","protected":false},"featured_media":4374,"comment_status":"open","ping_status":"closed","template":"","meta":[],"product_cat":[109],"product_tag":[],"yoast_head":"<!-- This site is optimized with the Yoast SEO plugin v19.14 - https:\/\/yoast.com\/wordpress\/plugins\/seo\/ -->\n<title>Weltenburger Anno 1050 11er - Getr\u00e4nke Schl\u00fcter Onlineshop<\/title>\n<meta name=\"robots\" content=\"noindex, follow, max-snippet:-1, max-image-preview:large, max-video-preview:-1\" \/>\n<meta property=\"og:locale\" content=\"de_DE\" \/>\n<meta property=\"og:type\" content=\"article\" \/>\n<meta property=\"og:title\" content=\"Weltenburger Anno 1050 11er - Getr\u00e4nke Schl\u00fcter Onlineshop\" \/>\n<meta property=\"og:description\" content=\"11\/0,50 - Weltenburger Anno 1050 - urtypisches M\u00e4rzenbier aus der \u00e4ltesten Klosterbrauerei der Welt 5,5vol% - \u0080 2,38 Pfand\" \/>\n<meta property=\"og:url\" content=\"https:\/\/shop.merolution.de\/index.php\/product\/weltenburger-anno-1050-11er\/\" \/>\n<meta property=\"og:site_name\" content=\"Getr\u00e4nke Schl\u00fcter Onlineshop\" \/>\n<meta property=\"og:image\" content=\"https:\/\/shop.merolution.de\/wp-content\/uploads\/2020\/05\/11er-anno1050_0010-kl.jpg\" \/>\n\t<meta property=\"og:image:width\" content=\"150\" \/>\n\t<meta property=\"og:image:height\" content=\"136\" \/>\n\t<meta property=\"og:image:type\" content=\"image\/jpeg\" \/>\n<meta name=\"twitter:card\" content=\"summary_large_image\" \/>\n<script type=\"application\/ld+json\" class=\"yoast-schema-graph\">{\"@context\":\"https:\/\/schema.org\",\"@graph\":[{\"@type\":\"WebPage\",\"@id\":\"https:\/\/shop.merolution.de\/index.php\/product\/weltenburger-anno-1050-11er\/\",\"url\":\"https:\/\/shop.merolution.de\/index.php\/product\/weltenburger-anno-1050-11er\/\",\"name\":\"Weltenburger Anno 1050 11er - Getr\u00e4nke Schl\u00fcter Onlineshop\",\"isPartOf\":{\"@id\":\"https:\/\/shop.merolution.de\/#website\"},\"datePublished\":\"2020-05-28T10:05:08+00:00\",\"dateModified\":\"2020-05-28T10:05:08+00:00\",\"breadcrumb\":{\"@id\":\"https:\/\/shop.merolution.de\/index.php\/product\/weltenburger-anno-1050-11er\/#breadcrumb\"},\"inLanguage\":\"de\",\"potentialAction\":[{\"@type\":\"ReadAction\",\"target\":[\"https:\/\/shop.merolution.de\/index.php\/product\/weltenburger-anno-1050-11er\/\"]}]},{\"@type\":\"BreadcrumbList\",\"@id\":\"https:\/\/shop.merolution.de\/index.php\/product\/weltenburger-anno-1050-11er\/#breadcrumb\",\"itemListElement\":[{\"@type\":\"ListItem\",\"position\":1,\"name\":\"Home\",\"item\":\"https:\/\/shop.merolution.de\/\"},{\"@type\":\"ListItem\",\"position\":2,\"name\":\"Shop\",\"item\":\"https:\/\/shop.merolution.de\/\"},{\"@type\":\"ListItem\",\"position\":3,\"name\":\"Weltenburger Anno 1050 11er\"}]},{\"@type\":\"WebSite\",\"@id\":\"https:\/\/shop.merolution.de\/#website\",\"url\":\"https:\/\/shop.merolution.de\/\",\"name\":\"Getr\u00e4nke Schl\u00fcter Onlineshop\",\"description\":\"Ihr Getr\u00e4nke-Partner in Hannover\",\"potentialAction\":[{\"@type\":\"SearchAction\",\"target\":{\"@type\":\"EntryPoint\",\"urlTemplate\":\"https:\/\/shop.merolution.de\/?s={search_term_string}\"},\"query-input\":\"required name=search_term_string\"}],\"inLanguage\":\"de\"}]}<\/script>\n<!-- \/ Yoast SEO plugin. -->","yoast_head_json":{"title":"Weltenburger Anno 1050 11er - Getr\u00e4nke Schl\u00fcter Onlineshop","robots":{"index":"noindex","follow":"follow","max-snippet":"max-snippet:-1","max-image-preview":"max-image-preview:large","max-video-preview":"max-video-preview:-1"},"og_locale":"de_DE","og_type":"article","og_title":"Weltenburger Anno 1050 11er - Getr\u00e4nke Schl\u00fcter Onlineshop","og_description":"11\/0,50 - Weltenburger Anno 1050 - urtypisches M\u00e4rzenbier aus der \u00e4ltesten Klosterbrauerei der Welt 5,5vol% - \u0080 2,38 Pfand","og_url":"https:\/\/shop.merolution.de\/index.php\/product\/weltenburger-anno-1050-11er\/","og_site_name":"Getr\u00e4nke Schl\u00fcter Onlineshop","og_image":[{"width":150,"height":136,"url":"https:\/\/shop.merolution.de\/wp-content\/uploads\/2020\/05\/11er-anno1050_0010-kl.jpg","type":"image\/jpeg"}],"twitter_card":"summary_large_image","schema":{"@context":"https:\/\/schema.org","@graph":[{"@type":"WebPage","@id":"https:\/\/shop.merolution.de\/index.php\/product\/weltenburger-anno-1050-11er\/","url":"https:\/\/shop.merolution.de\/index.php\/product\/weltenburger-anno-1050-11er\/","name":"Weltenburger Anno 1050 11er - Getr\u00e4nke Schl\u00fcter Onlineshop","isPartOf":{"@id":"https:\/\/shop.merolution.de\/#website"},"datePublished":"2020-05-28T10:05:08+00:00","dateModified":"2020-05-28T10:05:08+00:00","breadcrumb":{"@id":"https:\/\/shop.merolution.de\/index.php\/product\/weltenburger-anno-1050-11er\/#breadcrumb"},"inLanguage":"de","potentialAction":[{"@type":"ReadAction","target":["https:\/\/shop.merolution.de\/index.php\/product\/weltenburger-anno-1050-11er\/"]}]},{"@type":"BreadcrumbList","@id":"https:\/\/shop.merolution.de\/index.php\/product\/weltenburger-anno-1050-11er\/#breadcrumb","itemListElement":[{"@type":"ListItem","position":1,"name":"Home","item":"https:\/\/shop.merolution.de\/"},{"@type":"ListItem","position":2,"name":"Shop","item":"https:\/\/shop.merolution.de\/"},{"@type":"ListItem","position":3,"name":"Weltenburger Anno 1050 11er"}]},{"@type":"WebSite","@id":"https:\/\/shop.merolution.de\/#website","url":"https:\/\/shop.merolution.de\/","name":"Getr\u00e4nke Schl\u00fcter Onlineshop","description":"Ihr Getr\u00e4nke-Partner in Hannover","potentialAction":[{"@type":"SearchAction","target":{"@type":"EntryPoint","urlTemplate":"https:\/\/shop.merolution.de\/?s={search_term_string}"},"query-input":"required name=search_term_string"}],"inLanguage":"de"}]}},"_links":{"self":[{"href":"https:\/\/shop.merolution.de\/index.php\/wp-json\/wp\/v2\/product\/4373"}],"collection":[{"href":"https:\/\/shop.merolution.de\/index.php\/wp-json\/wp\/v2\/product"}],"about":[{"href":"https:\/\/shop.merolution.de\/index.php\/wp-json\/wp\/v2\/types\/product"}],"replies":[{"embeddable":true,"href":"https:\/\/shop.merolution.de\/index.php\/wp-json\/wp\/v2\/comments?post=4373"}],"wp:featuredmedia":[{"embeddable":true,"href":"https:\/\/shop.merolution.de\/index.php\/wp-json\/wp\/v2\/media\/4374"}],"wp:attachment":[{"href":"https:\/\/shop.merolution.de\/index.php\/wp-json\/wp\/v2\/media?parent=4373"}],"wp:term":[{"taxonomy":"product_cat","embeddable":true,"href":"https:\/\/shop.merolution.de\/index.php\/wp-json\/wp\/v2\/product_cat?post=4373"},{"taxonomy":"product_tag","embeddable":true,"href":"https:\/\/shop.merolution.de\/index.php\/wp-json\/wp\/v2\/product_tag?post=4373"}],"curies":[{"name":"wp","href":"https:\/\/api.w.org\/{rel}","templated":true}]}}