{"id":4386,"date":"2020-05-28T10:05:10","date_gmt":"2020-05-28T10:05:10","guid":{"rendered":"https:\/\/shop.merolution.de\/index.php\/product\/stiegl-goldbraeu-bier\/"},"modified":"2020-05-28T10:05:10","modified_gmt":"2020-05-28T10:05:10","slug":"stiegl-goldbraeu-bier","status":"publish","type":"product","link":"https:\/\/shop.merolution.de\/index.php\/product\/stiegl-goldbraeu-bier\/","title":{"rendered":"Stiegl Goldbr\u00e4u Bier"},"content":{"rendered":"<p>20\/0,50 &#8211; Vollbier aus \u00d6sterreich mit 5,0vol% &#8211; Stiegl-Goldbr\u00e4u ist die traditionsreiche Bierspezialit\u00e4t aus Salzburg mit 12\u00b0 Stammw\u00fcrze und der charakteristischen goldgelben Farbe. Ein gehaltvolles, feinw\u00fcrziges Bier aus besten heimischen Zutaten. Herrlich frisch im Geschmack und sehr bek\u00f6mmlich &#8211; \u0080 4,50 Pfand &#8211; 4,9vol%<\/p>\n","protected":false},"excerpt":{"rendered":"<p>20\/0,50 &#8211; Vollbier aus \u00d6sterreich mit 5,0vol% &#8211; \u0080 4,50 Pfand &#8211; 4,9vol%<\/p>\n","protected":false},"featured_media":4387,"comment_status":"open","ping_status":"closed","template":"","meta":[],"product_cat":[109],"product_tag":[],"yoast_head":"<!-- This site is optimized with the Yoast SEO plugin v19.14 - https:\/\/yoast.com\/wordpress\/plugins\/seo\/ -->\n<title>Stiegl Goldbr\u00e4u Bier - Getr\u00e4nke Schl\u00fcter Onlineshop<\/title>\n<meta name=\"robots\" content=\"noindex, follow, max-snippet:-1, max-image-preview:large, max-video-preview:-1\" \/>\n<meta property=\"og:locale\" content=\"de_DE\" \/>\n<meta property=\"og:type\" content=\"article\" \/>\n<meta property=\"og:title\" content=\"Stiegl Goldbr\u00e4u Bier - Getr\u00e4nke Schl\u00fcter Onlineshop\" \/>\n<meta property=\"og:description\" content=\"20\/0,50 - Vollbier aus \u00d6sterreich mit 5,0vol% - \u0080 4,50 Pfand - 4,9vol%\" \/>\n<meta property=\"og:url\" content=\"https:\/\/shop.merolution.de\/index.php\/product\/stiegl-goldbraeu-bier\/\" \/>\n<meta property=\"og:site_name\" content=\"Getr\u00e4nke Schl\u00fcter Onlineshop\" \/>\n<meta property=\"og:image\" content=\"https:\/\/shop.merolution.de\/wp-content\/uploads\/2020\/05\/stiegl_goldbr-u_kiste539b64e69000d_720x600.jpg\" \/>\n\t<meta property=\"og:image:width\" content=\"150\" \/>\n\t<meta property=\"og:image:height\" content=\"173\" \/>\n\t<meta property=\"og:image:type\" content=\"image\/jpeg\" \/>\n<meta name=\"twitter:card\" content=\"summary_large_image\" \/>\n<script type=\"application\/ld+json\" class=\"yoast-schema-graph\">{\"@context\":\"https:\/\/schema.org\",\"@graph\":[{\"@type\":\"WebPage\",\"@id\":\"https:\/\/shop.merolution.de\/index.php\/product\/stiegl-goldbraeu-bier\/\",\"url\":\"https:\/\/shop.merolution.de\/index.php\/product\/stiegl-goldbraeu-bier\/\",\"name\":\"Stiegl Goldbr\u00e4u Bier - Getr\u00e4nke Schl\u00fcter Onlineshop\",\"isPartOf\":{\"@id\":\"https:\/\/shop.merolution.de\/#website\"},\"datePublished\":\"2020-05-28T10:05:10+00:00\",\"dateModified\":\"2020-05-28T10:05:10+00:00\",\"breadcrumb\":{\"@id\":\"https:\/\/shop.merolution.de\/index.php\/product\/stiegl-goldbraeu-bier\/#breadcrumb\"},\"inLanguage\":\"de\",\"potentialAction\":[{\"@type\":\"ReadAction\",\"target\":[\"https:\/\/shop.merolution.de\/index.php\/product\/stiegl-goldbraeu-bier\/\"]}]},{\"@type\":\"BreadcrumbList\",\"@id\":\"https:\/\/shop.merolution.de\/index.php\/product\/stiegl-goldbraeu-bier\/#breadcrumb\",\"itemListElement\":[{\"@type\":\"ListItem\",\"position\":1,\"name\":\"Home\",\"item\":\"https:\/\/shop.merolution.de\/\"},{\"@type\":\"ListItem\",\"position\":2,\"name\":\"Shop\",\"item\":\"https:\/\/shop.merolution.de\/\"},{\"@type\":\"ListItem\",\"position\":3,\"name\":\"Stiegl Goldbr\u00e4u Bier\"}]},{\"@type\":\"WebSite\",\"@id\":\"https:\/\/shop.merolution.de\/#website\",\"url\":\"https:\/\/shop.merolution.de\/\",\"name\":\"Getr\u00e4nke Schl\u00fcter Onlineshop\",\"description\":\"Ihr Getr\u00e4nke-Partner in Hannover\",\"potentialAction\":[{\"@type\":\"SearchAction\",\"target\":{\"@type\":\"EntryPoint\",\"urlTemplate\":\"https:\/\/shop.merolution.de\/?s={search_term_string}\"},\"query-input\":\"required name=search_term_string\"}],\"inLanguage\":\"de\"}]}<\/script>\n<!-- \/ Yoast SEO plugin. -->","yoast_head_json":{"title":"Stiegl Goldbr\u00e4u Bier - Getr\u00e4nke Schl\u00fcter Onlineshop","robots":{"index":"noindex","follow":"follow","max-snippet":"max-snippet:-1","max-image-preview":"max-image-preview:large","max-video-preview":"max-video-preview:-1"},"og_locale":"de_DE","og_type":"article","og_title":"Stiegl Goldbr\u00e4u Bier - Getr\u00e4nke Schl\u00fcter Onlineshop","og_description":"20\/0,50 - Vollbier aus \u00d6sterreich mit 5,0vol% - \u0080 4,50 Pfand - 4,9vol%","og_url":"https:\/\/shop.merolution.de\/index.php\/product\/stiegl-goldbraeu-bier\/","og_site_name":"Getr\u00e4nke Schl\u00fcter Onlineshop","og_image":[{"width":150,"height":173,"url":"https:\/\/shop.merolution.de\/wp-content\/uploads\/2020\/05\/stiegl_goldbr-u_kiste539b64e69000d_720x600.jpg","type":"image\/jpeg"}],"twitter_card":"summary_large_image","schema":{"@context":"https:\/\/schema.org","@graph":[{"@type":"WebPage","@id":"https:\/\/shop.merolution.de\/index.php\/product\/stiegl-goldbraeu-bier\/","url":"https:\/\/shop.merolution.de\/index.php\/product\/stiegl-goldbraeu-bier\/","name":"Stiegl Goldbr\u00e4u Bier - Getr\u00e4nke Schl\u00fcter Onlineshop","isPartOf":{"@id":"https:\/\/shop.merolution.de\/#website"},"datePublished":"2020-05-28T10:05:10+00:00","dateModified":"2020-05-28T10:05:10+00:00","breadcrumb":{"@id":"https:\/\/shop.merolution.de\/index.php\/product\/stiegl-goldbraeu-bier\/#breadcrumb"},"inLanguage":"de","potentialAction":[{"@type":"ReadAction","target":["https:\/\/shop.merolution.de\/index.php\/product\/stiegl-goldbraeu-bier\/"]}]},{"@type":"BreadcrumbList","@id":"https:\/\/shop.merolution.de\/index.php\/product\/stiegl-goldbraeu-bier\/#breadcrumb","itemListElement":[{"@type":"ListItem","position":1,"name":"Home","item":"https:\/\/shop.merolution.de\/"},{"@type":"ListItem","position":2,"name":"Shop","item":"https:\/\/shop.merolution.de\/"},{"@type":"ListItem","position":3,"name":"Stiegl Goldbr\u00e4u Bier"}]},{"@type":"WebSite","@id":"https:\/\/shop.merolution.de\/#website","url":"https:\/\/shop.merolution.de\/","name":"Getr\u00e4nke Schl\u00fcter Onlineshop","description":"Ihr Getr\u00e4nke-Partner in Hannover","potentialAction":[{"@type":"SearchAction","target":{"@type":"EntryPoint","urlTemplate":"https:\/\/shop.merolution.de\/?s={search_term_string}"},"query-input":"required name=search_term_string"}],"inLanguage":"de"}]}},"_links":{"self":[{"href":"https:\/\/shop.merolution.de\/index.php\/wp-json\/wp\/v2\/product\/4386"}],"collection":[{"href":"https:\/\/shop.merolution.de\/index.php\/wp-json\/wp\/v2\/product"}],"about":[{"href":"https:\/\/shop.merolution.de\/index.php\/wp-json\/wp\/v2\/types\/product"}],"replies":[{"embeddable":true,"href":"https:\/\/shop.merolution.de\/index.php\/wp-json\/wp\/v2\/comments?post=4386"}],"wp:featuredmedia":[{"embeddable":true,"href":"https:\/\/shop.merolution.de\/index.php\/wp-json\/wp\/v2\/media\/4387"}],"wp:attachment":[{"href":"https:\/\/shop.merolution.de\/index.php\/wp-json\/wp\/v2\/media?parent=4386"}],"wp:term":[{"taxonomy":"product_cat","embeddable":true,"href":"https:\/\/shop.merolution.de\/index.php\/wp-json\/wp\/v2\/product_cat?post=4386"},{"taxonomy":"product_tag","embeddable":true,"href":"https:\/\/shop.merolution.de\/index.php\/wp-json\/wp\/v2\/product_tag?post=4386"}],"curies":[{"name":"wp","href":"https:\/\/api.w.org\/{rel}","templated":true}]}}