{"id":4506,"date":"2020-05-28T10:05:29","date_gmt":"2020-05-28T10:05:29","guid":{"rendered":"https:\/\/shop.merolution.de\/index.php\/product\/schneider-blonde-helle-weisse-tap-1\/"},"modified":"2020-05-28T10:05:29","modified_gmt":"2020-05-28T10:05:29","slug":"schneider-blonde-helle-weisse-tap-1","status":"publish","type":"product","link":"https:\/\/shop.merolution.de\/index.php\/product\/schneider-blonde-helle-weisse-tap-1\/","title":{"rendered":"Schneider Blonde (helle) Weisse TAP-1"},"content":{"rendered":"<p>20\/0,50 &#8211; Helle Weisse (die Blonde) &#8211; Die helle Freude f\u00fcr die Sinne &#8211; Genie\u00dfen Sie beschwingt den Moment: \u0084Helle Weisse\u0093 \u0096 das helle Hefeweissbier mit dem urtypischen Schneider Weisse-Geschmack, vollmundig und intensiv. Seine milde Frische belebt und l\u00e4sst die Sinne tanzen. Perfekt zum Tagtr\u00e4umen an einem entspannten Sommernachmittag \u0096 so geht Lebenslust auf Bayrisch &#8211; offene G\u00e4rung, echte Flascheng\u00e4rung mit Hallertauer Tradition und Hallertauer Saphir Hopfen &#8211; nicht pasteurisiert &#8211; Pfand: \u0080 3,10<\/p>\n","protected":false},"excerpt":{"rendered":"<p>20\/0,50 &#8211; Schneider helle Weisse TAP 1 mit 5,2vol% &#8211; s\u00fcpffig und sahnig &#8211; Pfand \u0080 3,10<\/p>\n","protected":false},"featured_media":4507,"comment_status":"open","ping_status":"closed","template":"","meta":[],"product_cat":[111],"product_tag":[],"yoast_head":"<!-- This site is optimized with the Yoast SEO plugin v19.14 - https:\/\/yoast.com\/wordpress\/plugins\/seo\/ -->\n<title>Schneider Blonde (helle) Weisse TAP-1 - Getr\u00e4nke Schl\u00fcter Onlineshop<\/title>\n<meta name=\"robots\" content=\"noindex, follow, max-snippet:-1, max-image-preview:large, max-video-preview:-1\" \/>\n<meta property=\"og:locale\" content=\"de_DE\" \/>\n<meta property=\"og:type\" content=\"article\" \/>\n<meta property=\"og:title\" content=\"Schneider Blonde (helle) Weisse TAP-1 - Getr\u00e4nke Schl\u00fcter Onlineshop\" \/>\n<meta property=\"og:description\" content=\"20\/0,50 - Schneider helle Weisse TAP 1 mit 5,2vol% - s\u00fcpffig und sahnig - Pfand \u0080 3,10\" \/>\n<meta property=\"og:url\" content=\"https:\/\/shop.merolution.de\/index.php\/product\/schneider-blonde-helle-weisse-tap-1\/\" \/>\n<meta property=\"og:site_name\" content=\"Getr\u00e4nke Schl\u00fcter Onlineshop\" \/>\n<meta property=\"og:image\" content=\"https:\/\/shop.merolution.de\/wp-content\/uploads\/2020\/05\/schneider-helle-weisse-neu-2019.jpg\" \/>\n\t<meta property=\"og:image:width\" content=\"150\" \/>\n\t<meta property=\"og:image:height\" content=\"267\" \/>\n\t<meta property=\"og:image:type\" content=\"image\/jpeg\" \/>\n<meta name=\"twitter:card\" content=\"summary_large_image\" \/>\n<script type=\"application\/ld+json\" class=\"yoast-schema-graph\">{\"@context\":\"https:\/\/schema.org\",\"@graph\":[{\"@type\":\"WebPage\",\"@id\":\"https:\/\/shop.merolution.de\/index.php\/product\/schneider-blonde-helle-weisse-tap-1\/\",\"url\":\"https:\/\/shop.merolution.de\/index.php\/product\/schneider-blonde-helle-weisse-tap-1\/\",\"name\":\"Schneider Blonde (helle) Weisse TAP-1 - Getr\u00e4nke Schl\u00fcter Onlineshop\",\"isPartOf\":{\"@id\":\"https:\/\/shop.merolution.de\/#website\"},\"datePublished\":\"2020-05-28T10:05:29+00:00\",\"dateModified\":\"2020-05-28T10:05:29+00:00\",\"breadcrumb\":{\"@id\":\"https:\/\/shop.merolution.de\/index.php\/product\/schneider-blonde-helle-weisse-tap-1\/#breadcrumb\"},\"inLanguage\":\"de\",\"potentialAction\":[{\"@type\":\"ReadAction\",\"target\":[\"https:\/\/shop.merolution.de\/index.php\/product\/schneider-blonde-helle-weisse-tap-1\/\"]}]},{\"@type\":\"BreadcrumbList\",\"@id\":\"https:\/\/shop.merolution.de\/index.php\/product\/schneider-blonde-helle-weisse-tap-1\/#breadcrumb\",\"itemListElement\":[{\"@type\":\"ListItem\",\"position\":1,\"name\":\"Home\",\"item\":\"https:\/\/shop.merolution.de\/\"},{\"@type\":\"ListItem\",\"position\":2,\"name\":\"Shop\",\"item\":\"https:\/\/shop.merolution.de\/\"},{\"@type\":\"ListItem\",\"position\":3,\"name\":\"Schneider Blonde (helle) Weisse TAP-1\"}]},{\"@type\":\"WebSite\",\"@id\":\"https:\/\/shop.merolution.de\/#website\",\"url\":\"https:\/\/shop.merolution.de\/\",\"name\":\"Getr\u00e4nke Schl\u00fcter Onlineshop\",\"description\":\"Ihr Getr\u00e4nke-Partner in Hannover\",\"potentialAction\":[{\"@type\":\"SearchAction\",\"target\":{\"@type\":\"EntryPoint\",\"urlTemplate\":\"https:\/\/shop.merolution.de\/?s={search_term_string}\"},\"query-input\":\"required name=search_term_string\"}],\"inLanguage\":\"de\"}]}<\/script>\n<!-- \/ Yoast SEO plugin. -->","yoast_head_json":{"title":"Schneider Blonde (helle) Weisse TAP-1 - Getr\u00e4nke Schl\u00fcter Onlineshop","robots":{"index":"noindex","follow":"follow","max-snippet":"max-snippet:-1","max-image-preview":"max-image-preview:large","max-video-preview":"max-video-preview:-1"},"og_locale":"de_DE","og_type":"article","og_title":"Schneider Blonde (helle) Weisse TAP-1 - Getr\u00e4nke Schl\u00fcter Onlineshop","og_description":"20\/0,50 - Schneider helle Weisse TAP 1 mit 5,2vol% - s\u00fcpffig und sahnig - Pfand \u0080 3,10","og_url":"https:\/\/shop.merolution.de\/index.php\/product\/schneider-blonde-helle-weisse-tap-1\/","og_site_name":"Getr\u00e4nke Schl\u00fcter Onlineshop","og_image":[{"width":150,"height":267,"url":"https:\/\/shop.merolution.de\/wp-content\/uploads\/2020\/05\/schneider-helle-weisse-neu-2019.jpg","type":"image\/jpeg"}],"twitter_card":"summary_large_image","schema":{"@context":"https:\/\/schema.org","@graph":[{"@type":"WebPage","@id":"https:\/\/shop.merolution.de\/index.php\/product\/schneider-blonde-helle-weisse-tap-1\/","url":"https:\/\/shop.merolution.de\/index.php\/product\/schneider-blonde-helle-weisse-tap-1\/","name":"Schneider Blonde (helle) Weisse TAP-1 - Getr\u00e4nke Schl\u00fcter Onlineshop","isPartOf":{"@id":"https:\/\/shop.merolution.de\/#website"},"datePublished":"2020-05-28T10:05:29+00:00","dateModified":"2020-05-28T10:05:29+00:00","breadcrumb":{"@id":"https:\/\/shop.merolution.de\/index.php\/product\/schneider-blonde-helle-weisse-tap-1\/#breadcrumb"},"inLanguage":"de","potentialAction":[{"@type":"ReadAction","target":["https:\/\/shop.merolution.de\/index.php\/product\/schneider-blonde-helle-weisse-tap-1\/"]}]},{"@type":"BreadcrumbList","@id":"https:\/\/shop.merolution.de\/index.php\/product\/schneider-blonde-helle-weisse-tap-1\/#breadcrumb","itemListElement":[{"@type":"ListItem","position":1,"name":"Home","item":"https:\/\/shop.merolution.de\/"},{"@type":"ListItem","position":2,"name":"Shop","item":"https:\/\/shop.merolution.de\/"},{"@type":"ListItem","position":3,"name":"Schneider Blonde (helle) Weisse TAP-1"}]},{"@type":"WebSite","@id":"https:\/\/shop.merolution.de\/#website","url":"https:\/\/shop.merolution.de\/","name":"Getr\u00e4nke Schl\u00fcter Onlineshop","description":"Ihr Getr\u00e4nke-Partner in Hannover","potentialAction":[{"@type":"SearchAction","target":{"@type":"EntryPoint","urlTemplate":"https:\/\/shop.merolution.de\/?s={search_term_string}"},"query-input":"required name=search_term_string"}],"inLanguage":"de"}]}},"_links":{"self":[{"href":"https:\/\/shop.merolution.de\/index.php\/wp-json\/wp\/v2\/product\/4506"}],"collection":[{"href":"https:\/\/shop.merolution.de\/index.php\/wp-json\/wp\/v2\/product"}],"about":[{"href":"https:\/\/shop.merolution.de\/index.php\/wp-json\/wp\/v2\/types\/product"}],"replies":[{"embeddable":true,"href":"https:\/\/shop.merolution.de\/index.php\/wp-json\/wp\/v2\/comments?post=4506"}],"wp:featuredmedia":[{"embeddable":true,"href":"https:\/\/shop.merolution.de\/index.php\/wp-json\/wp\/v2\/media\/4507"}],"wp:attachment":[{"href":"https:\/\/shop.merolution.de\/index.php\/wp-json\/wp\/v2\/media?parent=4506"}],"wp:term":[{"taxonomy":"product_cat","embeddable":true,"href":"https:\/\/shop.merolution.de\/index.php\/wp-json\/wp\/v2\/product_cat?post=4506"},{"taxonomy":"product_tag","embeddable":true,"href":"https:\/\/shop.merolution.de\/index.php\/wp-json\/wp\/v2\/product_tag?post=4506"}],"curies":[{"name":"wp","href":"https:\/\/api.w.org\/{rel}","templated":true}]}}